{"id":7,"date":"2024-01-05T15:12:44","date_gmt":"2024-01-05T18:12:44","guid":{"rendered":"https:\/\/wwwdev.uninter.com\/semana-pedagogica\/?page_id=7"},"modified":"2025-01-21T17:32:38","modified_gmt":"2025-01-21T20:32:38","slug":"home","status":"publish","type":"page","link":"https:\/\/www.uninter.com\/semana-pedagogica\/","title":{"rendered":"Home"},"content":{"rendered":"\n<div class=\"wp-block-cover alignfull\" style=\"min-height:641px;aspect-ratio:unset;\"><span aria-hidden=\"true\" class=\"wp-block-cover__background has-ast-global-color-8-background-color has-background-dim-100 has-background-dim\"><\/span><img loading=\"lazy\" decoding=\"async\" width=\"1920\" height=\"1080\" class=\"wp-block-cover__image-background wp-image-121\" alt=\"\" src=\"http:\/\/wwwdev.uninter.com\/semana-pedagogica\/wp-content\/uploads\/2024\/01\/semana-pedagogica_bg2.jpg\" style=\"object-position:50% 50%\" data-object-fit=\"cover\" data-object-position=\"50% 50%\" srcset=\"https:\/\/www.uninter.com\/semana-pedagogica\/wp-content\/uploads\/2024\/01\/semana-pedagogica_bg2.jpg 1920w, https:\/\/www.uninter.com\/semana-pedagogica\/wp-content\/uploads\/2024\/01\/semana-pedagogica_bg2-300x169.jpg 300w, https:\/\/www.uninter.com\/semana-pedagogica\/wp-content\/uploads\/2024\/01\/semana-pedagogica_bg2-1024x576.jpg 1024w, https:\/\/www.uninter.com\/semana-pedagogica\/wp-content\/uploads\/2024\/01\/semana-pedagogica_bg2-768x432.jpg 768w, https:\/\/www.uninter.com\/semana-pedagogica\/wp-content\/uploads\/2024\/01\/semana-pedagogica_bg2-1536x864.jpg 1536w\" sizes=\"auto, (max-width: 1920px) 100vw, 1920px\" \/><div class=\"wp-block-cover__inner-container is-layout-flow wp-block-cover-is-layout-flow\">\n<div class=\"inherit-container-width wp-block-group alignwide is-layout-constrained wp-block-group-is-layout-constrained\">\n<div class=\"wp-block-columns is-layout-flex wp-container-core-columns-is-layout-1 wp-block-columns-is-layout-flex\">\n<div class=\"wp-block-column is-layout-flow wp-block-column-is-layout-flow\"><\/div>\n<\/div>\n<\/div>\n\n\n\n<figure class=\"wp-block-image aligncenter size-full css_banner_top\"><img loading=\"lazy\" decoding=\"async\" width=\"560\" height=\"549\" src=\"http:\/\/wwwdev.uninter.com\/semana-pedagogica\/wp-content\/uploads\/2025\/01\/VV-Semana-Pedagogica-2024.png\" alt=\"\" class=\"wp-image-227\" style=\"object-fit:cover\" srcset=\"https:\/\/www.uninter.com\/semana-pedagogica\/wp-content\/uploads\/2025\/01\/VV-Semana-Pedagogica-2024.png 560w, https:\/\/www.uninter.com\/semana-pedagogica\/wp-content\/uploads\/2025\/01\/VV-Semana-Pedagogica-2024-300x294.png 300w\" sizes=\"auto, (max-width: 560px) 100vw, 560px\" \/><\/figure>\n\n\n\n<p class=\"has-text-align-center\" style=\"margin-top:5%;margin-right:1em;margin-left:1em;font-size:1.2em\">Habilidades de an\u00e1lise, planejamento e adapta\u00e7\u00e3o, presentes no xadrez, ser\u00e3o o centro deste jogo.<br>Descubra como mentes em movimento podem desenvolver estrat\u00e9gias de ensino e pensamentos inovadores!<\/p>\n\n\n\n<div class=\"wp-block-buttons is-content-justification-center is-layout-flex wp-container-core-buttons-is-layout-1 wp-block-buttons-is-layout-flex\">\n<div class=\"wp-block-button has-custom-font-size is-style-fill has-medium-font-size\"><a class=\"wp-block-button__link has-black-color has-luminous-vivid-amber-background-color has-text-color has-background has-link-color wp-element-button\" href=\"#inscricao\" style=\"border-radius:50px\">INSCREVA-SE J\u00c1!<\/a><\/div>\n<\/div>\n<\/div><\/div>\n\n\n\n<h2 class=\"wp-block-heading has-text-align-center table-title\" id=\"programacao\" style=\"padding-top:var(--wp--preset--spacing--60);padding-bottom:var(--wp--preset--spacing--60);font-size:40px\">CONFIRA A PROGRAMA\u00c7\u00c3O<\/h2>\n\n\n\n<h3 class=\"wp-block-heading has-text-align-center table-date has-black-color has-text-color has-link-color wp-elements-1ce1ae1fc804627f427cc514c708f8c1\"><strong>27\/01\/2025<\/strong><br>Segunda-feira<br>Local &#8211; Restaurante Madalosso<\/h3>\n\n\n\n<figure class=\"wp-block-table is-style-regular\"><table class=\"has-black-color has-text-color has-link-color has-border-color has-black-border-color\" style=\"border-style:dotted;border-width:2px\"><tbody><tr><td>17h30<\/td><td><strong>Recep\u00e7\u00e3o dos Convidados &#8211; Welcome Coffe<\/strong><\/td><\/tr><tr><td>19h<\/td><td><strong>Abertura<\/strong><br><em><em>Marco Antonio Masoller Eleuterio \u2013 Diretor Executivo e Benhur Etelberto Gaio &#8211; Reitor<\/em><\/em><\/td><\/tr><tr><td>19h30<\/td><td><strong>Palestra Magna &#8211; &#8220;Mentes em Movimento<\/strong>&#8220;<br><em>Palestrante: Conrado Schlochauer<\/em><\/td><\/tr><tr><td>21h<\/td><td><strong>Encerramento<\/strong><br><em>Rodrigo Bert\u00e9 &#8211; PROGRAD e Francieli Castro &#8211; Escola de Polos e Forma\u00e7\u00e3o Permanente<\/em><\/td><\/tr><\/tbody><\/table><\/figure>\n\n\n\n<h3 class=\"wp-block-heading has-text-align-center table-date has-black-color has-text-color has-link-color wp-elements-85813bc5254fdab4988e1532cb0b24c8\"><strong>28\/01\/2025<\/strong><br>Ter\u00e7a-feira<br>Local &#8211; Audit\u00f3rio Garcez &#8211; Presencial, com transmiss\u00e3o no AVA Univirtus<\/h3>\n\n\n\n<figure class=\"wp-block-table\"><table class=\"has-black-color has-text-color has-link-color has-border-color has-black-border-color\" style=\"border-style:dotted;border-width:2px\"><tbody><tr><td>14h30<\/td><td><strong>Abertura<\/strong><br><em>Ant\u00f4nio Conte &#8211;\u00a0Diretor da ESP<\/em> e <em>D\u00e9bora Veneral &#8211; Diretora da ESGPPJS<\/em><\/td><\/tr><tr><td>14h40<\/td><td><strong><strong>Palestra \u201cEtiqueta Corporativa e Comunica\u00e7\u00e3o Efetiva\u201d<\/strong><\/strong><br><em><em>Palestrante: Thayse Leonardi<\/em><\/em><\/td><\/tr><tr><td>16h<\/td><td><strong>Encerramento<\/strong><br><em>Francieli Castro &#8211; Escola de Polos e Forma\u00e7\u00e3o Permanente<\/em><\/td><\/tr><tr><td>16h<\/td><td>REUNI\u00c3O DE EQUIPE DA ESEHL &#8211; ESCOLA SUPERIOR DE EDUCA\u00c7\u00c3O, HUMANIDADES E L\u00cdNGUAS <br><strong>Local &#8211; <strong>Audit\u00f3rio Garcez<\/strong><\/strong><\/td><\/tr><tr><td>17h<\/td><td>REUNI\u00c3O DE EQUIPE DA ESGPPJS &#8211; ESCOLA SUPERIOR DE GEST\u00c3O P\u00daBLICA, POL\u00cdTICA, JUR\u00cdDICA E SEGURAN\u00c7A<br><strong>Local &#8211;<\/strong> <strong>Sala 40 e 53 Garcez<\/strong><\/td><\/tr><\/tbody><\/table><\/figure>\n\n\n\n<h3 class=\"wp-block-heading has-text-align-center table-date has-black-color has-text-color\"><strong>29\/01\/2025<\/strong><br>Quarta-feira<br>Local &#8211; Audit\u00f3rio Garcez &#8211; Presencial, com transmiss\u00e3o no AVA Univirtus<\/h3>\n\n\n\n<figure class=\"wp-block-table\"><table class=\"has-black-color has-text-color has-link-color has-border-color has-black-border-color\" style=\"border-style:dotted;border-width:2px\"><tbody><tr><td>14h30<\/td><td><strong>Abertura<\/strong><br><em>Andr\u00e9 Corradini &#8211; Diretor da ESCAMA e Christiane Kaminski &#8211; Diretora da UNINTERTECH<\/em><\/td><\/tr><tr><td>14h40<\/td><td><strong><strong>Palestra &#8211; &#8220;Intencionalidade Pedag\u00f3gica: Media\u00e7\u00e3o da Aprendizagem e o Uso Consciente de Tecnologias Educacionais<\/strong>&#8221;\u00a0<\/strong><br><em><em>Palestrante: Luciana Rosenau<\/em><\/em><\/td><\/tr><tr><td>16h<\/td><td><strong>Encerramento<\/strong><br><em>Francieli Castro &#8211; Escola de Polos e Forma\u00e7\u00e3o Permanente<\/em><\/td><\/tr><tr><td>16h<\/td><td>REUNI\u00c3O DE EQUIPE DA ESSU &#8211; ESCOLA SUPERIOR DE SA\u00daDE \u00daNICA<br><strong>Local &#8211; <strong>Audit\u00f3rio Divina<\/strong><\/strong><\/td><\/tr><tr><td>17h<\/td><td>REUNI\u00c3O DE EQUIPE DA ESGCN &#8211; ESCOLA SUPERIOR DE GEST\u00c3O, COMUNICA\u00c7\u00c3O E NEG\u00d3CIOS<br><strong>Local &#8211; <strong>Audit\u00f3rio Garcez<\/strong><\/strong><\/td><\/tr><\/tbody><\/table><\/figure>\n\n\n\n<h3 class=\"wp-block-heading has-text-align-center table-date has-black-color has-text-color\"><strong>30\/01\/2025<\/strong><br>Quinta-feira<br>Local &#8211; Audit\u00f3rio Garcez &#8211; Presencial, com transmiss\u00e3o no AVA Univirtus<\/h3>\n\n\n\n<figure class=\"wp-block-table\"><table class=\"has-black-color has-text-color has-link-color has-border-color has-black-border-color\" style=\"border-style:dotted;border-width:2px\"><tbody><tr><td>14h30<\/td><td><strong>Abertura<\/strong><br><em>Cristiano Cavei\u00e3o &#8211; Diretor da ESSU<\/em> e <em>Dinamara Machado &#8211; Diretora da Escola ESEHL \u00a0<\/em><\/td><\/tr><tr><td>14h40<\/td><td><strong>Palestra \u201cA Era da Aten\u00e7\u00e3o Sequestrada\u201d<\/strong><br><em><em>Palestrante: Elton Schneider<\/em><\/em><\/td><\/tr><tr><td>16h<\/td><td><strong>Encerramento<\/strong><br><em>Francieli Castro &#8211; Escola de Polos e Forma\u00e7\u00e3o Permanente<\/em><\/td><\/tr><tr><td>16h30<\/td><td>REUNI\u00c3O DE EQUIPE DA ESCAMA &#8211; ESCOLA SUPERIOR DE CI\u00caNCIAS AGR\u00c1RIAS E MEIO AMBIENTE<br><strong>Local &#8211; Sala 56 Garcez<\/strong><\/td><\/tr><tr><td>17h<\/td><td>REUNI\u00c3O DE EQUIPE DA UNINTERTECH &#8211; ESCOLA DE FORMA\u00c7\u00c3O T\u00c9CNICA E PROFISSIONAL DO UNINTER<br><strong>Local &#8211; <strong>Sala 53 Garcez<\/strong><\/strong><\/td><\/tr><\/tbody><\/table><\/figure>\n\n\n\n<h3 class=\"wp-block-heading has-text-align-center table-date has-black-color has-text-color\"><strong>05\/02\/2025<\/strong><br>Quarta-feira<\/h3>\n\n\n\n<p class=\"has-text-align-center table-local has-black-color has-text-color has-link-color wp-elements-25d39a2176d3c98c368e99942b792b29\"><\/p>\n\n\n\n<figure class=\"wp-block-table\"><table class=\"has-black-color has-text-color has-link-color has-border-color has-black-border-color\" style=\"border-style:dotted;border-width:2px\"><tbody><tr><td>14h<\/td><td>REUNI\u00c3O DE EQUIPE DA ESP &#8211; ESCOLA SUPERIOR POLIT\u00c9CNICA<br>Local:<strong> <strong><strong>Audit\u00f3rio Garcez<\/strong><\/strong><\/strong><\/td><\/tr><\/tbody><\/table><\/figure>\n\n\n\n<p><\/p>\n\n\n\n<h2 class=\"wp-block-heading has-text-align-center table-title has-black-color has-text-color has-link-color wp-elements-a641351c86cdd692a6d595316fedd0c6\" id=\"inscricao\" style=\"font-size:40px\">INSCREVA-SE PARA AS PALESTRAS!<br><\/h2>\n\n\n\n<p class=\"has-text-align-center has-black-color has-text-color has-link-color wp-elements-0f9f51f81018f78abadcbdcf946156a7\">As inscri\u00e7\u00f5es s\u00e3o destinadas somente para quem deseja acompanhar as palestras de forma presencial.<br>Para garantir a sua vaga \u00e9 f\u00e1cil, basta inscrever-se no dia de interesse, ou em todos os dias.<br><br>Caso voc\u00ea n\u00e3o consiga estar conosco, n\u00e3o se preocupe!<br>Com exce\u00e7\u00e3o do dia 27\/01 e das reuni\u00f5es das Escolas, voc\u00ea poder\u00e1 acompanhar as demais atividades ao vivo, no seu AVA Univirtus.<br><br><br><\/p>\n\n\n\n<p><\/p>\n\n\n\n<p><\/p>\n\n\n\n<div class=\"wp-block-buttons is-content-justification-center is-layout-flex wp-container-core-buttons-is-layout-2 wp-block-buttons-is-layout-flex\">\n<div class=\"wp-block-button is-style-fill\"><a class=\"wp-block-button__link has-border-color has-black-border-color has-text-align-center wp-element-button\" href=\"https:\/\/forms.office.com\/r\/KHZw2VQBF5\" style=\"border-width:2px;border-radius:0px\" target=\"_blank\" rel=\"noreferrer noopener\">Inscri\u00e7\u00e3o &#8211; 27 de janeiro de 2024<\/a><\/div>\n\n\n\n<div class=\"wp-block-button is-style-fill\"><a class=\"wp-block-button__link has-border-color has-black-border-color has-text-align-center wp-element-button\" href=\"https:\/\/forms.office.com\/r\/HpRx5k7U0C\" style=\"border-width:2px;border-radius:0px\" target=\"_blank\" rel=\"noreferrer noopener\">Inscri\u00e7\u00e3o &#8211; 28 de janeiro de 2025<\/a><\/div>\n\n\n\n<div class=\"wp-block-button\"><a class=\"wp-block-button__link has-border-color has-black-border-color has-text-align-center wp-element-button\" href=\"https:\/\/forms.office.com\/r\/akDfaeDGH0\" style=\"border-width:2px;border-radius:0px\" target=\"_blank\" rel=\"noreferrer noopener\">Inscri\u00e7\u00e3o &#8211; 29 de janeiro de 2025<\/a><\/div>\n\n\n\n<div class=\"wp-block-button\"><a class=\"wp-block-button__link has-border-color has-black-border-color has-text-align-center wp-element-button\" href=\"https:\/\/forms.office.com\/r\/8J3DEGt353\" style=\"border-width:2px;border-radius:0px\" target=\"_blank\" rel=\"noreferrer noopener\">Inscri\u00e7\u00e3o &#8211; 30 de janeiro de 2025<\/a><\/div>\n<\/div>\n\n\n\n<p><\/p>\n\n\n\n<p><\/p>\n\n\n\n<p><\/p>\n","protected":false},"excerpt":{"rendered":"<p>CONFIRA A PROGRAMA\u00c7\u00c3O 27\/01\/2025Segunda-feiraLocal &#8211; Restaurante Madalosso 17h30 Recep\u00e7\u00e3o dos Convidados &#8211; Welcome Coffe 19h AberturaMarco Antonio Masoller Eleuterio \u2013 [&hellip;]<\/p>\n","protected":false},"author":1,"featured_media":0,"parent":0,"menu_order":0,"comment_status":"closed","ping_status":"closed","template":"","meta":{"site-sidebar-layout":"no-sidebar","site-content-layout":"plain-container","ast-site-content-layout":"","site-content-style":"default","site-sidebar-style":"default","ast-global-header-display":"","ast-banner-title-visibility":"","ast-main-header-display":"","ast-hfb-above-header-display":"","ast-hfb-below-header-display":"","ast-hfb-mobile-header-display":"","site-post-title":"disabled","ast-breadcrumbs-content":"","ast-featured-img":"","footer-sml-layout":"","theme-transparent-header-meta":"enabled","adv-header-id-meta":"","stick-header-meta":"","header-above-stick-meta":"","header-main-stick-meta":"","header-below-stick-meta":"","astra-migrate-meta-layouts":"default","ast-page-background-enabled":"default","ast-page-background-meta":{"desktop":{"background-color":"var(--ast-global-color-4)","background-image":"","background-repeat":"repeat","background-position":"center center","background-size":"auto","background-attachment":"scroll","background-type":"","background-media":"","overlay-type":"","overlay-color":"","overlay-gradient":""},"tablet":{"background-color":"","background-image":"","background-repeat":"repeat","background-position":"center center","background-size":"auto","background-attachment":"scroll","background-type":"","background-media":"","overlay-type":"","overlay-color":"","overlay-gradient":""},"mobile":{"background-color":"","background-image":"","background-repeat":"repeat","background-position":"center center","background-size":"auto","background-attachment":"scroll","background-type":"","background-media":"","overlay-type":"","overlay-color":"","overlay-gradient":""}},"ast-content-background-meta":{"desktop":{"background-color":"var(--ast-global-color-5)","background-image":"","background-repeat":"repeat","background-position":"center center","background-size":"auto","background-attachment":"scroll","background-type":"","background-media":"","overlay-type":"","overlay-color":"","overlay-gradient":""},"tablet":{"background-color":"var(--ast-global-color-5)","background-image":"","background-repeat":"repeat","background-position":"center center","background-size":"auto","background-attachment":"scroll","background-type":"","background-media":"","overlay-type":"","overlay-color":"","overlay-gradient":""},"mobile":{"background-color":"var(--ast-global-color-5)","background-image":"","background-repeat":"repeat","background-position":"center center","background-size":"auto","background-attachment":"scroll","background-type":"","background-media":"","overlay-type":"","overlay-color":"","overlay-gradient":""}},"footnotes":""},"class_list":["post-7","page","type-page","status-publish","hentry"],"_links":{"self":[{"href":"https:\/\/www.uninter.com\/semana-pedagogica\/wp-json\/wp\/v2\/pages\/7","targetHints":{"allow":["GET"]}}],"collection":[{"href":"https:\/\/www.uninter.com\/semana-pedagogica\/wp-json\/wp\/v2\/pages"}],"about":[{"href":"https:\/\/www.uninter.com\/semana-pedagogica\/wp-json\/wp\/v2\/types\/page"}],"author":[{"embeddable":true,"href":"https:\/\/www.uninter.com\/semana-pedagogica\/wp-json\/wp\/v2\/users\/1"}],"replies":[{"embeddable":true,"href":"https:\/\/www.uninter.com\/semana-pedagogica\/wp-json\/wp\/v2\/comments?post=7"}],"version-history":[{"count":247,"href":"https:\/\/www.uninter.com\/semana-pedagogica\/wp-json\/wp\/v2\/pages\/7\/revisions"}],"predecessor-version":[{"id":419,"href":"https:\/\/www.uninter.com\/semana-pedagogica\/wp-json\/wp\/v2\/pages\/7\/revisions\/419"}],"wp:attachment":[{"href":"https:\/\/www.uninter.com\/semana-pedagogica\/wp-json\/wp\/v2\/media?parent=7"}],"curies":[{"name":"wp","href":"https:\/\/api.w.org\/{rel}","templated":true}]}}