{"id":76,"date":"2021-02-05T10:18:32","date_gmt":"2021-02-05T13:18:32","guid":{"rendered":"https:\/\/www.uninter.com\/portaldoegresso\/?page_id=76"},"modified":"2025-08-26T16:22:52","modified_gmt":"2025-08-26T19:22:52","slug":"central-de-empregos-e-carreiras","status":"publish","type":"page","link":"https:\/\/www.uninter.com\/portaldoegresso\/central-de-empregos-e-carreiras\/","title":{"rendered":"Central de Empregos e Carreiras"},"content":{"rendered":"\n<p>\ud83d\udcbc <strong>Conectando Voc\u00ea ao Mercado de Trabalho: Conhe\u00e7a a Central de Carreiras Uninter!<\/strong><\/p>\n\n\n\n<p>Na <strong>Central de Carreiras Uninter<\/strong>, temos um compromisso claro: apoiar voc\u00ea, aluno ou egresso, a trilhar um caminho profissional de sucesso! Aqui, voc\u00ea encontra orienta\u00e7\u00e3o, desenvolvimento de habilidades e suporte para planejar, construir e gerenciar sua pr\u00f3pria carreira.<\/p>\n\n\n\n<p>Sabemos que encarar o mercado de trabalho nem sempre \u00e9 f\u00e1cil, e \u00e9 por isso que estamos ao seu lado para desenvolver suas compet\u00eancias t\u00e9cnicas e comportamentais, ampliando suas chances de conquistar uma vaga de est\u00e1gio remunerado ou uma vaga efetiva.<\/p>\n\n\n\n<p><strong>Plataforma de Empregabilidade: Oportunidades na Palma da Sua M\u00e3o<\/strong>.<\/p>\n\n\n\n<p>Pensando no seu desenvolvimento, disponibilizamos uma <strong>plataforma de empregabilidade 100% digital, gratuita e f\u00e1cil de usar<\/strong>, onde voc\u00ea pode:<\/p>\n\n\n\n<p>\u2714\ufe0f <strong>Cadastrar seu curr\u00edculo<\/strong> e deix\u00e1-lo vis\u00edvel para empresas parceiras.<br>\u2714\ufe0f <strong>Buscar e se candidatar<\/strong> a vagas de est\u00e1gio e emprego em todo o Brasil.<br>\u2714\ufe0f Ter acesso a <strong>orienta\u00e7\u00e3o profissional<\/strong>, com dicas valiosas sobre elabora\u00e7\u00e3o de curr\u00edculo, entrevistas e desenvolvimento de soft skills.<br>\u2714\ufe0f Contar com <strong>atendimento personalizado<\/strong>, seja voc\u00ea aluno, egresso, empresa parceira ou polo de apoio presencial Uninter.<\/p>\n\n\n\n<p>E tem mais! A Central de Carreiras tamb\u00e9m incentiva empresas a divulgarem suas vagas gratuitamente, criando uma ponte real entre talentos e oportunidades.<\/p>\n\n\n\n<p><strong>Quem pode participar?<\/strong><\/p>\n\n\n\n<ul><li>\ud83e\uddd1\u200d\ud83c\udf93 <strong>Alunos<\/strong> de gradua\u00e7\u00e3o, p\u00f3s-gradua\u00e7\u00e3o (lato e stricto sensu) e EJA, em qualquer modalidade: presencial, semipresencial, telepresencial ou a dist\u00e2ncia.<\/li><li>\ud83c\udf93 <strong>Egressos<\/strong> que j\u00e1 conclu\u00edram seus cursos na Uninter.<\/li><\/ul>\n\n\n\n<p><strong>Como acessar?<\/strong><\/p>\n\n\n\n<p>\u00c9 muito simples! Basta acessar \ud83d\udc49 <a href=\"https:\/\/centraldecarreiras.uninter.com\">centraldecarreiras.uninter.com<\/a><br>Fa\u00e7a login com seu RU e senha do Portal do Aluno (Univirtus) e comece agora mesmo a explorar as oportunidades.<\/p>\n\n\n\n<p>\u27a1\ufe0f <strong>\u00c9 empresa? A Uninter ajuda voc\u00ea a encontrar os profissionais ideais<\/strong>!<\/p>\n\n\n\n<p>A Uninter tamb\u00e9m conecta voc\u00ea aos profissionais ideais! Cadastre-se gratuitamente, divulgue suas vagas e encontre talentos preparados para crescer junto com o seu time.<\/p>\n\n\n\n<p><strong>Fale com a gente!<\/strong><\/p>\n\n\n\n<p>Se surgir alguma d\u00favida, conte com nosso suporte. \u00c9 s\u00f3 enviar um e-mail para:<br>\ud83d\udce7 <strong>centraldecarreiras@uninter.com<\/strong><\/p>\n\n\n\n<p>Nos acompanhe tamb\u00e9m nas redes sociais e fique por dentro de vagas, eventos e dicas para sua carreira:<br>\ud83d\udcf1 <strong><a href=\"https:\/\/www.instagram.com\/centraldecarreirasuninter\/\">Instagram<\/a> | <a href=\"https:\/\/www.facebook.com\/centraldecarreirasuninter\/\">Facebook<\/a> | <a href=\"https:\/\/www.linkedin.com\/showcase\/central-de-carreiras-uninter\/\">LinkedIn<\/a><\/strong><\/p>\n","protected":false},"excerpt":{"rendered":"<p>\ud83d\udcbc Conectando Voc\u00ea ao Mercado de Trabalho: Conhe\u00e7a a Central de Carreiras Uninter! Na Central de Carreiras Uninter, temos um compromisso claro: apoiar voc\u00ea, aluno ou egresso, a trilhar um caminho profissional de sucesso! Aqui, voc\u00ea encontra orienta\u00e7\u00e3o, desenvolvimento de habilidades e suporte para planejar, construir e gerenciar sua pr\u00f3pria carreira. Sabemos que encarar o &hellip; <\/p>\n","protected":false},"author":1,"featured_media":0,"parent":0,"menu_order":0,"comment_status":"closed","ping_status":"closed","template":"","meta":[],"yoast_head":"<!-- This site is optimized with the Yoast SEO plugin v19.0 - https:\/\/yoast.com\/wordpress\/plugins\/seo\/ -->\n<title>Central de Empregos e Carreiras \u2013 Portal do Egresso Uninter<\/title>\n<meta name=\"description\" content=\"A Central de Empregos e Carreiras da Uninter almeja proporcionar condi\u00e7\u00f5es aos seus alunos de planejarem e gerenciarem suas carreiras profissionais. Confira!\" \/>\n<meta name=\"robots\" content=\"index, follow, max-snippet:-1, max-image-preview:large, max-video-preview:-1\" \/>\n<link rel=\"canonical\" href=\"https:\/\/www.uninter.com\/portaldoegresso\/central-de-empregos-e-carreiras\/\" \/>\n<meta property=\"og:locale\" content=\"pt_BR\" \/>\n<meta property=\"og:type\" content=\"article\" \/>\n<meta property=\"og:title\" content=\"Central de Empregos e Carreiras \u2013 Portal do Egresso Uninter\" \/>\n<meta property=\"og:description\" content=\"A Central de Empregos e Carreiras da Uninter almeja proporcionar condi\u00e7\u00f5es aos seus alunos de planejarem e gerenciarem suas carreiras profissionais. Confira!\" \/>\n<meta property=\"og:url\" content=\"https:\/\/www.uninter.com\/portaldoegresso\/central-de-empregos-e-carreiras\/\" \/>\n<meta property=\"og:site_name\" content=\"Portal do Egresso\" \/>\n<meta property=\"article:modified_time\" content=\"2025-08-26T19:22:52+00:00\" \/>\n<meta name=\"twitter:card\" content=\"summary_large_image\" \/>\n<meta name=\"twitter:label1\" content=\"Est. tempo de leitura\" \/>\n\t<meta name=\"twitter:data1\" content=\"2 minutos\" \/>\n<script type=\"application\/ld+json\" class=\"yoast-schema-graph\">{\"@context\":\"https:\/\/schema.org\",\"@graph\":[{\"@type\":\"WebSite\",\"@id\":\"https:\/\/www.uninter.com\/portaldoegresso\/#website\",\"url\":\"https:\/\/www.uninter.com\/portaldoegresso\/\",\"name\":\"Portal do Egresso\",\"description\":\"\",\"potentialAction\":[{\"@type\":\"SearchAction\",\"target\":{\"@type\":\"EntryPoint\",\"urlTemplate\":\"https:\/\/www.uninter.com\/portaldoegresso\/?s={search_term_string}\"},\"query-input\":\"required name=search_term_string\"}],\"inLanguage\":\"pt-BR\"},{\"@type\":\"WebPage\",\"@id\":\"https:\/\/www.uninter.com\/portaldoegresso\/central-de-empregos-e-carreiras\/#webpage\",\"url\":\"https:\/\/www.uninter.com\/portaldoegresso\/central-de-empregos-e-carreiras\/\",\"name\":\"Central de Empregos e Carreiras \u2013 Portal do Egresso Uninter\",\"isPartOf\":{\"@id\":\"https:\/\/www.uninter.com\/portaldoegresso\/#website\"},\"datePublished\":\"2021-02-05T13:18:32+00:00\",\"dateModified\":\"2025-08-26T19:22:52+00:00\",\"description\":\"A Central de Empregos e Carreiras da Uninter almeja proporcionar condi\u00e7\u00f5es aos seus alunos de planejarem e gerenciarem suas carreiras profissionais. Confira!\",\"breadcrumb\":{\"@id\":\"https:\/\/www.uninter.com\/portaldoegresso\/central-de-empregos-e-carreiras\/#breadcrumb\"},\"inLanguage\":\"pt-BR\",\"potentialAction\":[{\"@type\":\"ReadAction\",\"target\":[\"https:\/\/www.uninter.com\/portaldoegresso\/central-de-empregos-e-carreiras\/\"]}]},{\"@type\":\"BreadcrumbList\",\"@id\":\"https:\/\/www.uninter.com\/portaldoegresso\/central-de-empregos-e-carreiras\/#breadcrumb\",\"itemListElement\":[{\"@type\":\"ListItem\",\"position\":1,\"name\":\"In\u00edcio\",\"item\":\"https:\/\/www.uninter.com\/portaldoegresso\/\"},{\"@type\":\"ListItem\",\"position\":2,\"name\":\"Central de Empregos e Carreiras\"}]}]}<\/script>\n<!-- \/ Yoast SEO plugin. -->","yoast_head_json":{"title":"Central de Empregos e Carreiras \u2013 Portal do Egresso Uninter","description":"A Central de Empregos e Carreiras da Uninter almeja proporcionar condi\u00e7\u00f5es aos seus alunos de planejarem e gerenciarem suas carreiras profissionais. Confira!","robots":{"index":"index","follow":"follow","max-snippet":"max-snippet:-1","max-image-preview":"max-image-preview:large","max-video-preview":"max-video-preview:-1"},"canonical":"https:\/\/www.uninter.com\/portaldoegresso\/central-de-empregos-e-carreiras\/","og_locale":"pt_BR","og_type":"article","og_title":"Central de Empregos e Carreiras \u2013 Portal do Egresso Uninter","og_description":"A Central de Empregos e Carreiras da Uninter almeja proporcionar condi\u00e7\u00f5es aos seus alunos de planejarem e gerenciarem suas carreiras profissionais. Confira!","og_url":"https:\/\/www.uninter.com\/portaldoegresso\/central-de-empregos-e-carreiras\/","og_site_name":"Portal do Egresso","article_modified_time":"2025-08-26T19:22:52+00:00","twitter_card":"summary_large_image","twitter_misc":{"Est. tempo de leitura":"2 minutos"},"schema":{"@context":"https:\/\/schema.org","@graph":[{"@type":"WebSite","@id":"https:\/\/www.uninter.com\/portaldoegresso\/#website","url":"https:\/\/www.uninter.com\/portaldoegresso\/","name":"Portal do Egresso","description":"","potentialAction":[{"@type":"SearchAction","target":{"@type":"EntryPoint","urlTemplate":"https:\/\/www.uninter.com\/portaldoegresso\/?s={search_term_string}"},"query-input":"required name=search_term_string"}],"inLanguage":"pt-BR"},{"@type":"WebPage","@id":"https:\/\/www.uninter.com\/portaldoegresso\/central-de-empregos-e-carreiras\/#webpage","url":"https:\/\/www.uninter.com\/portaldoegresso\/central-de-empregos-e-carreiras\/","name":"Central de Empregos e Carreiras \u2013 Portal do Egresso Uninter","isPartOf":{"@id":"https:\/\/www.uninter.com\/portaldoegresso\/#website"},"datePublished":"2021-02-05T13:18:32+00:00","dateModified":"2025-08-26T19:22:52+00:00","description":"A Central de Empregos e Carreiras da Uninter almeja proporcionar condi\u00e7\u00f5es aos seus alunos de planejarem e gerenciarem suas carreiras profissionais. Confira!","breadcrumb":{"@id":"https:\/\/www.uninter.com\/portaldoegresso\/central-de-empregos-e-carreiras\/#breadcrumb"},"inLanguage":"pt-BR","potentialAction":[{"@type":"ReadAction","target":["https:\/\/www.uninter.com\/portaldoegresso\/central-de-empregos-e-carreiras\/"]}]},{"@type":"BreadcrumbList","@id":"https:\/\/www.uninter.com\/portaldoegresso\/central-de-empregos-e-carreiras\/#breadcrumb","itemListElement":[{"@type":"ListItem","position":1,"name":"In\u00edcio","item":"https:\/\/www.uninter.com\/portaldoegresso\/"},{"@type":"ListItem","position":2,"name":"Central de Empregos e Carreiras"}]}]}},"_links":{"self":[{"href":"https:\/\/www.uninter.com\/portaldoegresso\/wp-json\/wp\/v2\/pages\/76"}],"collection":[{"href":"https:\/\/www.uninter.com\/portaldoegresso\/wp-json\/wp\/v2\/pages"}],"about":[{"href":"https:\/\/www.uninter.com\/portaldoegresso\/wp-json\/wp\/v2\/types\/page"}],"author":[{"embeddable":true,"href":"https:\/\/www.uninter.com\/portaldoegresso\/wp-json\/wp\/v2\/users\/1"}],"replies":[{"embeddable":true,"href":"https:\/\/www.uninter.com\/portaldoegresso\/wp-json\/wp\/v2\/comments?post=76"}],"version-history":[{"count":10,"href":"https:\/\/www.uninter.com\/portaldoegresso\/wp-json\/wp\/v2\/pages\/76\/revisions"}],"predecessor-version":[{"id":71781,"href":"https:\/\/www.uninter.com\/portaldoegresso\/wp-json\/wp\/v2\/pages\/76\/revisions\/71781"}],"wp:attachment":[{"href":"https:\/\/www.uninter.com\/portaldoegresso\/wp-json\/wp\/v2\/media?parent=76"}],"curies":[{"name":"wp","href":"https:\/\/api.w.org\/{rel}","templated":true}]}}

<p>💼 <strong>Conectando Você ao Mercado de Trabalho: Conheça a Central de Carreiras Uninter!</strong></p>



<p>Na <strong>Central de Carreiras Uninter</strong>, temos um compromisso claro: apoiar você, aluno ou egresso, a trilhar um caminho profissional de sucesso! Aqui, você encontra orientação, desenvolvimento de habilidades e suporte para planejar, construir e gerenciar sua própria carreira.</p>



<p>Sabemos que encarar o mercado de trabalho nem sempre é fácil, e é por isso que estamos ao seu lado para desenvolver suas competências técnicas e comportamentais, ampliando suas chances de conquistar uma vaga de estágio remunerado ou uma vaga efetiva.</p>



<p><strong>Plataforma de Empregabilidade: Oportunidades na Palma da Sua Mão</strong>.</p>



<p>Pensando no seu desenvolvimento, disponibilizamos uma <strong>plataforma de empregabilidade 100% digital, gratuita e fácil de usar</strong>, onde você pode:</p>



<p>✔️ <strong>Cadastrar seu currículo</strong> e deixá-lo visível para empresas parceiras.<br>✔️ <strong>Buscar e se candidatar</strong> a vagas de estágio e emprego em todo o Brasil.<br>✔️ Ter acesso a <strong>orientação profissional</strong>, com dicas valiosas sobre elaboração de currículo, entrevistas e desenvolvimento de soft skills.<br>✔️ Contar com <strong>atendimento personalizado</strong>, seja você aluno, egresso, empresa parceira ou polo de apoio presencial Uninter.</p>



<p>E tem mais! A Central de Carreiras também incentiva empresas a divulgarem suas vagas gratuitamente, criando uma ponte real entre talentos e oportunidades.</p>



<p><strong>Quem pode participar?</strong></p>



<ul><li>🧑‍🎓 <strong>Alunos</strong> de graduação, pós-graduação (lato e stricto sensu) e EJA, em qualquer modalidade: presencial, semipresencial, telepresencial ou a distância.</li><li>🎓 <strong>Egressos</strong> que já concluíram seus cursos na Uninter.</li></ul>



<p><strong>Como acessar?</strong></p>



<p>É muito simples! Basta acessar 👉 <a href="https://centraldecarreiras.uninter.com">centraldecarreiras.uninter.com</a><br>Faça login com seu RU e senha do Portal do Aluno (Univirtus) e comece agora mesmo a explorar as oportunidades.</p>



<p>➡️ <strong>É empresa? A Uninter ajuda você a encontrar os profissionais ideais</strong>!</p>



<p>A Uninter também conecta você aos profissionais ideais! Cadastre-se gratuitamente, divulgue suas vagas e encontre talentos preparados para crescer junto com o seu time.</p>



<p><strong>Fale com a gente!</strong></p>



<p>Se surgir alguma dúvida, conte com nosso suporte. É só enviar um e-mail para:<br>📧 <strong>centraldecarreiras@uninter.com</strong></p>



<p>Nos acompanhe também nas redes sociais e fique por dentro de vagas, eventos e dicas para sua carreira:<br>📱 <strong><a href="https://www.instagram.com/centraldecarreirasuninter/">Instagram</a> | <a href="https://www.facebook.com/centraldecarreirasuninter/">Facebook</a> | <a href="https://www.linkedin.com/showcase/central-de-carreiras-uninter/">LinkedIn</a></strong></p>

<p>💼 Conectando Você ao Mercado de Trabalho: Conheça a Central de Carreiras Uninter! Na Central de Carreiras Uninter, temos um compromisso claro: apoiar você, aluno ou egresso, a trilhar um caminho profissional de sucesso! Aqui, você encontra orientação, desenvolvimento de habilidades e suporte para planejar, construir e gerenciar sua própria carreira. Sabemos que encarar o &hellip; </p>

<!-- This site is optimized with the Yoast SEO plugin v19.0 - https://yoast.com/wordpress/plugins/seo/ -->
<title>Central de Empregos e Carreiras – Portal do Egresso Uninter</title>
<meta name="description" content="A Central de Empregos e Carreiras da Uninter almeja proporcionar condições aos seus alunos de planejarem e gerenciarem suas carreiras profissionais. Confira!" />
<meta name="robots" content="index, follow, max-snippet:-1, max-image-preview:large, max-video-preview:-1" />
<link rel="canonical" href="https://www.uninter.com/portaldoegresso/central-de-empregos-e-carreiras/" />
<meta property="og:locale" content="pt_BR" />
<meta property="og:type" content="article" />
<meta property="og:title" content="Central de Empregos e Carreiras – Portal do Egresso Uninter" />
<meta property="og:description" content="A Central de Empregos e Carreiras da Uninter almeja proporcionar condições aos seus alunos de planejarem e gerenciarem suas carreiras profissionais. Confira!" />
<meta property="og:url" content="https://www.uninter.com/portaldoegresso/central-de-empregos-e-carreiras/" />
<meta property="og:site_name" content="Portal do Egresso" />
<meta property="article:modified_time" content="2025-08-26T19:22:52+00:00" />
<meta name="twitter:card" content="summary_large_image" />
<meta name="twitter:label1" content="Est. tempo de leitura" />
	<meta name="twitter:data1" content="2 minutos" />
<script type="application/ld+json" class="yoast-schema-graph">{"@context":"https://schema.org","@graph":[{"@type":"WebSite","@id":"https://www.uninter.com/portaldoegresso/#website","url":"https://www.uninter.com/portaldoegresso/","name":"Portal do Egresso","description":"","potentialAction":[{"@type":"SearchAction","target":{"@type":"EntryPoint","urlTemplate":"https://www.uninter.com/portaldoegresso/?s={search_term_string}"},"query-input":"required name=search_term_string"}],"inLanguage":"pt-BR"},{"@type":"WebPage","@id":"https://www.uninter.com/portaldoegresso/central-de-empregos-e-carreiras/#webpage","url":"https://www.uninter.com/portaldoegresso/central-de-empregos-e-carreiras/","name":"Central de Empregos e Carreiras – Portal do Egresso Uninter","isPartOf":{"@id":"https://www.uninter.com/portaldoegresso/#website"},"datePublished":"2021-02-05T13:18:32+00:00","dateModified":"2025-08-26T19:22:52+00:00","description":"A Central de Empregos e Carreiras da Uninter almeja proporcionar condições aos seus alunos de planejarem e gerenciarem suas carreiras profissionais. Confira!","breadcrumb":{"@id":"https://www.uninter.com/portaldoegresso/central-de-empregos-e-carreiras/#breadcrumb"},"inLanguage":"pt-BR","potentialAction":[{"@type":"ReadAction","target":["https://www.uninter.com/portaldoegresso/central-de-empregos-e-carreiras/"]}]},{"@type":"BreadcrumbList","@id":"https://www.uninter.com/portaldoegresso/central-de-empregos-e-carreiras/#breadcrumb","itemListElement":[{"@type":"ListItem","position":1,"name":"Início","item":"https://www.uninter.com/portaldoegresso/"},{"@type":"ListItem","position":2,"name":"Central de Empregos e Carreiras"}]}]}</script>
<!-- / Yoast SEO plugin. -->

A Central de Empregos e Carreiras da Uninter almeja proporcionar condições aos seus alunos de planejarem e gerenciarem suas carreiras profissionais. Confira!

Início
