{"id":460,"date":"2022-05-06T20:12:41","date_gmt":"2022-05-06T20:12:41","guid":{"rendered":"https:\/\/www.uninter.com\/pibid\/?page_id=460"},"modified":"2025-04-28T19:15:02","modified_gmt":"2025-04-28T19:15:02","slug":"eventos","status":"publish","type":"page","link":"https:\/\/www.uninter.com\/pibid\/eventos\/","title":{"rendered":"Eventos"},"content":{"rendered":"<p><a href=\"https:\/\/www.even3.com.br\/minicurso-curriculo-lattes-551408\/\">MINICURSO CURR\u00cdCULO LATTES<\/a><\/p>\n<p>O objetivo do minicurso \u00e9 fornecer orienta\u00e7\u00f5es e recomenda\u00e7\u00f5es detalhadas e pr\u00e1ticas para o uso eficiente e eficaz da Plataforma Lattes. Esse minicurso visa atualizar pesquisadores, acad\u00eamicos e estudantes sobre seus curr\u00edculos.<\/p>\n<p>Curr\u00edculo Lattes \u00e9 uma plataforma desenvolvida e mantida pelo Conselho Nacional de Desenvolvimento Cient\u00edfico e Tecnol\u00f3gico (CNPq) do Brasil. Trata-se de um sistema de curr\u00edculos acad\u00eamicos e profissionais amplamente utilizado por pesquisadores, cientistas, professores e estudantes de diversas \u00e1reas do conhecimento. O principal objetivo do Curr\u00edculo Lattes \u00e9 unificar e padronizar as informa\u00e7\u00f5es sobre a trajet\u00f3ria acad\u00eamica e profissional dos indiv\u00edduos, facilitando o acesso a essas informa\u00e7\u00f5es por institui\u00e7\u00f5es de ensino, pesquisa e fomento.<\/p>\n<p>Confira o evento completo em nosso canal do YouTube: https:\/\/www.youtube.com\/watch?v=tUCSHhyO2i4<\/p>\n<p>&nbsp;<\/p>\n","protected":false},"excerpt":{"rendered":"<p>MINICURSO CURR\u00cdCULO LATTES O objetivo do minicurso \u00e9 fornecer orienta\u00e7\u00f5es e recomenda\u00e7\u00f5es detalhadas e pr\u00e1ticas para o uso eficiente e eficaz da Plataforma Lattes. Esse minicurso visa atualizar pesquisadores, acad\u00eamicos e estudantes sobre seus curr\u00edculos. Curr\u00edculo Lattes \u00e9 uma plataforma desenvolvida e mantida pelo Conselho Nacional de Desenvolvimento Cient\u00edfico e Tecnol\u00f3gico (CNPq) do Brasil. Trata-se [&hellip;]<\/p>\n","protected":false},"author":1,"featured_media":884,"parent":0,"menu_order":0,"comment_status":"closed","ping_status":"closed","template":"","meta":[],"acf":[],"_links":{"self":[{"href":"https:\/\/www.uninter.com\/pibid\/wp-json\/wp\/v2\/pages\/460"}],"collection":[{"href":"https:\/\/www.uninter.com\/pibid\/wp-json\/wp\/v2\/pages"}],"about":[{"href":"https:\/\/www.uninter.com\/pibid\/wp-json\/wp\/v2\/types\/page"}],"author":[{"embeddable":true,"href":"https:\/\/www.uninter.com\/pibid\/wp-json\/wp\/v2\/users\/1"}],"replies":[{"embeddable":true,"href":"https:\/\/www.uninter.com\/pibid\/wp-json\/wp\/v2\/comments?post=460"}],"version-history":[{"count":6,"href":"https:\/\/www.uninter.com\/pibid\/wp-json\/wp\/v2\/pages\/460\/revisions"}],"predecessor-version":[{"id":888,"href":"https:\/\/www.uninter.com\/pibid\/wp-json\/wp\/v2\/pages\/460\/revisions\/888"}],"wp:featuredmedia":[{"embeddable":true,"href":"https:\/\/www.uninter.com\/pibid\/wp-json\/wp\/v2\/media\/884"}],"wp:attachment":[{"href":"https:\/\/www.uninter.com\/pibid\/wp-json\/wp\/v2\/media?parent=460"}],"curies":[{"name":"wp","href":"https:\/\/api.w.org\/{rel}","templated":true}]}}

<p><a href="https://www.even3.com.br/minicurso-curriculo-lattes-551408/">MINICURSO CURRÍCULO LATTES</a></p>
<p>O objetivo do minicurso é fornecer orientações e recomendações detalhadas e práticas para o uso eficiente e eficaz da Plataforma Lattes. Esse minicurso visa atualizar pesquisadores, acadêmicos e estudantes sobre seus currículos.</p>
<p>Currículo Lattes é uma plataforma desenvolvida e mantida pelo Conselho Nacional de Desenvolvimento Científico e Tecnológico (CNPq) do Brasil. Trata-se de um sistema de currículos acadêmicos e profissionais amplamente utilizado por pesquisadores, cientistas, professores e estudantes de diversas áreas do conhecimento. O principal objetivo do Currículo Lattes é unificar e padronizar as informações sobre a trajetória acadêmica e profissional dos indivíduos, facilitando o acesso a essas informações por instituições de ensino, pesquisa e fomento.</p>
<p>Confira o evento completo em nosso canal do YouTube: https://www.youtube.com/watch?v=tUCSHhyO2i4</p>
<p>&nbsp;</p>

<p>MINICURSO CURRÍCULO LATTES O objetivo do minicurso é fornecer orientações e recomendações detalhadas e práticas para o uso eficiente e eficaz da Plataforma Lattes. Esse minicurso visa atualizar pesquisadores, acadêmicos e estudantes sobre seus currículos. Currículo Lattes é uma plataforma desenvolvida e mantida pelo Conselho Nacional de Desenvolvimento Científico e Tecnológico (CNPq) do Brasil. Trata-se [&hellip;]</p>
