{"id":303,"date":"2022-04-14T16:04:34","date_gmt":"2022-04-14T16:04:34","guid":{"rendered":"https:\/\/www.uninter.com\/pibid\/?page_id=303"},"modified":"2024-01-30T19:38:44","modified_gmt":"2024-01-30T19:38:44","slug":"projeto-institucional","status":"publish","type":"page","link":"https:\/\/www.uninter.com\/pibid\/projeto-institucional\/","title":{"rendered":"Projeto Institucional"},"content":{"rendered":"<p><strong>O que \u00e9 o PIBID?<\/strong><\/p>\n<p>O Programa Institucional de Bolsa de Inicia\u00e7\u00e3o \u00e0 Doc\u00eancia (PIBID), \u00e9 uma iniciativa para o aperfei\u00e7oamento e para a valoriza\u00e7\u00e3o da forma\u00e7\u00e3o de professores desenvolvidos pelo governo federal. O Centro Universit\u00e1rio Internacional Uninter desde 2014, participa dos editais da Capes para a forma\u00e7\u00e3o inicial de docentes, que s\u00e3o desenvolvidos nas licenciaturas da institui\u00e7\u00e3o em parceria com as escolas p\u00fablicas.<\/p>\n<p>A equipe de professores respons\u00e1veis pelo programa \u00e9 composta pela coordenadora institucional Prof\u00aa Dr\u00aa Desir\u00e9 Luciane Dominschek, quatro coordenadores de \u00e1rea sendo eles: Prof.\u00aa M\u00aa. Jucimara de Barros Bandeira, Prof.\u00aa Dra. Kellin Cristina Melchior Inoc\u00eancio, Prof. Dr. Lu\u00eds Fernando Lopes e Prof.\u00aa M\u00f4nica Caetano Vieira da Silva, apoio administrativo e secret\u00e1ria Suzana Vieira Macedo e professoras supervisoras participantes do projeto vinculadas as escolas municipais e estaduais no Paran\u00e1.<\/p>\n<p><strong>\u00a0<\/strong><\/p>\n<p><strong>Quem pode participar do Programa?<\/strong><\/p>\n<p>Surgiu como proposta de valoriza\u00e7\u00e3o dos futuros professores durante o processo de forma\u00e7\u00e3o, o programa visa ao aperfei\u00e7oamento da forma\u00e7\u00e3o de professores para a educa\u00e7\u00e3o b\u00e1sica e a qualidade da educa\u00e7\u00e3o p\u00fablica brasileira.<\/p>\n<p>O Pibid oferece bolsas de inicia\u00e7\u00e3o \u00e0 doc\u00eancia a estudantes de cursos de licenciatura para que seja desenvolvido atividades pedag\u00f3gicas em escolas da rede p\u00fablica de educa\u00e7\u00e3o b\u00e1sica; a coordenadora institucional articula na vis\u00e3o geral do programa e orienta\u00e7\u00e3o para produ\u00e7\u00e3o de materiais e projetos em coparticipa\u00e7\u00e3o do apoio dos alunos e demais coordenadores; a coordenadora de \u00e1rea participa do processo de orienta\u00e7\u00e3o aos bolsistas e volunt\u00e1rios e os professores de escolas p\u00fablicas, s\u00e3o respons\u00e1veis pela supervis\u00e3o dos licenciandos.<\/p>\n<p>Na escolha da escola para a elabora\u00e7\u00e3o das propostas, \u00e9 dado prioridade a escolas p\u00fablicas com \u00edndice de desenvolvimento da educa\u00e7\u00e3o b\u00e1sica (Ideb) inferior a m\u00e9dia nacional, que aderiram a programas em tempo integral e ao ensino m\u00e9dio inovador.<\/p>\n<p>&nbsp;<\/p>\n<p><strong>Qual o objetivo do PIBID?<\/strong><\/p>\n<p>O programa tem como objetivos elevar a qualidade da forma\u00e7\u00e3o inicial dos professores no curso de Pedagogia e demais licenciaturas, contribuir para a valoriza\u00e7\u00e3o do magist\u00e9rio e inserir os licenciados no cotidiano de escolas de educa\u00e7\u00e3o b\u00e1sica.<\/p>\n<p>S\u00e3o objetivos do PIBID UNINTER:<\/p>\n<p>&#8211; Incentivar a forma\u00e7\u00e3o de docentes em n\u00edvel superior para a educa\u00e7\u00e3o b\u00e1sica;<\/p>\n<p>&#8211; Contribuir para a valoriza\u00e7\u00e3o do magist\u00e9rio;<\/p>\n<p>&#8211; Elevar a qualidade da forma\u00e7\u00e3o inicial de professores nos cursos de licenciatura, promovendo a integra\u00e7\u00e3o entre educa\u00e7\u00e3o superior e educa\u00e7\u00e3o b\u00e1sica;<\/p>\n<p>&#8211; Inserir os licenciandos no cotidiano de escolas da rede p\u00fablica de educa\u00e7\u00e3o, proporcionando-lhes oportunidades de cria\u00e7\u00e3o e participa\u00e7\u00e3o em experi\u00eancias metodol\u00f3gicas, tecnol\u00f3gicas e pr\u00e1ticas docentes de car\u00e1ter inovador e interdisciplinar que busquem a supera\u00e7\u00e3o de problemas identificados no processo de ensino-aprendizagem;<\/p>\n<p>&#8211; Incentivar escolas p\u00fablicas de educa\u00e7\u00e3o b\u00e1sica, mobilizando seus professores como coformadores dos futuros docentes e tornando-os protagonistas nos processos de forma\u00e7\u00e3o inicial para o magist\u00e9rio;<\/p>\n<p>&#8211; Contribuir para a articula\u00e7\u00e3o entre teoria e pr\u00e1tica necess\u00e1rias \u00e0 forma\u00e7\u00e3o dos docentes, elevando a qualidade das a\u00e7\u00f5es acad\u00eamicas nos cursos de licenciatura;<\/p>\n<p>&#8211; Contribuir para que os estudantes de licenciatura se insiram na cultura escolar do magist\u00e9rio, por meio da apropria\u00e7\u00e3o e da reflex\u00e3o sobre instrumentos, saberes e peculiaridades do trabalho docente.<\/p>\n","protected":false},"excerpt":{"rendered":"<p>O que \u00e9 o PIBID? O Programa Institucional de Bolsa de Inicia\u00e7\u00e3o \u00e0 Doc\u00eancia (PIBID), \u00e9 uma iniciativa para o aperfei\u00e7oamento e para a valoriza\u00e7\u00e3o da forma\u00e7\u00e3o de professores desenvolvidos pelo governo federal. O Centro Universit\u00e1rio Internacional Uninter desde 2014, participa dos editais da Capes para a forma\u00e7\u00e3o inicial de docentes, que s\u00e3o desenvolvidos nas [&hellip;]<\/p>\n","protected":false},"author":1,"featured_media":0,"parent":0,"menu_order":0,"comment_status":"closed","ping_status":"closed","template":"page-projeto.php","meta":[],"acf":[],"_links":{"self":[{"href":"https:\/\/www.uninter.com\/pibid\/wp-json\/wp\/v2\/pages\/303"}],"collection":[{"href":"https:\/\/www.uninter.com\/pibid\/wp-json\/wp\/v2\/pages"}],"about":[{"href":"https:\/\/www.uninter.com\/pibid\/wp-json\/wp\/v2\/types\/page"}],"author":[{"embeddable":true,"href":"https:\/\/www.uninter.com\/pibid\/wp-json\/wp\/v2\/users\/1"}],"replies":[{"embeddable":true,"href":"https:\/\/www.uninter.com\/pibid\/wp-json\/wp\/v2\/comments?post=303"}],"version-history":[{"count":16,"href":"https:\/\/www.uninter.com\/pibid\/wp-json\/wp\/v2\/pages\/303\/revisions"}],"predecessor-version":[{"id":732,"href":"https:\/\/www.uninter.com\/pibid\/wp-json\/wp\/v2\/pages\/303\/revisions\/732"}],"wp:attachment":[{"href":"https:\/\/www.uninter.com\/pibid\/wp-json\/wp\/v2\/media?parent=303"}],"curies":[{"name":"wp","href":"https:\/\/api.w.org\/{rel}","templated":true}]}}

<p><strong>O que é o PIBID?</strong></p>
<p>O Programa Institucional de Bolsa de Iniciação à Docência (PIBID), é uma iniciativa para o aperfeiçoamento e para a valorização da formação de professores desenvolvidos pelo governo federal. O Centro Universitário Internacional Uninter desde 2014, participa dos editais da Capes para a formação inicial de docentes, que são desenvolvidos nas licenciaturas da instituição em parceria com as escolas públicas.</p>
<p>A equipe de professores responsáveis pelo programa é composta pela coordenadora institucional Profª Drª Desiré Luciane Dominschek, quatro coordenadores de área sendo eles: Prof.ª Mª. Jucimara de Barros Bandeira, Prof.ª Dra. Kellin Cristina Melchior Inocêncio, Prof. Dr. Luís Fernando Lopes e Prof.ª Mônica Caetano Vieira da Silva, apoio administrativo e secretária Suzana Vieira Macedo e professoras supervisoras participantes do projeto vinculadas as escolas municipais e estaduais no Paraná.</p>
<p><strong> </strong></p>
<p><strong>Quem pode participar do Programa?</strong></p>
<p>Surgiu como proposta de valorização dos futuros professores durante o processo de formação, o programa visa ao aperfeiçoamento da formação de professores para a educação básica e a qualidade da educação pública brasileira.</p>
<p>O Pibid oferece bolsas de iniciação à docência a estudantes de cursos de licenciatura para que seja desenvolvido atividades pedagógicas em escolas da rede pública de educação básica; a coordenadora institucional articula na visão geral do programa e orientação para produção de materiais e projetos em coparticipação do apoio dos alunos e demais coordenadores; a coordenadora de área participa do processo de orientação aos bolsistas e voluntários e os professores de escolas públicas, são responsáveis pela supervisão dos licenciandos.</p>
<p>Na escolha da escola para a elaboração das propostas, é dado prioridade a escolas públicas com índice de desenvolvimento da educação básica (Ideb) inferior a média nacional, que aderiram a programas em tempo integral e ao ensino médio inovador.</p>
<p>&nbsp;</p>
<p><strong>Qual o objetivo do PIBID?</strong></p>
<p>O programa tem como objetivos elevar a qualidade da formação inicial dos professores no curso de Pedagogia e demais licenciaturas, contribuir para a valorização do magistério e inserir os licenciados no cotidiano de escolas de educação básica.</p>
<p>São objetivos do PIBID UNINTER:</p>
<p>&#8211; Incentivar a formação de docentes em nível superior para a educação básica;</p>
<p>&#8211; Contribuir para a valorização do magistério;</p>
<p>&#8211; Elevar a qualidade da formação inicial de professores nos cursos de licenciatura, promovendo a integração entre educação superior e educação básica;</p>
<p>&#8211; Inserir os licenciandos no cotidiano de escolas da rede pública de educação, proporcionando-lhes oportunidades de criação e participação em experiências metodológicas, tecnológicas e práticas docentes de caráter inovador e interdisciplinar que busquem a superação de problemas identificados no processo de ensino-aprendizagem;</p>
<p>&#8211; Incentivar escolas públicas de educação básica, mobilizando seus professores como coformadores dos futuros docentes e tornando-os protagonistas nos processos de formação inicial para o magistério;</p>
<p>&#8211; Contribuir para a articulação entre teoria e prática necessárias à formação dos docentes, elevando a qualidade das ações acadêmicas nos cursos de licenciatura;</p>
<p>&#8211; Contribuir para que os estudantes de licenciatura se insiram na cultura escolar do magistério, por meio da apropriação e da reflexão sobre instrumentos, saberes e peculiaridades do trabalho docente.</p>

<p>O que é o PIBID? O Programa Institucional de Bolsa de Iniciação à Docência (PIBID), é uma iniciativa para o aperfeiçoamento e para a valorização da formação de professores desenvolvidos pelo governo federal. O Centro Universitário Internacional Uninter desde 2014, participa dos editais da Capes para a formação inicial de docentes, que são desenvolvidos nas [&hellip;]</p>
