{"id":1950,"date":"2021-10-27T09:06:26","date_gmt":"2021-10-27T12:06:26","guid":{"rendered":"https:\/\/www.uninter.com\/pesquisa\/?page_id=1950"},"modified":"2026-03-03T13:54:11","modified_gmt":"2026-03-03T16:54:11","slug":"monitoria","status":"publish","type":"page","link":"https:\/\/www.uninter.com\/pesquisa\/monitoria\/","title":{"rendered":"Monitoria"},"content":{"rendered":"<div id=\"pl-1122\" class=\"panel-layout\">\n<div id=\"pg-1122-0\" class=\"panel-grid panel-no-style\" data-color-label=\"5\">\n<div id=\"pgc-1122-0-0\" class=\"panel-grid-cell panel-grid-cell-empty\" data-weight=\"1\">\n<div id=\"pg-1122-1\" class=\"panel-grid panel-no-style\">\n<div id=\"pgc-1122-1-0\" class=\"panel-grid-cell\">\n<div id=\"panel-1122-1-0-0\" class=\"widget_text so-panel widget widget_custom_html panel-first-child\" data-index=\"0\">\n<div class=\"textwidget custom-html-widget\">\n<p><strong>O QUE \u00c9 O PROGRAMA DE MONITORIA?<\/strong><\/p>\n<p>O Programa de Monitoria, vinculado \u00e0 Coordena\u00e7\u00e3o de Pesquisa, \u00e9 uma atividade de ensino realizada por alunos da gradua\u00e7\u00e3o, em aux\u00edlio ao professor, que tem como objetivos:<\/p>\n<\/div>\n<\/div>\n<div id=\"panel-1122-1-0-1\" class=\"so-panel widget widget_sow-features panel-last-child\" data-index=\"1\">\n<div class=\"so-widget-sow-features so-widget-sow-features-default-fec24d506ede\">\n<div class=\"sow-features-list sow-features-responsive\">\n<div class=\"sow-features-feature sow-icon-container-position-top sow-features-feature-last-row\">\n<div class=\"sow-icon-container sow-container-none\" title=\"Prestar suporte ao corpo docente no desenvolvimento das pr\u00e1ticas pedag\u00f3gicas\"><\/div>\n<div class=\"textwidget\">Prestar suporte ao corpo docente no desenvolvimento das pr\u00e1ticas pedag\u00f3gicas.<\/div>\n<\/div>\n<div class=\"sow-features-feature sow-icon-container-position-top sow-features-feature-last-row\">\n<div class=\"sow-icon-container sow-container-none\" title=\"Dar apoio ao aprendizado de estudantes que apresentem maior grau de dificuldade.\"><\/div>\n<div class=\"textwidget\">Dar apoio ao aprendizado de estudantes que apresentem maior grau de dificuldade.<\/div>\n<\/div>\n<div class=\"sow-features-feature sow-icon-container-position-top sow-features-feature-last-row\">\n<div class=\"sow-icon-container sow-container-none\" title=\"Proporcionar maior intera\u00e7\u00e3o entre os alunos e o corpo docente.\"><\/div>\n<div class=\"textwidget\">Proporcionar maior intera\u00e7\u00e3o entre os alunos e o corpo docente.<\/div>\n<\/div>\n<div class=\"sow-features-feature sow-icon-container-position-top sow-features-feature-last-row\">\n<div class=\"sow-icon-container sow-container-none\" title=\"Possibilitar a troca de conhecimento\"><\/div>\n<div class=\"textwidget\">Possibilitar a troca de conhecimento.<\/div>\n<\/div>\n<div>\n<div id=\"pl-1122\" class=\"panel-layout\">\n<div id=\"pg-1122-3\" class=\"panel-grid panel-no-style\" data-style=\"{&quot;background_display&quot;:&quot;tile&quot;,&quot;cell_alignment&quot;:&quot;flex-start&quot;}\" data-color-label=\"2\">\n<div id=\"pgc-1122-3-0\" class=\"panel-grid-cell\" data-weight=\"1\">\n<div id=\"panel-1122-3-0-1\" class=\"so-panel widget widget_custom_html panel-last-child\" data-index=\"3\" data-style=\"{&quot;background_image_attachment&quot;:false,&quot;background_display&quot;:&quot;tile&quot;}\">\n<div id=\"pg-1122-2\" class=\"panel-grid panel-no-style\">\n<div id=\"pgc-1122-2-0\" class=\"panel-grid-cell panel-grid-cell-empty\"><\/div>\n<\/div>\n<div id=\"pg-1122-3\" class=\"panel-grid panel-no-style\">\n<div id=\"pgc-1122-3-0\" class=\"panel-grid-cell\">\n<div id=\"panel-1122-3-0-0\" class=\"widget_text so-panel widget widget_custom_html panel-first-child\" data-index=\"2\">\n<div class=\"textwidget custom-html-widget\">\n<hr \/>\n<p><strong>REGULAMENTOS<\/strong><\/p>\n<hr \/>\n<ul>\n<li><a href=\"https:\/\/www.uninter.com\/pesquisa\/wp-content\/uploads\/2024\/08\/Regulamento-de-Monitoria-2025-Assinado.pdf\">REGULAMENTO DE ABERTURA DE PROJETO DO PROGRAMA DE MONITORIA<\/a><\/li>\n<li><a href=\"https:\/\/www.uninter.com\/pesquisa\/wp-content\/uploads\/2024\/04\/RESOLUCAO-04-PROCEDIMENTOS-PARA-O-PROGRAMA-DE-MONITORIAS.pdf\">RESOLU\u00c7\u00c3O 04<strong> &#8211; <\/strong>PROCEDIMENTOS PARA O PROGRAMA DE MONITORIAS<\/a><\/li>\n<\/ul>\n<\/div>\n<\/div>\n<\/div>\n<\/div>\n<\/div>\n<\/div>\n<\/div>\n<\/div>\n<div class=\"panel-grid-cell panel-grid-cell-empty\" data-weight=\"1\"><\/div>\n<\/div>\n<\/div>\n<\/div>\n<\/div>\n<\/div>\n<\/div>\n<div id=\"pg-1122-3\" class=\"panel-grid panel-no-style\">\n<div id=\"pgc-1122-3-0\" class=\"panel-grid-cell\">\n<div id=\"panel-1122-3-0-1\" class=\"widget_text so-panel widget widget_custom_html panel-last-child\" data-index=\"3\">\n<div class=\"textwidget custom-html-widget\">\n<p><strong>FORMUL\u00c1RIOS<\/strong><\/p>\n<hr \/>\n<ul>\n<li>Formul\u00e1rio de Novos Projetos de Monitoria:<\/li>\n<li><a href=\"https:\/\/www.uninter.com\/pesquisa\/wp-content\/uploads\/2025\/10\/Edital-de-Abertura-Programa-de-Monitoria-2026-Modelo.docx\">Modelo &#8211; Edital de Abertura do Programa de Monitoria<\/a><\/li>\n<li><a href=\"https:\/\/www.uninter.com\/pesquisa\/wp-content\/uploads\/2024\/08\/FORMULARIO-DE-CANCELAMENTO-2025.docx\">Formul\u00e1rio de Cancelamento de Participantes<\/a><\/li>\n<li><a href=\"https:\/\/www.uninter.com\/pesquisa\/wp-content\/uploads\/2020\/02\/RELAT\u00d3RIO-FINAL-MONTIORIA.docx\">Relat\u00f3rio Final<\/a><\/li>\n<li><a href=\"https:\/\/www.uninter.com\/pesquisa\/wp-content\/uploads\/2020\/02\/FICHA-INSCRICAO-MONITORIA.docx\">Ficha de Inscri\u00e7\u00e3o (Aluno)<\/a><\/li>\n<li><a href=\"https:\/\/www.uninter.com\/pesquisa\/wp-content\/uploads\/2020\/02\/TERMO-DE-COMPROMISSO-MONITORIA.docx\">Termo de Responsabilidade<\/a><\/li>\n<\/ul>\n<\/div>\n<\/div>\n<\/div>\n<p>&nbsp;<\/p>\n<p><strong>COMISS\u00c3O\u00a0 DO PROGRAMA DE MONITORIA &#8211; UNINTER<\/strong><\/p>\n<p><a href=\"https:\/\/www.uninter.com\/pesquisa\/wp-content\/uploads\/2026\/03\/PR-2023-551_REPRESENTANTES-COMISSAO-MONITORIAS-UNINTER.pdf\">PORTARIA N\u00ba 551\/2023 \u2013 REITORIA &#8211; COMISS\u00c3O INSTITUCIONAL DE MONITORIAS UNINTER<\/a><\/p>\n<p>Prof.\u00aa Dr.\u00aa Desir\u00e9 Luciane Dominschek, Coordenadora da Comiss\u00e3o Institucional de Monitorias;<br \/>\nAmanda Cirino Afonso, Secret\u00e1ria da Comiss\u00e3o Institucional de Monitorias;<br \/>\nProf.\u00aa Dr.\u00aa Alessandra de Paula, representante da Escola Superior de Gest\u00e3o, Comunica\u00e7\u00e3o e Neg\u00f3cios;<br \/>\nProf.\u00aa Me. Edna Marta Oliveira da Silva, representante da Escola Superior de Educa\u00e7\u00e3o, Humanidades e L\u00ednguas;<br \/>\nProf. Dr. Professor Lucas Massimo Tonial Antunes de Souza, representante da Escola Superior de Gest\u00e3o P\u00fablica, Pol\u00edtica, Jur\u00eddica e Seguran\u00e7a;<br \/>\nProf. Me. Eduardo da Silva, representante da Escola Superior Polit\u00e9cnica;<br \/>\nProf.\u00aa Dr.\u00aa Ivana Maria Saes Busato, representante da Escola Superior de Sa\u00fade \u00danica.<\/p>\n<\/div>\n<\/div>\n<\/div>\n<\/div>\n","protected":false},"excerpt":{"rendered":"<p>O QUE \u00c9 O PROGRAMA DE MONITORIA? O Programa de Monitoria, vinculado \u00e0 Coordena\u00e7\u00e3o de Pesquisa, \u00e9 uma atividade de ensino realizada por alunos da gradua\u00e7\u00e3o, em aux\u00edlio ao professor, que tem como objetivos: Prestar suporte ao corpo docente no desenvolvimento das pr\u00e1ticas pedag\u00f3gicas. Dar apoio ao aprendizado de estudantes que apresentem maior grau de [&hellip;]<\/p>\n","protected":false},"author":1,"featured_media":0,"parent":0,"menu_order":0,"comment_status":"closed","ping_status":"closed","template":"","meta":[],"acf":[],"_links":{"self":[{"href":"https:\/\/www.uninter.com\/pesquisa\/wp-json\/wp\/v2\/pages\/1950"}],"collection":[{"href":"https:\/\/www.uninter.com\/pesquisa\/wp-json\/wp\/v2\/pages"}],"about":[{"href":"https:\/\/www.uninter.com\/pesquisa\/wp-json\/wp\/v2\/types\/page"}],"author":[{"embeddable":true,"href":"https:\/\/www.uninter.com\/pesquisa\/wp-json\/wp\/v2\/users\/1"}],"replies":[{"embeddable":true,"href":"https:\/\/www.uninter.com\/pesquisa\/wp-json\/wp\/v2\/comments?post=1950"}],"version-history":[{"count":20,"href":"https:\/\/www.uninter.com\/pesquisa\/wp-json\/wp\/v2\/pages\/1950\/revisions"}],"predecessor-version":[{"id":3225,"href":"https:\/\/www.uninter.com\/pesquisa\/wp-json\/wp\/v2\/pages\/1950\/revisions\/3225"}],"wp:attachment":[{"href":"https:\/\/www.uninter.com\/pesquisa\/wp-json\/wp\/v2\/media?parent=1950"}],"curies":[{"name":"wp","href":"https:\/\/api.w.org\/{rel}","templated":true}]}}