{"id":1853,"date":"2021-01-20T09:54:34","date_gmt":"2021-01-20T12:54:34","guid":{"rendered":"https:\/\/www.uninter.com\/pesquisa\/?page_id=1853"},"modified":"2025-04-28T09:29:24","modified_gmt":"2025-04-28T12:29:24","slug":"formularios","status":"publish","type":"page","link":"https:\/\/www.uninter.com\/pesquisa\/formularios\/","title":{"rendered":"Formul\u00e1rios de monitoria"},"content":{"rendered":"<div id=\"pl-1116\" class=\"panel-layout\">\n<div id=\"pg-1116-0\" class=\"panel-grid panel-no-style\">\n<div id=\"pgc-1116-0-0\" class=\"panel-grid-cell panel-grid-cell-empty\" data-weight=\"1\"><\/div>\n<\/div>\n<div id=\"pg-1116-1\" class=\"panel-grid panel-no-style\">\n<div id=\"pgc-1116-1-0\" class=\"panel-grid-cell\" data-weight=\"1\"><\/div>\n<\/div>\n<div id=\"pg-1116-2\" class=\"panel-grid panel-no-style\">\n<div id=\"pgc-1116-2-0\" class=\"panel-grid-cell panel-grid-cell-empty\" data-weight=\"1\">\n<div id=\"pg-1116-1\" class=\"panel-grid panel-no-style\">\n<div id=\"pgc-1116-1-0\" class=\"panel-grid-cell\">\n<div id=\"panel-1116-1-0-0\" class=\"widget_text so-panel widget widget_custom_html panel-first-child panel-last-child\" data-index=\"0\">\n<div class=\"textwidget custom-html-widget\">\n<ul>\n<li><a href=\"https:\/\/www.uninter.com\/pesquisa\/wp-content\/uploads\/2020\/02\/FORMUL\u00c1RIO-DE-ABERTURA-DE-PROJETOS-MONITORIA.docx\">Formul\u00e1rio de Abertura de Projetos de Monitoria<\/a><\/li>\n<li><a href=\"https:\/\/www.uninter.com\/pesquisa\/wp-content\/uploads\/2025\/04\/FORMULARIO-DE-CANCELAMENTO-2025.docx\">Formul\u00e1rio de Cancelamento de Participantes<\/a><\/li>\n<li><a href=\"https:\/\/www.uninter.com\/pesquisa\/wp-content\/uploads\/2025\/04\/REQUERIMENTO-PARA-SUBSTITUICAO-DE-BOLSISTA.docx\">Formul\u00e1rio de substitui\u00e7\u00e3o de bolsista<\/a><\/li>\n<li><a href=\"https:\/\/www.uninter.com\/pesquisa\/wp-content\/uploads\/2020\/02\/RELAT\u00d3RIO-FINAL-MONTIORIA.docx\">Relat\u00f3rio Final<\/a><\/li>\n<li><a href=\"https:\/\/www.uninter.com\/pesquisa\/wp-content\/uploads\/2021\/01\/FICHA-INSCRICAO-MONITORIA.docx\">Ficha de inscri\u00e7\u00e3o<\/a><\/li>\n<li><a href=\"https:\/\/www.uninter.com\/pesquisa\/wp-content\/uploads\/2021\/01\/TERMO-DE-COMPROMISSO-MONITORIA.docx\">Termo de Responsabilidade<\/a><\/li>\n<\/ul>\n<\/div>\n<\/div>\n<\/div>\n<\/div>\n<\/div>\n<\/div>\n<div id=\"pg-1116-3\" class=\"panel-grid panel-no-style\">\n<div id=\"pgc-1116-3-0\" class=\"panel-grid-cell panel-grid-cell-empty\" data-weight=\"1\"><\/div>\n<\/div>\n<\/div>\n<div class=\"panel-grid-cell panel-grid-cell-empty\" data-weight=\"1\"><\/div>\n<div data-weight=\"1\"><\/div>\n<p>&nbsp;<\/p>\n","protected":false},"excerpt":{"rendered":"<p>Formul\u00e1rio de Abertura de Projetos de Monitoria Formul\u00e1rio de Cancelamento de Participantes Formul\u00e1rio de substitui\u00e7\u00e3o de bolsista Relat\u00f3rio Final Ficha de inscri\u00e7\u00e3o Termo de Responsabilidade &nbsp;<\/p>\n","protected":false},"author":1,"featured_media":0,"parent":0,"menu_order":0,"comment_status":"closed","ping_status":"closed","template":"","meta":[],"acf":[],"_links":{"self":[{"href":"https:\/\/www.uninter.com\/pesquisa\/wp-json\/wp\/v2\/pages\/1853"}],"collection":[{"href":"https:\/\/www.uninter.com\/pesquisa\/wp-json\/wp\/v2\/pages"}],"about":[{"href":"https:\/\/www.uninter.com\/pesquisa\/wp-json\/wp\/v2\/types\/page"}],"author":[{"embeddable":true,"href":"https:\/\/www.uninter.com\/pesquisa\/wp-json\/wp\/v2\/users\/1"}],"replies":[{"embeddable":true,"href":"https:\/\/www.uninter.com\/pesquisa\/wp-json\/wp\/v2\/comments?post=1853"}],"version-history":[{"count":8,"href":"https:\/\/www.uninter.com\/pesquisa\/wp-json\/wp\/v2\/pages\/1853\/revisions"}],"predecessor-version":[{"id":2974,"href":"https:\/\/www.uninter.com\/pesquisa\/wp-json\/wp\/v2\/pages\/1853\/revisions\/2974"}],"wp:attachment":[{"href":"https:\/\/www.uninter.com\/pesquisa\/wp-json\/wp\/v2\/media?parent=1853"}],"curies":[{"name":"wp","href":"https:\/\/api.w.org\/{rel}","templated":true}]}}