{"id":2944,"date":"2025-04-08T15:18:10","date_gmt":"2025-04-08T18:18:10","guid":{"rendered":"https:\/\/www.uninter.com\/pesquisa\/?post_type=eventos&#038;p=2944"},"modified":"2026-03-19T16:52:02","modified_gmt":"2026-03-19T19:52:02","slug":"minicurso-curriculo-lattes","status":"publish","type":"eventos","link":"https:\/\/www.uninter.com\/pesquisa\/eventos\/minicurso-curriculo-lattes\/","title":{"rendered":"MINICURSO CURR\u00cdCULO LATTES"},"content":{"rendered":"<p><a href=\"https:\/\/www.even3.com.br\/minicurso-curriculo-lattes-551408\/\">MINICURSO CURR\u00cdCULO LATTES<\/a><\/p>\n<p>O objetivo do minicurso \u00e9 fornecer orienta\u00e7\u00f5es e recomenda\u00e7\u00f5es detalhadas e pr\u00e1ticas para o uso eficiente e eficaz da Plataforma Lattes. Esse minicurso visa atualizar pesquisadores, acad\u00eamicos e estudantes sobre seus curr\u00edculos.<\/p>\n<p>Curr\u00edculo Lattes \u00e9 uma plataforma desenvolvida e mantida pelo Conselho Nacional de Desenvolvimento Cient\u00edfico e Tecnol\u00f3gico (CNPq) do Brasil. Trata-se de um sistema de curr\u00edculos acad\u00eamicos e profissionais amplamente utilizado por pesquisadores, cientistas, professores e estudantes de diversas \u00e1reas do conhecimento. O principal objetivo do Curr\u00edculo Lattes \u00e9 unificar e padronizar as informa\u00e7\u00f5es sobre a trajet\u00f3ria acad\u00eamica e profissional dos indiv\u00edduos, facilitando o acesso a essas informa\u00e7\u00f5es por institui\u00e7\u00f5es de ensino, pesquisa e fomento.<\/p>\n","protected":false},"featured_media":2962,"menu_order":0,"template":"","categories":[15],"acf":[],"_links":{"self":[{"href":"https:\/\/www.uninter.com\/pesquisa\/wp-json\/wp\/v2\/eventos\/2944"}],"collection":[{"href":"https:\/\/www.uninter.com\/pesquisa\/wp-json\/wp\/v2\/eventos"}],"about":[{"href":"https:\/\/www.uninter.com\/pesquisa\/wp-json\/wp\/v2\/types\/eventos"}],"wp:featuredmedia":[{"embeddable":true,"href":"https:\/\/www.uninter.com\/pesquisa\/wp-json\/wp\/v2\/media\/2962"}],"wp:attachment":[{"href":"https:\/\/www.uninter.com\/pesquisa\/wp-json\/wp\/v2\/media?parent=2944"}],"wp:term":[{"taxonomy":"category","embeddable":true,"href":"https:\/\/www.uninter.com\/pesquisa\/wp-json\/wp\/v2\/categories?post=2944"}],"curies":[{"name":"wp","href":"https:\/\/api.w.org\/{rel}","templated":true}]}}

MINICURSO CURRÍCULO LATTES

<p><a href="https://www.even3.com.br/minicurso-curriculo-lattes-551408/">MINICURSO CURRÍCULO LATTES</a></p>
<p>O objetivo do minicurso é fornecer orientações e recomendações detalhadas e práticas para o uso eficiente e eficaz da Plataforma Lattes. Esse minicurso visa atualizar pesquisadores, acadêmicos e estudantes sobre seus currículos.</p>
<p>Currículo Lattes é uma plataforma desenvolvida e mantida pelo Conselho Nacional de Desenvolvimento Científico e Tecnológico (CNPq) do Brasil. Trata-se de um sistema de currículos acadêmicos e profissionais amplamente utilizado por pesquisadores, cientistas, professores e estudantes de diversas áreas do conhecimento. O principal objetivo do Currículo Lattes é unificar e padronizar as informações sobre a trajetória acadêmica e profissional dos indivíduos, facilitando o acesso a essas informações por instituições de ensino, pesquisa e fomento.</p>
