{"id":2900,"date":"2025-04-10T14:54:32","date_gmt":"2025-04-10T17:54:32","guid":{"rendered":"https:\/\/www.uninter.com\/pesquisa\/?post_type=eventos&#038;p=2900"},"modified":"2026-03-19T17:13:36","modified_gmt":"2026-03-19T20:13:36","slug":"xviii-enfoc-encontro-de-iniciacao-cientifica-e-forum-cientifico-x-seminario-pibid-rp","status":"publish","type":"eventos","link":"https:\/\/www.uninter.com\/pesquisa\/eventos\/xviii-enfoc-encontro-de-iniciacao-cientifica-e-forum-cientifico-x-seminario-pibid-rp\/","title":{"rendered":"XVIII ENFOC \u2013 Encontro de Inicia\u00e7\u00e3o Cient\u00edfica e F\u00f3rum Cient\u00edfico, X Semin\u00e1rio PIBID-RP"},"content":{"rendered":"<p><a href=\"https:\/\/www.even3.com.br\/xviiienfocuninter\/\">https:\/\/www.even3.com.br\/xviiienfocuninter\/<\/a><\/p>\n<p>O Encontro de Inicia\u00e7\u00e3o Cient\u00edfica e F\u00f3rum Cient\u00edfico (ENFOC) est\u00e1 em sua XVIII edi\u00e7\u00e3o como evento de divulga\u00e7\u00e3o cient\u00edfica cujo p\u00fablico-alvo s\u00e3o pesquisadores, professores e estudantes de gradua\u00e7\u00e3o e de p\u00f3s-gradua\u00e7\u00e3o de todas as institui\u00e7\u00f5es de ensino superior em \u00e2mbito nacional, integrados no formato on-line. Desde 2014, o evento abrange, tamb\u00e9m, os Semin\u00e1rios do Programa Institucional de Bolsa de Inicia\u00e7\u00e3o \u00e0 Doc\u00eancia (PIBID) e do Programa de Resid\u00eancia Pedag\u00f3gica. Em 2025, o tema central do ENFOC \u00e9: <strong>\u201c<b>Ci\u00eancia, Tecnologia e Inclus\u00e3o: Desafios e Oportunidades para um Futuro Sustent\u00e1vel<\/b>\u201d<\/strong>.<\/p>\n<p>Essa edi\u00e7\u00e3o aborda os avan\u00e7os e os entraves para os desenvolvimentos cient\u00edfico e tecnol\u00f3gicos nas \u00faltimas d\u00e9cadas, de maneira que problematiza os principais desafios da pesquisa no Brasil a partir da an\u00e1lise de pesquisadores atuantes.<\/p>\n","protected":false},"featured_media":3243,"menu_order":0,"template":"","categories":[15],"acf":[],"_links":{"self":[{"href":"https:\/\/www.uninter.com\/pesquisa\/wp-json\/wp\/v2\/eventos\/2900"}],"collection":[{"href":"https:\/\/www.uninter.com\/pesquisa\/wp-json\/wp\/v2\/eventos"}],"about":[{"href":"https:\/\/www.uninter.com\/pesquisa\/wp-json\/wp\/v2\/types\/eventos"}],"wp:featuredmedia":[{"embeddable":true,"href":"https:\/\/www.uninter.com\/pesquisa\/wp-json\/wp\/v2\/media\/3243"}],"wp:attachment":[{"href":"https:\/\/www.uninter.com\/pesquisa\/wp-json\/wp\/v2\/media?parent=2900"}],"wp:term":[{"taxonomy":"category","embeddable":true,"href":"https:\/\/www.uninter.com\/pesquisa\/wp-json\/wp\/v2\/categories?post=2900"}],"curies":[{"name":"wp","href":"https:\/\/api.w.org\/{rel}","templated":true}]}}

XVIII ENFOC – Encontro de Iniciação Científica e Fórum Científico, X Seminário PIBID-RP

<p><a href="https://www.even3.com.br/xviiienfocuninter/">https://www.even3.com.br/xviiienfocuninter/</a></p>
<p>O Encontro de Iniciação Científica e Fórum Científico (ENFOC) está em sua XVIII edição como evento de divulgação científica cujo público-alvo são pesquisadores, professores e estudantes de graduação e de pós-graduação de todas as instituições de ensino superior em âmbito nacional, integrados no formato on-line. Desde 2014, o evento abrange, também, os Seminários do Programa Institucional de Bolsa de Iniciação à Docência (PIBID) e do Programa de Residência Pedagógica. Em 2025, o tema central do ENFOC é: <strong>“<b>Ciência, Tecnologia e Inclusão: Desafios e Oportunidades para um Futuro Sustentável</b>”</strong>.</p>
<p>Essa edição aborda os avanços e os entraves para os desenvolvimentos científico e tecnológicos nas últimas décadas, de maneira que problematiza os principais desafios da pesquisa no Brasil a partir da análise de pesquisadores atuantes.</p>
