{"id":2892,"date":"2025-04-09T11:00:19","date_gmt":"2025-04-09T14:00:19","guid":{"rendered":"https:\/\/www.uninter.com\/pesquisa\/?post_type=eventos&#038;p=2892"},"modified":"2025-04-17T07:20:34","modified_gmt":"2025-04-17T10:20:34","slug":"vii-encontro-de-periodicos-cientificos-uninter","status":"publish","type":"eventos","link":"https:\/\/www.uninter.com\/pesquisa\/eventos\/vii-encontro-de-periodicos-cientificos-uninter\/","title":{"rendered":"VII ENCONTRO DE PERI\u00d3DICOS CIENT\u00cdFICOS &#8211; UNINTER"},"content":{"rendered":"<p><a href=\"https:\/\/www.even3.com.br\/vii-encontro-dos-periodicos-543876\/\">VII ENCONTRO DE PERI\u00d3DICOS CIENT\u00cdFICOS &#8211; UNINTER<\/a><\/p>\n<p>O VII Encontro de Peri\u00f3dicos Cient\u00edficos &#8211; UNINTER \u00e9 um evento acad\u00eamico promovido pela Coordena\u00e7\u00e3o de Pesquisa e Publica\u00e7\u00f5es Acad\u00eamicas UNINTER. Este evento visa discutir e analisar quest\u00f5es relativas aos peri\u00f3dicos cient\u00edficos e \u00e0s publica\u00e7\u00f5es acad\u00eamicas.<br \/>\nNa edi\u00e7\u00e3o deste ano, o tema ser\u00e1 EDITORES EM A\u00c7\u00c3O: COMISS\u00d5ES E O PAPEL DO CORPO EDITORIAL.<\/p>\n<p><span data-teams=\"true\">\u00a0<\/span><\/p>\n","protected":false},"featured_media":2964,"menu_order":0,"template":"","categories":[15],"acf":[],"_links":{"self":[{"href":"https:\/\/www.uninter.com\/pesquisa\/wp-json\/wp\/v2\/eventos\/2892"}],"collection":[{"href":"https:\/\/www.uninter.com\/pesquisa\/wp-json\/wp\/v2\/eventos"}],"about":[{"href":"https:\/\/www.uninter.com\/pesquisa\/wp-json\/wp\/v2\/types\/eventos"}],"wp:featuredmedia":[{"embeddable":true,"href":"https:\/\/www.uninter.com\/pesquisa\/wp-json\/wp\/v2\/media\/2964"}],"wp:attachment":[{"href":"https:\/\/www.uninter.com\/pesquisa\/wp-json\/wp\/v2\/media?parent=2892"}],"wp:term":[{"taxonomy":"category","embeddable":true,"href":"https:\/\/www.uninter.com\/pesquisa\/wp-json\/wp\/v2\/categories?post=2892"}],"curies":[{"name":"wp","href":"https:\/\/api.w.org\/{rel}","templated":true}]}}

VII ENCONTRO DE PERIÓDICOS CIENTÍFICOS &#8211; UNINTER

<p><a href="https://www.even3.com.br/vii-encontro-dos-periodicos-543876/">VII ENCONTRO DE PERIÓDICOS CIENTÍFICOS &#8211; UNINTER</a></p>
<p>O VII Encontro de Periódicos Científicos &#8211; UNINTER é um evento acadêmico promovido pela Coordenação de Pesquisa e Publicações Acadêmicas UNINTER. Este evento visa discutir e analisar questões relativas aos periódicos científicos e às publicações acadêmicas.<br />
Na edição deste ano, o tema será EDITORES EM AÇÃO: COMISSÕES E O PAPEL DO CORPO EDITORIAL.</p>
<p><span data-teams="true"> </span></p>
