{"id":2664,"date":"2024-08-28T17:04:42","date_gmt":"2024-08-28T20:04:42","guid":{"rendered":"https:\/\/www.uninter.com\/pesquisa\/?post_type=eventos&#038;p=2664"},"modified":"2025-04-08T08:59:32","modified_gmt":"2025-04-08T11:59:32","slug":"xi-seminario-de-pesquisadores-uninter-ii-edicao-fala-aluno","status":"publish","type":"eventos","link":"https:\/\/www.uninter.com\/pesquisa\/eventos\/xi-seminario-de-pesquisadores-uninter-ii-edicao-fala-aluno\/","title":{"rendered":"XI Semin\u00e1rio de Pesquisadores Uninter \u2013 II Edi\u00e7\u00e3o \u2013 Fala aluno"},"content":{"rendered":"<h3>Sobre o evento<\/h3>\n<p>O\u00a0<b><strong>XI Semin\u00e1rio de Pesquisadores Uninter<\/strong><\/b> \u00e9 um evento acad\u00eamico promovido pela Coordena\u00e7\u00e3o de Pesquisa e Publica\u00e7\u00f5es Acad\u00eamicas Uninter. O <b><strong>XI Semin\u00e1rio de Pesquisadores Uninter<\/strong><\/b> \u2013 II Edi\u00e7\u00e3o, fala aluno \u00e9 um evento acad\u00eamico que visa promover o interc\u00e2mbio de conhecimentos e experi\u00eancias entre estudantes, professores e pesquisadores de diferentes \u00e1reas. A iniciativa \u00e9 uma oportunidade para os alunos apresentarem os resultados de suas pesquisas, compartilharem suas descobertas e debaterem com a comunidade acad\u00eamica.<\/p>\n<p>O\u00a0<b><strong>Semin\u00e1rio de Pesquisadores da Uninter<\/strong><\/b> \u00e9 realizado anualmente com o objetivo de fomentar a pesquisa e a produ\u00e7\u00e3o cient\u00edfica no ambiente acad\u00eamico. Na segunda edi\u00e7\u00e3o desse ano, o foco est\u00e1 em proporcionar um espa\u00e7o para que estudantes de gradua\u00e7\u00e3o e p\u00f3s-gradua\u00e7\u00e3o apresentem suas investiga\u00e7\u00f5es, independentemente da etapa em que se encontram \u2013 seja em fase inicial, em andamento ou j\u00e1 conclu\u00eddas.<\/p>\n<p><a href=\"https:\/\/www.even3.com.br\/xi-seminario-de-pesquisadores-uninter-ii-edicao-fala-aluno-487553\/\" target=\"_blank\" rel=\"noopener\">Inscreva-se aqui!<\/a><\/p>\n<p>Para conferir como foi a primeira edi\u00e7\u00e3o do XI Semin\u00e1rio de Pesquisadores, que teve como tema os avan\u00e7os dos programas de pesquisa na Uninter, confira nosso canal do Youtube!<br \/>\n<a href=\"https:\/\/www.youtube.com\/@uninter-pesquisaepublicaco5794\" target=\"_blank\" rel=\"noopener\">UNINTER &#8211; Pesquisa e Publica\u00e7\u00f5es Acad\u00eamicas<\/a><\/p>\n<p>Aproveite para seguir o perfil da pesquisa no Instagram para ficar por dentro de todos nossos eventos!<br \/>\n<a href=\"https:\/\/www.instagram.com\/accounts\/onetap\/?next=%2F\" target=\"_blank\" rel=\"noopener\">@pesquisanauninter<\/a><\/p>\n<p>A segunda edi\u00e7\u00e3o est\u00e1 imperd\u00edvel! Confira em nosso canal do Youtube!<br \/>\n<a href=\"https:\/\/www.youtube.com\/watch?v=Z5QibsmJwlQ\" target=\"_blank\" rel=\"noopener\">Pesquisa UNINTER no Youtube<\/a><\/p>\n<p>Aproveite para ler a mat\u00e9ria sobre a segunda edi\u00e7\u00e3o de nosso evento na Central de Not\u00edcias Uninter:<br \/>\n<a href=\"https:\/\/www.uninter.com\/noticias\/em-segunda-edicao-seminario-de-pesquisadores-uninter-abre-novas-inscricoes\" target=\"_blank\" rel=\"noopener\">leia a mat\u00e9ria completa aqui!<\/a><\/p>\n<p>Confira o depoimento de nossos alunos do Programa de Inicia\u00e7\u00e3o Cient\u00edfica &#8211; PIC<br \/>\n<img decoding=\"async\" loading=\"lazy\" class=\"alignnone size-medium wp-image-2675\" src=\"https:\/\/www.uninter.com\/pesquisa\/wp-content\/uploads\/2024\/08\/Copia-de-Por-que-participar-da-Iniciacao-Cientifica-300x300.png\" alt=\"\" width=\"300\" height=\"300\" srcset=\"https:\/\/www.uninter.com\/pesquisa\/wp-content\/uploads\/2024\/08\/Copia-de-Por-que-participar-da-Iniciacao-Cientifica-300x300.png 300w, https:\/\/www.uninter.com\/pesquisa\/wp-content\/uploads\/2024\/08\/Copia-de-Por-que-participar-da-Iniciacao-Cientifica-1024x1024.png 1024w, https:\/\/www.uninter.com\/pesquisa\/wp-content\/uploads\/2024\/08\/Copia-de-Por-que-participar-da-Iniciacao-Cientifica-150x150.png 150w, https:\/\/www.uninter.com\/pesquisa\/wp-content\/uploads\/2024\/08\/Copia-de-Por-que-participar-da-Iniciacao-Cientifica-768x768.png 768w, https:\/\/www.uninter.com\/pesquisa\/wp-content\/uploads\/2024\/08\/Copia-de-Por-que-participar-da-Iniciacao-Cientifica.png 1080w\" sizes=\"(max-width: 300px) 100vw, 300px\" \/><\/p>\n","protected":false},"featured_media":2935,"menu_order":0,"template":"","categories":[15],"acf":[],"_links":{"self":[{"href":"https:\/\/www.uninter.com\/pesquisa\/wp-json\/wp\/v2\/eventos\/2664"}],"collection":[{"href":"https:\/\/www.uninter.com\/pesquisa\/wp-json\/wp\/v2\/eventos"}],"about":[{"href":"https:\/\/www.uninter.com\/pesquisa\/wp-json\/wp\/v2\/types\/eventos"}],"wp:featuredmedia":[{"embeddable":true,"href":"https:\/\/www.uninter.com\/pesquisa\/wp-json\/wp\/v2\/media\/2935"}],"wp:attachment":[{"href":"https:\/\/www.uninter.com\/pesquisa\/wp-json\/wp\/v2\/media?parent=2664"}],"wp:term":[{"taxonomy":"category","embeddable":true,"href":"https:\/\/www.uninter.com\/pesquisa\/wp-json\/wp\/v2\/categories?post=2664"}],"curies":[{"name":"wp","href":"https:\/\/api.w.org\/{rel}","templated":true}]}}

XI Seminário de Pesquisadores Uninter – II Edição – Fala aluno

<h3>Sobre o evento</h3>
<p>O <b><strong>XI Seminário de Pesquisadores Uninter</strong></b> é um evento acadêmico promovido pela Coordenação de Pesquisa e Publicações Acadêmicas Uninter. O <b><strong>XI Seminário de Pesquisadores Uninter</strong></b> – II Edição, fala aluno é um evento acadêmico que visa promover o intercâmbio de conhecimentos e experiências entre estudantes, professores e pesquisadores de diferentes áreas. A iniciativa é uma oportunidade para os alunos apresentarem os resultados de suas pesquisas, compartilharem suas descobertas e debaterem com a comunidade acadêmica.</p>
<p>O <b><strong>Seminário de Pesquisadores da Uninter</strong></b> é realizado anualmente com o objetivo de fomentar a pesquisa e a produção científica no ambiente acadêmico. Na segunda edição desse ano, o foco está em proporcionar um espaço para que estudantes de graduação e pós-graduação apresentem suas investigações, independentemente da etapa em que se encontram – seja em fase inicial, em andamento ou já concluídas.</p>
<p><a href="https://www.even3.com.br/xi-seminario-de-pesquisadores-uninter-ii-edicao-fala-aluno-487553/" target="_blank" rel="noopener">Inscreva-se aqui!</a></p>
<p>Para conferir como foi a primeira edição do XI Seminário de Pesquisadores, que teve como tema os avanços dos programas de pesquisa na Uninter, confira nosso canal do Youtube!<br />
<a href="https://www.youtube.com/@uninter-pesquisaepublicaco5794" target="_blank" rel="noopener">UNINTER &#8211; Pesquisa e Publicações Acadêmicas</a></p>
<p>Aproveite para seguir o perfil da pesquisa no Instagram para ficar por dentro de todos nossos eventos!<br />
<a href="https://www.instagram.com/accounts/onetap/?next=%2F" target="_blank" rel="noopener">@pesquisanauninter</a></p>
<p>A segunda edição está imperdível! Confira em nosso canal do Youtube!<br />
<a href="https://www.youtube.com/watch?v=Z5QibsmJwlQ" target="_blank" rel="noopener">Pesquisa UNINTER no Youtube</a></p>
<p>Aproveite para ler a matéria sobre a segunda edição de nosso evento na Central de Notícias Uninter:<br />
<a href="https://www.uninter.com/noticias/em-segunda-edicao-seminario-de-pesquisadores-uninter-abre-novas-inscricoes" target="_blank" rel="noopener">leia a matéria completa aqui!</a></p>
<p>Confira o depoimento de nossos alunos do Programa de Iniciação Científica &#8211; PIC<br />
<img decoding="async" loading="lazy" class="alignnone size-medium wp-image-2675" src="https://www.uninter.com/pesquisa/wp-content/uploads/2024/08/Copia-de-Por-que-participar-da-Iniciacao-Cientifica-300x300.png" alt="" width="300" height="300" srcset="https://www.uninter.com/pesquisa/wp-content/uploads/2024/08/Copia-de-Por-que-participar-da-Iniciacao-Cientifica-300x300.png 300w, https://www.uninter.com/pesquisa/wp-content/uploads/2024/08/Copia-de-Por-que-participar-da-Iniciacao-Cientifica-1024x1024.png 1024w, https://www.uninter.com/pesquisa/wp-content/uploads/2024/08/Copia-de-Por-que-participar-da-Iniciacao-Cientifica-150x150.png 150w, https://www.uninter.com/pesquisa/wp-content/uploads/2024/08/Copia-de-Por-que-participar-da-Iniciacao-Cientifica-768x768.png 768w, https://www.uninter.com/pesquisa/wp-content/uploads/2024/08/Copia-de-Por-que-participar-da-Iniciacao-Cientifica.png 1080w" sizes="(max-width: 300px) 100vw, 300px" /></p>
