{"id":2653,"date":"2024-08-20T15:36:46","date_gmt":"2024-08-20T18:36:46","guid":{"rendered":"https:\/\/www.uninter.com\/pesquisa\/?post_type=eventos&#038;p=2653"},"modified":"2025-04-08T09:00:20","modified_gmt":"2025-04-08T12:00:20","slug":"edigitl","status":"publish","type":"eventos","link":"https:\/\/www.uninter.com\/pesquisa\/eventos\/edigitl\/","title":{"rendered":"EDIGIT@L"},"content":{"rendered":"<p style=\"font-weight: 400;\">A velocidade com que a transforma\u00e7\u00e3o digital altera as formas de agir em diversas esferas da vida, inclusive na educa\u00e7\u00e3o, cria um ambiente de incerteza e ansiedade. Faz-se urgente, portanto, explorar como as tecnologias emergentes digitais podem ser incorporadas para aprimorar o processo de aprendizagem e preparar os estudantes para os desafios do s\u00e9culo XXI.<\/p>\n<p style=\"font-weight: 400;\">As metodologias tradicionais de ensino est\u00e3o sendo desafiadas pela necessidade de preparar os alunos para um mundo em constante mudan\u00e7a. Assim, educar na era digital exige que se crie ambientes de aprendizagem e objetos de aprendizagem mais din\u00e2micos, envolventes e adapt\u00e1veis \u00e0s necessidades individuais dos alunos, que devem chegar a\u0300s condic\u0327o\u0303es de participac\u0327a\u0303o ativa na\/da sociedade, ou seja se comunicando na cibercultura de modo \u201cexpressamente complexo, presente na mensagem e previsto pelo emissor, que abre ao receptor possibilidades de responder ao sistema de expressa\u0303o e de dialogar com ele\u201d. (Santos; Silva, 2014, p. 58).<\/p>\n<p style=\"font-weight: 400;\">Por isso, os fen\u00f4menos da comunica\u00e7\u00e3o desempenham um papel indispens\u00e1vel em todos os setores da sociedade. As tecnologias digitais de informa\u00e7\u00e3o e comunica\u00e7\u00e3o se manifestam de maneira distinta na cibercultura: o que antes era transmitido por suportes f\u00edsicos agora se torna invis\u00edvel, representado pelos bits do universo virtual. Cibercultura, para Levy (1999, p. 17), \u201c\u00e9 o conjunto de t\u00e9cnicas (materiais e intelectuais), de pr\u00e1ticas, de atitudes, de modos de pensamento e de valores que se desenvolvem juntamente com o ciberespa\u00e7o\u201d.<\/p>\n<p style=\"font-weight: 400;\">Dessa forma, o evento <b><strong>&#8220;Inova\u00e7\u00e3o, Educa\u00e7\u00e3o e Tecnologias Emergentes: conectando saberes nos ambientes educacionais&#8221;\u00a0<\/strong><\/b>tem como prop\u00f3sito explorar a conex\u00e3o entre diversos saberes, promovendo a interdisciplinaridade ao conectar diferentes \u00e1reas do conhecimento e as tecnologias emergentes, entendidas aqui como sendo os avan\u00e7os contempor\u00e2neos e as inova\u00e7\u00f5es de diversos campos da tecnologia que podem ser utilizadas por educadores nos seus processos de ensino aprendizagem.<\/p>\n<p style=\"font-weight: 400;\">Nesse sentido, o evento serve como um f\u00f3rum para reunir educadores, estudantes, pesquisadores e profissionais da \u00e1rea da pesquisa em tecnologias e educa\u00e7\u00e3o, a fim de discutir, colaborar e compartilhar experi\u00eancias na pesquisa educacional e pr\u00e1ticas inovadoras, promovendo um engajamento ativo desta comunidade.<\/p>\n<p>O evento acontecer\u00e1 do dia 05 de novembro at\u00e9 08 de novembro, com uma programa\u00e7\u00e3o incr\u00edvel para voc\u00ea participar.<br \/>\n<a href=\"https:\/\/www.even3.com.br\/edigitl-466252\/\" target=\"_blank\" rel=\"noopener\">Inscreva-se aqui!<\/a><\/p>\n<p>Confira a mat\u00e9ria sobre nosso evento na Central de Not\u00edcias Uninter:<\/p>\n<p><a href=\"https:\/\/www.uninter.com\/noticias\/congresso-edigitl-conecta-saberes-de-inovacao-educacao-e-tecnologia\" target=\"_blank\" rel=\"noopener\">Congresso Edigit@l conecta saberes de inova\u00e7\u00e3o, educa\u00e7\u00e3o e tecnologia<\/a><br \/>\n<a href=\"https:\/\/www.uninter.com\/noticias\/ainda-da-tempo-inscricoes-para-o-congresso-edigitl-encerram-em-outubro\" target=\"_blank\" rel=\"noopener\">Inscri\u00e7\u00f5es para o Congresso Edigit@l encerram em outubro<\/a><\/p>\n","protected":false},"featured_media":2936,"menu_order":0,"template":"","categories":[15],"acf":[],"_links":{"self":[{"href":"https:\/\/www.uninter.com\/pesquisa\/wp-json\/wp\/v2\/eventos\/2653"}],"collection":[{"href":"https:\/\/www.uninter.com\/pesquisa\/wp-json\/wp\/v2\/eventos"}],"about":[{"href":"https:\/\/www.uninter.com\/pesquisa\/wp-json\/wp\/v2\/types\/eventos"}],"wp:featuredmedia":[{"embeddable":true,"href":"https:\/\/www.uninter.com\/pesquisa\/wp-json\/wp\/v2\/media\/2936"}],"wp:attachment":[{"href":"https:\/\/www.uninter.com\/pesquisa\/wp-json\/wp\/v2\/media?parent=2653"}],"wp:term":[{"taxonomy":"category","embeddable":true,"href":"https:\/\/www.uninter.com\/pesquisa\/wp-json\/wp\/v2\/categories?post=2653"}],"curies":[{"name":"wp","href":"https:\/\/api.w.org\/{rel}","templated":true}]}}

<p style="font-weight: 400;">A velocidade com que a transformação digital altera as formas de agir em diversas esferas da vida, inclusive na educação, cria um ambiente de incerteza e ansiedade. Faz-se urgente, portanto, explorar como as tecnologias emergentes digitais podem ser incorporadas para aprimorar o processo de aprendizagem e preparar os estudantes para os desafios do século XXI.</p>
<p style="font-weight: 400;">As metodologias tradicionais de ensino estão sendo desafiadas pela necessidade de preparar os alunos para um mundo em constante mudança. Assim, educar na era digital exige que se crie ambientes de aprendizagem e objetos de aprendizagem mais dinâmicos, envolventes e adaptáveis às necessidades individuais dos alunos, que devem chegar às condições de participação ativa na/da sociedade, ou seja se comunicando na cibercultura de modo “expressamente complexo, presente na mensagem e previsto pelo emissor, que abre ao receptor possibilidades de responder ao sistema de expressão e de dialogar com ele”. (Santos; Silva, 2014, p. 58).</p>
<p style="font-weight: 400;">Por isso, os fenômenos da comunicação desempenham um papel indispensável em todos os setores da sociedade. As tecnologias digitais de informação e comunicação se manifestam de maneira distinta na cibercultura: o que antes era transmitido por suportes físicos agora se torna invisível, representado pelos bits do universo virtual. Cibercultura, para Levy (1999, p. 17), “é o conjunto de técnicas (materiais e intelectuais), de práticas, de atitudes, de modos de pensamento e de valores que se desenvolvem juntamente com o ciberespaço”.</p>
<p style="font-weight: 400;">Dessa forma, o evento <b><strong>&#8220;Inovação, Educação e Tecnologias Emergentes: conectando saberes nos ambientes educacionais&#8221; </strong></b>tem como propósito explorar a conexão entre diversos saberes, promovendo a interdisciplinaridade ao conectar diferentes áreas do conhecimento e as tecnologias emergentes, entendidas aqui como sendo os avanços contemporâneos e as inovações de diversos campos da tecnologia que podem ser utilizadas por educadores nos seus processos de ensino aprendizagem.</p>
<p style="font-weight: 400;">Nesse sentido, o evento serve como um fórum para reunir educadores, estudantes, pesquisadores e profissionais da área da pesquisa em tecnologias e educação, a fim de discutir, colaborar e compartilhar experiências na pesquisa educacional e práticas inovadoras, promovendo um engajamento ativo desta comunidade.</p>
<p>O evento acontecerá do dia 05 de novembro até 08 de novembro, com uma programação incrível para você participar.<br />
<a href="https://www.even3.com.br/edigitl-466252/" target="_blank" rel="noopener">Inscreva-se aqui!</a></p>
<p>Confira a matéria sobre nosso evento na Central de Notícias Uninter:</p>
<p><a href="https://www.uninter.com/noticias/congresso-edigitl-conecta-saberes-de-inovacao-educacao-e-tecnologia" target="_blank" rel="noopener">Congresso Edigit@l conecta saberes de inovação, educação e tecnologia</a><br />
<a href="https://www.uninter.com/noticias/ainda-da-tempo-inscricoes-para-o-congresso-edigitl-encerram-em-outubro" target="_blank" rel="noopener">Inscrições para o Congresso Edigit@l encerram em outubro</a></p>
