{"id":2297,"date":"2023-08-09T14:48:51","date_gmt":"2023-08-09T17:48:51","guid":{"rendered":"https:\/\/www.uninter.com\/pesquisa\/?post_type=eventos&#038;p=2297"},"modified":"2025-04-08T09:01:12","modified_gmt":"2025-04-08T12:01:12","slug":"xvii-enfoc-encontro-de-iniciacao-cientifica-e-forum-cientifico-ix-seminario-pibid-rp","status":"publish","type":"eventos","link":"https:\/\/www.uninter.com\/pesquisa\/eventos\/xvii-enfoc-encontro-de-iniciacao-cientifica-e-forum-cientifico-ix-seminario-pibid-rp\/","title":{"rendered":"XVII ENFOC &#8211; Encontro de Inicia\u00e7\u00e3o Cient\u00edfica e F\u00f3rum Cient\u00edfico, IX Semin\u00e1rio PIBID-RP"},"content":{"rendered":"\r\n<p><a href=\"https:\/\/www.even3.com.br\/enfocuninter2023\/\" target=\"_blank\" rel=\"noreferrer noopener\">https:\/\/www.even3.com.br\/enf<\/a><a href=\"https:\/\/www.even3.com.br\/enfocuninter2023\/\" target=\"_blank\" rel=\"noreferrer noopener\">ocuninter2023\/<\/a><\/p>\r\n\r\n\r\n\r\n<p>O Encontro de Inicia\u00e7\u00e3o Cient\u00edfica e F\u00f3rum Cient\u00edfico (ENFOC) est\u00e1 em sua XVII edi\u00e7\u00e3o como evento de divulga\u00e7\u00e3o cient\u00edfica cujo p\u00fablico-alvo s\u00e3o pesquisadores, professores e estudantes de gradua\u00e7\u00e3o e de p\u00f3s-gradua\u00e7\u00e3o de todas as institui\u00e7\u00f5es de ensino superior em \u00e2mbito nacional, integrados no formato on-line. Desde 2014, o evento abrange, tamb\u00e9m, os Semin\u00e1rios do Programa Institucional de Bolsa\u00a0de Inicia\u00e7\u00e3o \u00e0 Doc\u00eancia (PIBID) e do Programa de Resid\u00eancia Pedag\u00f3gica. Em 2023, o\u00a0tema central do ENFOC \u00e9:\u00a0<strong>\u201cDesafios para infraestrutura da pesquisa e da produ\u00e7\u00e3o cient\u00edfica\u201d<\/strong>.\u00a0\u00a0<\/p>\r\n\r\n\r\n\r\n<p>Essa edi\u00e7\u00e3o aborda os avan\u00e7os e os entraves para os desenvolvimentos cient\u00edfico e tecnol\u00f3gicos nas \u00faltimas d\u00e9cadas, de maneira que problematiza os principais desafios da pesquisa no Brasil a partir da an\u00e1lise de pesquisadores atuantes.<\/p>\r\n","protected":false},"featured_media":2938,"menu_order":0,"template":"","categories":[12],"acf":[],"_links":{"self":[{"href":"https:\/\/www.uninter.com\/pesquisa\/wp-json\/wp\/v2\/eventos\/2297"}],"collection":[{"href":"https:\/\/www.uninter.com\/pesquisa\/wp-json\/wp\/v2\/eventos"}],"about":[{"href":"https:\/\/www.uninter.com\/pesquisa\/wp-json\/wp\/v2\/types\/eventos"}],"wp:featuredmedia":[{"embeddable":true,"href":"https:\/\/www.uninter.com\/pesquisa\/wp-json\/wp\/v2\/media\/2938"}],"wp:attachment":[{"href":"https:\/\/www.uninter.com\/pesquisa\/wp-json\/wp\/v2\/media?parent=2297"}],"wp:term":[{"taxonomy":"category","embeddable":true,"href":"https:\/\/www.uninter.com\/pesquisa\/wp-json\/wp\/v2\/categories?post=2297"}],"curies":[{"name":"wp","href":"https:\/\/api.w.org\/{rel}","templated":true}]}}

XVII ENFOC &#8211; Encontro de Iniciação Científica e Fórum Científico, IX Seminário PIBID-RP

<p><a href="https://www.even3.com.br/enfocuninter2023/" target="_blank" rel="noreferrer noopener">https://www.even3.com.br/enf</a><a href="https://www.even3.com.br/enfocuninter2023/" target="_blank" rel="noreferrer noopener">ocuninter2023/</a></p>



<p>O Encontro de Iniciação Científica e Fórum Científico (ENFOC) está em sua XVII edição como evento de divulgação científica cujo público-alvo são pesquisadores, professores e estudantes de graduação e de pós-graduação de todas as instituições de ensino superior em âmbito nacional, integrados no formato on-line. Desde 2014, o evento abrange, também, os Seminários do Programa Institucional de Bolsa de Iniciação à Docência (PIBID) e do Programa de Residência Pedagógica. Em 2023, o tema central do ENFOC é: <strong>“Desafios para infraestrutura da pesquisa e da produção científica”</strong>.  </p>



<p>Essa edição aborda os avanços e os entraves para os desenvolvimentos científico e tecnológicos nas últimas décadas, de maneira que problematiza os principais desafios da pesquisa no Brasil a partir da análise de pesquisadores atuantes.</p>
