{"id":2265,"date":"2023-06-05T11:24:40","date_gmt":"2023-06-05T14:24:40","guid":{"rendered":"https:\/\/www.uninter.com\/pesquisa\/?post_type=eventos&#038;p=2265"},"modified":"2025-04-08T09:04:28","modified_gmt":"2025-04-08T12:04:28","slug":"i-jornada-do-programa-de-iniciacao-cientifica-uninter","status":"publish","type":"eventos","link":"https:\/\/www.uninter.com\/pesquisa\/eventos\/i-jornada-do-programa-de-iniciacao-cientifica-uninter\/","title":{"rendered":"I Jornada do Programa de Inicia\u00e7\u00e3o Cient\u00edfica Uninter"},"content":{"rendered":"<p><a href=\"https:\/\/www.even3.com.br\/jorpicghesp2022\/\">https:\/\/www.even3.com.br\/jorpicghesp2022\/<\/a><\/p>\n<p>I Jornada do Programa de Inicia\u00e7\u00e3o Cient\u00edfica Uninter &amp; IV Semin\u00e1rio Grupo de pesquisa Hist\u00f3ria Educa\u00e7\u00e3o e Sociedade &#8211; UNINTER<\/p>\n","protected":false},"featured_media":2942,"menu_order":0,"template":"","categories":[15],"acf":[],"_links":{"self":[{"href":"https:\/\/www.uninter.com\/pesquisa\/wp-json\/wp\/v2\/eventos\/2265"}],"collection":[{"href":"https:\/\/www.uninter.com\/pesquisa\/wp-json\/wp\/v2\/eventos"}],"about":[{"href":"https:\/\/www.uninter.com\/pesquisa\/wp-json\/wp\/v2\/types\/eventos"}],"wp:featuredmedia":[{"embeddable":true,"href":"https:\/\/www.uninter.com\/pesquisa\/wp-json\/wp\/v2\/media\/2942"}],"wp:attachment":[{"href":"https:\/\/www.uninter.com\/pesquisa\/wp-json\/wp\/v2\/media?parent=2265"}],"wp:term":[{"taxonomy":"category","embeddable":true,"href":"https:\/\/www.uninter.com\/pesquisa\/wp-json\/wp\/v2\/categories?post=2265"}],"curies":[{"name":"wp","href":"https:\/\/api.w.org\/{rel}","templated":true}]}}

I Jornada do Programa de Iniciação Científica Uninter

<p><a href="https://www.even3.com.br/jorpicghesp2022/">https://www.even3.com.br/jorpicghesp2022/</a></p>
<p>I Jornada do Programa de Iniciação Científica Uninter &amp; IV Seminário Grupo de pesquisa História Educação e Sociedade &#8211; UNINTER</p>
