{"id":2263,"date":"2023-06-05T11:19:42","date_gmt":"2023-06-05T14:19:42","guid":{"rendered":"https:\/\/www.uninter.com\/pesquisa\/?post_type=eventos&#038;p=2263"},"modified":"2025-04-08T15:21:04","modified_gmt":"2025-04-08T18:21:04","slug":"iv-coloquio-de-etica-em-pesquisa-uninter","status":"publish","type":"eventos","link":"https:\/\/www.uninter.com\/pesquisa\/eventos\/iv-coloquio-de-etica-em-pesquisa-uninter\/","title":{"rendered":"IV Col\u00f3quio de \u00c9tica em Pesquisa UNINTER"},"content":{"rendered":"<p><a href=\"https:\/\/www.even3.com.br\/IVCOLOQUIOCEPUNINTER\">https:\/\/www.even3.com.br\/IVCOLOQUIOCEPUNINTER<\/a><\/p>\n<p>O objetivo deste evento \u00e9 debater as ra\u00edzes filos\u00f3ficas imbricadas nas pesquisas cient\u00edficas, com vistas a debater a dimens\u00e3o \u00e9tica destas investiga\u00e7\u00f5es e a forma\u00e7\u00e3o do pesquisador, sob esse vi\u00e9s.<\/p>\n","protected":false},"featured_media":2947,"menu_order":0,"template":"","categories":[15],"acf":[],"_links":{"self":[{"href":"https:\/\/www.uninter.com\/pesquisa\/wp-json\/wp\/v2\/eventos\/2263"}],"collection":[{"href":"https:\/\/www.uninter.com\/pesquisa\/wp-json\/wp\/v2\/eventos"}],"about":[{"href":"https:\/\/www.uninter.com\/pesquisa\/wp-json\/wp\/v2\/types\/eventos"}],"wp:featuredmedia":[{"embeddable":true,"href":"https:\/\/www.uninter.com\/pesquisa\/wp-json\/wp\/v2\/media\/2947"}],"wp:attachment":[{"href":"https:\/\/www.uninter.com\/pesquisa\/wp-json\/wp\/v2\/media?parent=2263"}],"wp:term":[{"taxonomy":"category","embeddable":true,"href":"https:\/\/www.uninter.com\/pesquisa\/wp-json\/wp\/v2\/categories?post=2263"}],"curies":[{"name":"wp","href":"https:\/\/api.w.org\/{rel}","templated":true}]}}

IV Colóquio de Ética em Pesquisa UNINTER

<p><a href="https://www.even3.com.br/IVCOLOQUIOCEPUNINTER">https://www.even3.com.br/IVCOLOQUIOCEPUNINTER</a></p>
<p>O objetivo deste evento é debater as raízes filosóficas imbricadas nas pesquisas científicas, com vistas a debater a dimensão ética destas investigações e a formação do pesquisador, sob esse viés.</p>
