{"id":2676,"date":"2022-04-20T12:05:09","date_gmt":"2022-04-20T12:05:09","guid":{"rendered":"https:\/\/www.uninter.com\/galeriavirtual\/?post_type=videos&#038;p=2676"},"modified":"2022-05-04T16:57:26","modified_gmt":"2022-05-04T16:57:26","slug":"ciranda-no-ensino-infantil","status":"publish","type":"videos","link":"https:\/\/www.uninter.com\/galeriavirtual\/videos\/ciranda-no-ensino-infantil\/","title":{"rendered":"Ciranda no Ensino Infantil"},"content":{"rendered":"<p><strong><em>Autor<\/em><\/strong><em>: BARROS, Marcos de; LIMA, Iuri de<\/em><\/p>\n<p><strong><em>T\u00e9cnica<\/em><\/strong><em>: Guitarra, saxofone e percuss\u00e3o com copos<\/em><\/p>\n<p><strong><em>Dimens\u00f5es da obra ou dura\u00e7\u00e3o<\/em><\/strong><em>: 1\u201902\u201d<\/em><\/p>\n<p><strong><em>Ano de realiza\u00e7\u00e3o<\/em><\/strong><em>: 2020<\/em><\/p>\n<p><strong><em>Disciplina<\/em><\/strong><em>(s): Cantigas de Roda; Epistemologia Gen\u00e9tica.<\/em><\/p>\n<p><strong><em>Polo<\/em><\/strong><em>: Salvador (Iguatemi) \u2013 BA; S\u00e3o Lu\u00eds (Anil) &#8211; MA<\/em><\/p>\n<p><strong><em>Curso<\/em><\/strong><em>: Licenciatura em M\u00fasica<\/em><\/p>\n","protected":false},"featured_media":2915,"menu_order":0,"template":"","categories":[10],"acf":[],"_links":{"self":[{"href":"https:\/\/www.uninter.com\/galeriavirtual\/wp-json\/wp\/v2\/videos\/2676"}],"collection":[{"href":"https:\/\/www.uninter.com\/galeriavirtual\/wp-json\/wp\/v2\/videos"}],"about":[{"href":"https:\/\/www.uninter.com\/galeriavirtual\/wp-json\/wp\/v2\/types\/videos"}],"wp:featuredmedia":[{"embeddable":true,"href":"https:\/\/www.uninter.com\/galeriavirtual\/wp-json\/wp\/v2\/media\/2915"}],"wp:attachment":[{"href":"https:\/\/www.uninter.com\/galeriavirtual\/wp-json\/wp\/v2\/media?parent=2676"}],"wp:term":[{"taxonomy":"category","embeddable":true,"href":"https:\/\/www.uninter.com\/galeriavirtual\/wp-json\/wp\/v2\/categories?post=2676"}],"curies":[{"name":"wp","href":"https:\/\/api.w.org\/{rel}","templated":true}]}}

<p><strong><em>Autor</em></strong><em>: BARROS, Marcos de; LIMA, Iuri de</em></p>
<p><strong><em>Técnica</em></strong><em>: Guitarra, saxofone e percussão com copos</em></p>
<p><strong><em>Dimensões da obra ou duração</em></strong><em>: 1’02”</em></p>
<p><strong><em>Ano de realização</em></strong><em>: 2020</em></p>
<p><strong><em>Disciplina</em></strong><em>(s): Cantigas de Roda; Epistemologia Genética.</em></p>
<p><strong><em>Polo</em></strong><em>: Salvador (Iguatemi) – BA; São Luís (Anil) &#8211; MA</em></p>
<p><strong><em>Curso</em></strong><em>: Licenciatura em Música</em></p>
