{"id":2675,"date":"2022-04-20T12:03:47","date_gmt":"2022-04-20T12:03:47","guid":{"rendered":"https:\/\/www.uninter.com\/galeriavirtual\/?post_type=videos&#038;p=2675"},"modified":"2022-05-04T16:53:35","modified_gmt":"2022-05-04T16:53:35","slug":"aprendendo-com-cantiga-de-roda","status":"publish","type":"videos","link":"https:\/\/www.uninter.com\/galeriavirtual\/videos\/aprendendo-com-cantiga-de-roda\/","title":{"rendered":"Aprendendo com cantiga de roda"},"content":{"rendered":"<p><strong>Autor<\/strong>: RODRIGUES, Ednelson Aparecido<\/p>\n<p><strong>T\u00e9cnica<\/strong>: Atividade pedag\u00f3gica com cantiga de roda<\/p>\n<p><strong>Dimens\u00f5es da obra ou dura\u00e7\u00e3o<\/strong>: 1\u201942\u201d<\/p>\n<p><strong>Ano de realiza\u00e7\u00e3o<\/strong>: 2020<\/p>\n<p><strong>Disciplina<\/strong>(s): Cantigas de Roda; Epistemologia Gen\u00e9tica.<\/p>\n<p><strong>Polo<\/strong>: Salto &#8211; SP<\/p>\n<p><strong>Curso<\/strong>: Licenciatura em M\u00fasica<\/p>\n","protected":false},"featured_media":2914,"menu_order":0,"template":"","categories":[10],"acf":[],"_links":{"self":[{"href":"https:\/\/www.uninter.com\/galeriavirtual\/wp-json\/wp\/v2\/videos\/2675"}],"collection":[{"href":"https:\/\/www.uninter.com\/galeriavirtual\/wp-json\/wp\/v2\/videos"}],"about":[{"href":"https:\/\/www.uninter.com\/galeriavirtual\/wp-json\/wp\/v2\/types\/videos"}],"wp:featuredmedia":[{"embeddable":true,"href":"https:\/\/www.uninter.com\/galeriavirtual\/wp-json\/wp\/v2\/media\/2914"}],"wp:attachment":[{"href":"https:\/\/www.uninter.com\/galeriavirtual\/wp-json\/wp\/v2\/media?parent=2675"}],"wp:term":[{"taxonomy":"category","embeddable":true,"href":"https:\/\/www.uninter.com\/galeriavirtual\/wp-json\/wp\/v2\/categories?post=2675"}],"curies":[{"name":"wp","href":"https:\/\/api.w.org\/{rel}","templated":true}]}}

<p><strong>Autor</strong>: RODRIGUES, Ednelson Aparecido</p>
<p><strong>Técnica</strong>: Atividade pedagógica com cantiga de roda</p>
<p><strong>Dimensões da obra ou duração</strong>: 1’42”</p>
<p><strong>Ano de realização</strong>: 2020</p>
<p><strong>Disciplina</strong>(s): Cantigas de Roda; Epistemologia Genética.</p>
<p><strong>Polo</strong>: Salto &#8211; SP</p>
<p><strong>Curso</strong>: Licenciatura em Música</p>
