{"id":2674,"date":"2022-04-20T12:00:02","date_gmt":"2022-04-20T12:00:02","guid":{"rendered":"https:\/\/www.uninter.com\/galeriavirtual\/?post_type=videos&#038;p=2674"},"modified":"2022-05-04T16:54:15","modified_gmt":"2022-05-04T16:54:15","slug":"viola-caipira-no-mirante","status":"publish","type":"videos","link":"https:\/\/www.uninter.com\/galeriavirtual\/videos\/viola-caipira-no-mirante\/","title":{"rendered":"Viola Caipira no Mirante"},"content":{"rendered":"<p><strong>Autor<\/strong>: LIMA, Jair Carlos; SOUZA, Vin\u00edcius de; OLIVEIRA, Jucimara<\/p>\n<p><strong>T\u00e9cnica<\/strong>: Trio de violas<\/p>\n<p><strong>Dimens\u00f5es da obra ou dura\u00e7\u00e3o:<\/strong>\u00a01\u201945\u201d<\/p>\n<p><strong>Ano de realiza\u00e7\u00e3o<\/strong>: 2020<\/p>\n<p><strong>Disciplina<\/strong>(s): Fundamentos da Harmonia; Estudo das Rela\u00e7\u00f5es \u00c9tnico-Raciais.<\/p>\n<p><strong>Polo<\/strong>: Nova Londrina &#8211; PR<\/p>\n<p><strong>Curso<\/strong>: Licenciatura em M\u00fasica<\/p>\n","protected":false},"featured_media":2885,"menu_order":0,"template":"","categories":[10],"acf":[],"_links":{"self":[{"href":"https:\/\/www.uninter.com\/galeriavirtual\/wp-json\/wp\/v2\/videos\/2674"}],"collection":[{"href":"https:\/\/www.uninter.com\/galeriavirtual\/wp-json\/wp\/v2\/videos"}],"about":[{"href":"https:\/\/www.uninter.com\/galeriavirtual\/wp-json\/wp\/v2\/types\/videos"}],"wp:featuredmedia":[{"embeddable":true,"href":"https:\/\/www.uninter.com\/galeriavirtual\/wp-json\/wp\/v2\/media\/2885"}],"wp:attachment":[{"href":"https:\/\/www.uninter.com\/galeriavirtual\/wp-json\/wp\/v2\/media?parent=2674"}],"wp:term":[{"taxonomy":"category","embeddable":true,"href":"https:\/\/www.uninter.com\/galeriavirtual\/wp-json\/wp\/v2\/categories?post=2674"}],"curies":[{"name":"wp","href":"https:\/\/api.w.org\/{rel}","templated":true}]}}

<p><strong>Autor</strong>: LIMA, Jair Carlos; SOUZA, Vinícius de; OLIVEIRA, Jucimara</p>
<p><strong>Técnica</strong>: Trio de violas</p>
<p><strong>Dimensões da obra ou duração:</strong> 1’45”</p>
<p><strong>Ano de realização</strong>: 2020</p>
<p><strong>Disciplina</strong>(s): Fundamentos da Harmonia; Estudo das Relações Étnico-Raciais.</p>
<p><strong>Polo</strong>: Nova Londrina &#8211; PR</p>
<p><strong>Curso</strong>: Licenciatura em Música</p>
