{"id":2673,"date":"2022-04-20T11:57:50","date_gmt":"2022-04-20T11:57:50","guid":{"rendered":"https:\/\/www.uninter.com\/galeriavirtual\/?post_type=videos&#038;p=2673"},"modified":"2022-05-04T16:33:23","modified_gmt":"2022-05-04T16:33:23","slug":"chimarrao-na-praca","status":"publish","type":"videos","link":"https:\/\/www.uninter.com\/galeriavirtual\/videos\/chimarrao-na-praca\/","title":{"rendered":"Chimarr\u00e3o na Pra\u00e7a"},"content":{"rendered":"<p><strong>Autor<\/strong>: SILVA, Ervandil Silveira da<\/p>\n<p><strong>T\u00e9cnica<\/strong>: M\u00fasica Tradicional Ga\u00facha<\/p>\n<p><strong>Dimens\u00f5es da obra ou dura\u00e7\u00e3o:<\/strong>\u00a01\u201949\u201d<\/p>\n<p><strong>Ano de realiza\u00e7\u00e3o<\/strong>: 2020<\/p>\n<p><strong>Disciplina<\/strong>(s): Percep\u00e7\u00e3o Musical; Nota\u00e7\u00e3o e Linguagem Musical.<\/p>\n<p><strong>Polo<\/strong>: Passo Fundo &#8211; RS<\/p>\n<p><strong>Curso<\/strong>: Licenciatura em M\u00fasica<\/p>\n","protected":false},"featured_media":2911,"menu_order":0,"template":"","categories":[10],"acf":[],"_links":{"self":[{"href":"https:\/\/www.uninter.com\/galeriavirtual\/wp-json\/wp\/v2\/videos\/2673"}],"collection":[{"href":"https:\/\/www.uninter.com\/galeriavirtual\/wp-json\/wp\/v2\/videos"}],"about":[{"href":"https:\/\/www.uninter.com\/galeriavirtual\/wp-json\/wp\/v2\/types\/videos"}],"wp:featuredmedia":[{"embeddable":true,"href":"https:\/\/www.uninter.com\/galeriavirtual\/wp-json\/wp\/v2\/media\/2911"}],"wp:attachment":[{"href":"https:\/\/www.uninter.com\/galeriavirtual\/wp-json\/wp\/v2\/media?parent=2673"}],"wp:term":[{"taxonomy":"category","embeddable":true,"href":"https:\/\/www.uninter.com\/galeriavirtual\/wp-json\/wp\/v2\/categories?post=2673"}],"curies":[{"name":"wp","href":"https:\/\/api.w.org\/{rel}","templated":true}]}}

Chimarrão na Praça

<p><strong>Autor</strong>: SILVA, Ervandil Silveira da</p>
<p><strong>Técnica</strong>: Música Tradicional Gaúcha</p>
<p><strong>Dimensões da obra ou duração:</strong> 1’49”</p>
<p><strong>Ano de realização</strong>: 2020</p>
<p><strong>Disciplina</strong>(s): Percepção Musical; Notação e Linguagem Musical.</p>
<p><strong>Polo</strong>: Passo Fundo &#8211; RS</p>
<p><strong>Curso</strong>: Licenciatura em Música</p>
