{"id":2672,"date":"2022-04-20T11:55:48","date_gmt":"2022-04-20T11:55:48","guid":{"rendered":"https:\/\/www.uninter.com\/galeriavirtual\/?post_type=videos&#038;p=2672"},"modified":"2022-05-04T16:51:15","modified_gmt":"2022-05-04T16:51:15","slug":"musica-na-praca","status":"publish","type":"videos","link":"https:\/\/www.uninter.com\/galeriavirtual\/videos\/musica-na-praca\/","title":{"rendered":"M\u00fasica na Pra\u00e7a"},"content":{"rendered":"<p><strong>Autor<\/strong>: SANTOS, Cleude William Silva<\/p>\n<p><strong>T\u00e9cnica<\/strong>: Canto Coral<\/p>\n<p><strong>Dimens\u00f5es da obra ou dura\u00e7\u00e3o:<\/strong>\u00a01\u201901\u201d<\/p>\n<p><strong>Ano de realiza\u00e7\u00e3o<\/strong>: 2020<\/p>\n<p><strong>Disciplina<\/strong>(s): Princ\u00edpios da Percep\u00e7\u00e3o Musical; Leitura e Escrita Musical.<\/p>\n<p><strong>Polo<\/strong>: Belo Horizonte (Centro) &#8211; MG<\/p>\n<p><strong>Curso<\/strong>: Licenciatura em M\u00fasica<\/p>\n","protected":false},"featured_media":2912,"menu_order":0,"template":"","categories":[10],"acf":[],"_links":{"self":[{"href":"https:\/\/www.uninter.com\/galeriavirtual\/wp-json\/wp\/v2\/videos\/2672"}],"collection":[{"href":"https:\/\/www.uninter.com\/galeriavirtual\/wp-json\/wp\/v2\/videos"}],"about":[{"href":"https:\/\/www.uninter.com\/galeriavirtual\/wp-json\/wp\/v2\/types\/videos"}],"wp:featuredmedia":[{"embeddable":true,"href":"https:\/\/www.uninter.com\/galeriavirtual\/wp-json\/wp\/v2\/media\/2912"}],"wp:attachment":[{"href":"https:\/\/www.uninter.com\/galeriavirtual\/wp-json\/wp\/v2\/media?parent=2672"}],"wp:term":[{"taxonomy":"category","embeddable":true,"href":"https:\/\/www.uninter.com\/galeriavirtual\/wp-json\/wp\/v2\/categories?post=2672"}],"curies":[{"name":"wp","href":"https:\/\/api.w.org\/{rel}","templated":true}]}}

Música na Praça

<p><strong>Autor</strong>: SANTOS, Cleude William Silva</p>
<p><strong>Técnica</strong>: Canto Coral</p>
<p><strong>Dimensões da obra ou duração:</strong> 1’01”</p>
<p><strong>Ano de realização</strong>: 2020</p>
<p><strong>Disciplina</strong>(s): Princípios da Percepção Musical; Leitura e Escrita Musical.</p>
<p><strong>Polo</strong>: Belo Horizonte (Centro) &#8211; MG</p>
<p><strong>Curso</strong>: Licenciatura em Música</p>
