{"id":2645,"date":"2022-04-08T11:26:29","date_gmt":"2022-04-08T11:26:29","guid":{"rendered":"https:\/\/www.uninter.com\/galeriavirtual\/?page_id=2645"},"modified":"2024-08-27T19:15:10","modified_gmt":"2024-08-27T19:15:10","slug":"sobre-nos","status":"publish","type":"page","link":"https:\/\/www.uninter.com\/galeriavirtual\/sobre-nos\/","title":{"rendered":"Sobre N\u00f3s"},"content":{"rendered":"<p>Os universos da arte e da m\u00fasica se desenvolvem juntamente com a sociedade e com isso, as formas de se propor, expor e fruir das obras e ideias dos artistas, al\u00e9m de m\u00faltiplas possibilidades de aprecia\u00e7\u00e3o musical. E com o advento da tecnologia o p\u00fablico teve a oportunidade de visitar galerias, teatros, salas de concerto, museus e exposi\u00e7\u00f5es remotamente com o aux\u00edlio de\u00a0<em>tours virtuais<\/em>\u00a0e alguns at\u00e9 mesmo com apoio de media\u00e7\u00e3o cultural. Da mesma forma, podemos ouvir apresenta\u00e7\u00f5es musicais diversas.<\/p>\n<p>Assim apresentamos a\u00a0<strong>Galeria Virtual <span class=\"ui-provider a b c d e f g h i j k l m n o p q r s t u v w x y z ab ac ae af ag ah ai aj ak\" dir=\"ltr\">ARENA CULTURAL<\/span><\/strong>, criada em 2019, com o prop\u00f3sito de realizar exposi\u00e7\u00f5es virtuais e apresenta\u00e7\u00f5es musicais, fomentar a arte e valorizar a pluralidade art\u00edstica e cultural. A\u00a0<strong>Galeria <span class=\"ui-provider a b c d e f g h i j k l m n o p q r s t u v w x y z ab ac ae af ag ah ai aj ak\" dir=\"ltr\">ARENA CULTURAL<\/span><\/strong>\u00a0tem como miss\u00e3o vivificar a consci\u00eancia e os valores humanos ao proporcionar a frui\u00e7\u00e3o da arte e cultura nacional e internacional a todos os p\u00fablicos, a partir de exposi\u00e7\u00f5es e eventos virtuais, al\u00e9m de a\u00e7\u00f5es criativas no \u00e2mbito da educa\u00e7\u00e3o e forma\u00e7\u00e3o patrimonial, e forma\u00e7\u00e3o de plateia. Al\u00e9m disso, a\u00a0<strong>Galeria <span class=\"ui-provider a b c d e f g h i j k l m n o p q r s t u v w x y z ab ac ae af ag ah ai aj ak\" dir=\"ltr\">ARENA CULTURAL<\/span><\/strong>\u00a0nasce de uma iniciativa da Escola Superior de Educa\u00e7\u00e3o (ESE) com o apoio da Funda\u00e7\u00e3o Wilson Picler e o Centro Universit\u00e1rio Internacional UNINTER.<\/p>\n<p>A<strong>\u00a0<\/strong><strong>Funda\u00e7\u00e3o Wilson Picler de Amparo<\/strong>\u00a0\u00e0 Educa\u00e7\u00e3o, Ci\u00eancia e Tecnologia tem a miss\u00e3o de desenvolver e fomentar a promo\u00e7\u00e3o de programas sociais, culturais, desportivos, de assist\u00eancia social e de defesa do patrim\u00f4nio hist\u00f3rico e art\u00edstico, bem como programas de defesa e conserva\u00e7\u00e3o do meio ambiente. Em termos de atua\u00e7\u00e3o, a Funda\u00e7\u00e3o objetiva atuar na \u00e1rea de educa\u00e7\u00e3o em todos os seus n\u00edveis de forma\u00e7\u00e3o e nas mais diversas modalidades, de acordo com o que rege a Lei de Diretrizes e Bases da Educa\u00e7\u00e3o.<\/p>\n<p>O<strong>\u00a0Centro Universit\u00e1rio Internacional UNINTER<\/strong>, por sua vez, foi criado em 2012, a partir da fus\u00e3o entre a Faculdade Internacional de Curitiba (FACINTER) e a Faculdade de Tecnologia de Curitiba (FATEC), com o objetivo de transpor barreiras geogr\u00e1ficas para levar ensino de qualidade a todo o Brasil. Para isso, apostou em uma equipe docente extremamente qualificada e em tecnologias de ponta. Com sede em Curitiba, conta com est\u00fadios equipados com o que h\u00e1 de melhor em tecnologia digital para produzir, editar e transmitir aulas e conte\u00fados complementares para todo o Brasil e exterior. O Grupo UNINTER tem como miss\u00e3o dedicar-se ilimitadamente na oferta do ensino de qualidade, levando solu\u00e7\u00f5es inovadoras em educa\u00e7\u00e3o para todos.<\/p>\n<p>Por fim, a\u00a0<strong>Galeria <span class=\"ui-provider a b c d e f g h i j k l m n o p q r s t u v w x y z ab ac ae af ag ah ai aj ak\" dir=\"ltr\">ARENA CULTURAL<\/span><\/strong>\u00a0foi idealizada para o\u00a0livre acesso do p\u00fabico no\u00a0<em>cyberespa\u00e7o<\/em>, onde ser\u00e3o realizadas mostras expositivas e apresenta\u00e7\u00f5es de m\u00fasica e diferentes categorias, al\u00e9m de sal\u00f5es de arte, design, poesia. Tais possibilidades ser\u00e3o realizadas a partir de submiss\u00e3o de projetos a editais propostos pela equipe curatorial da\u00a0<strong>Galeria <span class=\"ui-provider a b c d e f g h i j k l m n o p q r s t u v w x y z ab ac ae af ag ah ai aj ak\" dir=\"ltr\">ARENA CULTURAL<\/span><\/strong>\u00a0e parceiros. Os editais contam com datas espec\u00edficas e, portanto, vale a pena ficar atento \u00e0s possibilidades.<\/p>\n","protected":false},"excerpt":{"rendered":"<p>Os universos da arte e da m\u00fasica se desenvolvem juntamente com a sociedade e com isso, as formas de se propor, expor e fruir das obras e ideias dos artistas, al\u00e9m de m\u00faltiplas possibilidades de aprecia\u00e7\u00e3o musical. E com o advento da tecnologia o p\u00fablico teve a oportunidade de visitar galerias, teatros, salas de concerto, [&hellip;]<\/p>\n","protected":false},"author":1,"featured_media":0,"parent":0,"menu_order":0,"comment_status":"closed","ping_status":"closed","template":"","meta":[],"acf":[],"_links":{"self":[{"href":"https:\/\/www.uninter.com\/galeriavirtual\/wp-json\/wp\/v2\/pages\/2645"}],"collection":[{"href":"https:\/\/www.uninter.com\/galeriavirtual\/wp-json\/wp\/v2\/pages"}],"about":[{"href":"https:\/\/www.uninter.com\/galeriavirtual\/wp-json\/wp\/v2\/types\/page"}],"author":[{"embeddable":true,"href":"https:\/\/www.uninter.com\/galeriavirtual\/wp-json\/wp\/v2\/users\/1"}],"replies":[{"embeddable":true,"href":"https:\/\/www.uninter.com\/galeriavirtual\/wp-json\/wp\/v2\/comments?post=2645"}],"version-history":[{"count":9,"href":"https:\/\/www.uninter.com\/galeriavirtual\/wp-json\/wp\/v2\/pages\/2645\/revisions"}],"predecessor-version":[{"id":3528,"href":"https:\/\/www.uninter.com\/galeriavirtual\/wp-json\/wp\/v2\/pages\/2645\/revisions\/3528"}],"wp:attachment":[{"href":"https:\/\/www.uninter.com\/galeriavirtual\/wp-json\/wp\/v2\/media?parent=2645"}],"curies":[{"name":"wp","href":"https:\/\/api.w.org\/{rel}","templated":true}]}}

Sobre Nós

<p>Os universos da arte e da música se desenvolvem juntamente com a sociedade e com isso, as formas de se propor, expor e fruir das obras e ideias dos artistas, além de múltiplas possibilidades de apreciação musical. E com o advento da tecnologia o público teve a oportunidade de visitar galerias, teatros, salas de concerto, museus e exposições remotamente com o auxílio de <em>tours virtuais</em> e alguns até mesmo com apoio de mediação cultural. Da mesma forma, podemos ouvir apresentações musicais diversas.</p>
<p>Assim apresentamos a <strong>Galeria Virtual <span class="ui-provider a b c d e f g h i j k l m n o p q r s t u v w x y z ab ac ae af ag ah ai aj ak" dir="ltr">ARENA CULTURAL</span></strong>, criada em 2019, com o propósito de realizar exposições virtuais e apresentações musicais, fomentar a arte e valorizar a pluralidade artística e cultural. A <strong>Galeria <span class="ui-provider a b c d e f g h i j k l m n o p q r s t u v w x y z ab ac ae af ag ah ai aj ak" dir="ltr">ARENA CULTURAL</span></strong> tem como missão vivificar a consciência e os valores humanos ao proporcionar a fruição da arte e cultura nacional e internacional a todos os públicos, a partir de exposições e eventos virtuais, além de ações criativas no âmbito da educação e formação patrimonial, e formação de plateia. Além disso, a <strong>Galeria <span class="ui-provider a b c d e f g h i j k l m n o p q r s t u v w x y z ab ac ae af ag ah ai aj ak" dir="ltr">ARENA CULTURAL</span></strong> nasce de uma iniciativa da Escola Superior de Educação (ESE) com o apoio da Fundação Wilson Picler e o Centro Universitário Internacional UNINTER.</p>
<p>A<strong> </strong><strong>Fundação Wilson Picler de Amparo</strong> à Educação, Ciência e Tecnologia tem a missão de desenvolver e fomentar a promoção de programas sociais, culturais, desportivos, de assistência social e de defesa do patrimônio histórico e artístico, bem como programas de defesa e conservação do meio ambiente. Em termos de atuação, a Fundação objetiva atuar na área de educação em todos os seus níveis de formação e nas mais diversas modalidades, de acordo com o que rege a Lei de Diretrizes e Bases da Educação.</p>
<p>O<strong> Centro Universitário Internacional UNINTER</strong>, por sua vez, foi criado em 2012, a partir da fusão entre a Faculdade Internacional de Curitiba (FACINTER) e a Faculdade de Tecnologia de Curitiba (FATEC), com o objetivo de transpor barreiras geográficas para levar ensino de qualidade a todo o Brasil. Para isso, apostou em uma equipe docente extremamente qualificada e em tecnologias de ponta. Com sede em Curitiba, conta com estúdios equipados com o que há de melhor em tecnologia digital para produzir, editar e transmitir aulas e conteúdos complementares para todo o Brasil e exterior. O Grupo UNINTER tem como missão dedicar-se ilimitadamente na oferta do ensino de qualidade, levando soluções inovadoras em educação para todos.</p>
<p>Por fim, a <strong>Galeria <span class="ui-provider a b c d e f g h i j k l m n o p q r s t u v w x y z ab ac ae af ag ah ai aj ak" dir="ltr">ARENA CULTURAL</span></strong> foi idealizada para o livre acesso do púbico no <em>cyberespaço</em>, onde serão realizadas mostras expositivas e apresentações de música e diferentes categorias, além de salões de arte, design, poesia. Tais possibilidades serão realizadas a partir de submissão de projetos a editais propostos pela equipe curatorial da <strong>Galeria <span class="ui-provider a b c d e f g h i j k l m n o p q r s t u v w x y z ab ac ae af ag ah ai aj ak" dir="ltr">ARENA CULTURAL</span></strong> e parceiros. Os editais contam com datas específicas e, portanto, vale a pena ficar atento às possibilidades.</p>

<p>Os universos da arte e da música se desenvolvem juntamente com a sociedade e com isso, as formas de se propor, expor e fruir das obras e ideias dos artistas, além de múltiplas possibilidades de apreciação musical. E com o advento da tecnologia o público teve a oportunidade de visitar galerias, teatros, salas de concerto, [&hellip;]</p>
