{"id":2612,"date":"2022-04-06T19:49:26","date_gmt":"2022-04-06T19:49:26","guid":{"rendered":"https:\/\/www.uninter.com\/galeriavirtual\/?page_id=2612"},"modified":"2024-04-10T20:42:28","modified_gmt":"2024-04-10T20:42:28","slug":"ficha-tecnica","status":"publish","type":"page","link":"https:\/\/www.uninter.com\/galeriavirtual\/ficha-tecnica\/","title":{"rendered":"Ficha t\u00e9cnica"},"content":{"rendered":"<h2><strong>Comit\u00ea Gestor Misto (Centro Universit\u00e1rio Internacional UNINTER e Funda\u00e7\u00e3o Wilson Picler)\u00a0<\/strong><\/h2>\n<p><strong><br \/>\nBenhur E. Gaio (presidente)<\/strong><br \/>\nReitor do Centro Universit\u00e1rio Internacional UNINTER<\/p>\n<p>&nbsp;<\/p>\n<p><strong>Jorge Bernardi (vice-presidente)\u00a0<\/strong><\/p>\n<p>Funda\u00e7\u00e3o Wilson Picler<\/p>\n<p><strong>\u00a0<\/strong><\/p>\n<p><strong>Dinamara P Machado (diretora)\u00a0<\/strong><\/p>\n<p>Diretora da Escola Superior de Educa\u00e7\u00e3o do Centro Universit\u00e1rio Internacional UNINTER<\/p>\n<p>&nbsp;<\/p>\n<p><strong>Marcos Ruiz da Silva (coordenador de \u00e1rea)\u00a0<\/strong><\/p>\n<p>\u00c1rea de Linguagens Cultural e Corporal da Escola Superior de Educa\u00e7\u00e3o do Centro Universit\u00e1rio Internacional UNINTER<\/p>\n<p>&nbsp;<\/p>\n<hr \/>\n<h2><strong>Corpo T\u00e9cnico<\/strong><\/h2>\n<p>&nbsp;<\/p>\n<p><strong>Etienne Marcelino Henklein (planejamento e expografia)\u00a0<\/strong><\/p>\n<p>Professor da \u00c1rea de Linguagens Cultural e Corporal da Escola Superior de Educa\u00e7\u00e3o do Centro Universit\u00e1rio Internacional UNINTER<\/p>\n<p>&nbsp;<\/p>\n<p><strong>Andr\u00e9 Luis Pinto dos Santos (curadoria artes visuais)\u00a0<\/strong><\/p>\n<p>Professor da \u00c1rea de Linguagens Cultural e Corporal da Escola Superior de Educa\u00e7\u00e3o do Centro Universit\u00e1rio Internacional UNINTER<\/p>\n<p>&nbsp;<\/p>\n<p><strong>Jomar Villanova (curadoria artes visuais)\u00a0<\/strong><\/p>\n<p>Professor da \u00c1rea de Linguagens Cultural e Corporal da Escola Superior de Educa\u00e7\u00e3o do Centro Universit\u00e1rio Internacional UNINTER<\/p>\n<p>&nbsp;<\/p>\n<p><strong>Regiane Moreira da Silva (curadoria artes visuais)\u00a0<\/strong><\/p>\n<p>Professora da \u00c1rea de Linguagens Cultural e Corporal da Escola Superior de Educa\u00e7\u00e3o do Centro Universit\u00e1rio Internacional UNINTER<\/p>\n<p>&nbsp;<\/p>\n<p><strong>Alysson Siqueira (curadoria musical)\u00a0<\/strong><\/p>\n<p>Professor da \u00c1rea de Linguagens Cultural e Corporal da Escola Superior de Educa\u00e7\u00e3o do Centro Universit\u00e1rio Internacional UNINTER<\/p>\n<p>&nbsp;<\/p>\n<p><strong>Florinda Cerdeira Pimentel (curadoria musical)\u00a0<\/strong><\/p>\n<p>Professora da \u00c1rea de Linguagens Cultural e Corporal da Escola Superior de Educa\u00e7\u00e3o do Centro Universit\u00e1rio Internacional UNINTER<\/p>\n<p>&nbsp;<\/p>\n<p><strong>Jeimely Heep Bornholdt (curadoria musical)\u00a0<\/strong><\/p>\n<p>Professora da \u00c1rea de Linguagens Cultural e Corporal da Escola Superior de Educa\u00e7\u00e3o do Centro Universit\u00e1rio Internacional UNINTER<\/p>\n<p>&nbsp;<\/p>\n<p><strong>Larissa Priscila Bredow Hilgemberg (acervo e documenta\u00e7\u00e3o)\u00a0<\/strong><\/p>\n<p>Professora da \u00c1rea de Linguagens Cultural e Corporal da Escola Superior de Educa\u00e7\u00e3o do Centro Universit\u00e1rio Internacional UNINTER<\/p>\n<p>&nbsp;<\/p>\n<p><strong>Andr\u00e9 Luiz Moscaleski Cavazzani (historiografia e pesquisa)\u00a0<\/strong><\/p>\n<p>Professor da \u00c1rea de Linguagens e Sociedade da Escola Superior de Educa\u00e7\u00e3o do Centro Universit\u00e1rio Internacional UNINTER<\/p>\n<p>&nbsp;<\/p>\n<p><strong>Mariana Bonat Trevisan (historiografia e pesquisa)\u00a0<\/strong><\/p>\n<p>Professora da \u00c1rea de Linguagens e Sociedade da Escola Superior de Educa\u00e7\u00e3o do Centro Universit\u00e1rio Internacional UNINTER<\/p>\n<p>&nbsp;<\/p>\n<p><strong>Douglas Lopes (cr\u00edtica e estudos da est\u00e9tica)\u00a0<\/strong><\/p>\n<p>Professora da \u00c1rea de Humanidades da Escola Superior de Educa\u00e7\u00e3o do Centro Universit\u00e1rio Internacional UNINTER<\/p>\n<p>&nbsp;<\/p>\n<p><strong>Ana L\u00facia Zattar (comunica\u00e7\u00e3o e redes sociais)\u00a0<\/strong><\/p>\n<p>Professora da \u00c1rea de Linguagens Cultural e Corporal da Escola Superior de Educa\u00e7\u00e3o do Centro Universit\u00e1rio Internacional UNINTER<\/p>\n<p>&nbsp;<\/p>\n<p><strong>Larissa Warnavin (assessoria de imprensa)\u00a0<\/strong><\/p>\n<p>Professora da \u00c1rea de Geoci\u00eancias da Escola Superior de Educa\u00e7\u00e3o do Centro Universit\u00e1rio Internacional UNINTER<\/p>\n<p>&nbsp;<\/p>\n<p><strong>Cristiane Dall&#8217;Agnol da Silva Benvenutti (n\u00facleo de pr\u00e1ticas)\u00a0<\/strong><\/p>\n<p>Professora do N\u00facleo de Pr\u00e1ticas da Escola Superior de Educa\u00e7\u00e3o do Centro Universit\u00e1rio Internacional UNINTER<\/p>\n<p>&nbsp;<\/p>\n<p><strong>Andreia Andrade Rocha (a\u00e7\u00e3o cultural e media\u00e7\u00e3o)\u00a0<\/strong><\/p>\n<p>Professora da \u00c1rea de Pedagogia da Escola Superior de Educa\u00e7\u00e3o do Centro Universit\u00e1rio Internacional UNINTER<\/p>\n<p>&nbsp;<\/p>\n<p><strong>Rafaela Hoebel Lopes dos Santos (a\u00e7\u00e3o cultural e acessibilidade)\u00a0<\/strong><\/p>\n<p>Professora da \u00c1rea de Linguagens e Sociedade da Escola Superior de Educa\u00e7\u00e3o do Centro Universit\u00e1rio Internacional UNINTER<\/p>\n<p>&nbsp;<\/p>\n<p><strong>Viviane Schueda Stacheski (apoio pedag\u00f3gico)\u00a0<\/strong><\/p>\n<p>Professora da \u00c1rea de Pedagogia da Escola Superior de Educa\u00e7\u00e3o do Centro Universit\u00e1rio Internacional UNINTER<\/p>\n<p>&nbsp;<\/p>\n<p><strong>Gilberto Bordini (acolhimento)\u00a0<\/strong><\/p>\n<p>Professor da \u00c1rea de Humanidades da Escola Superior de Educa\u00e7\u00e3o do Centro Universit\u00e1rio Internacional UNINTER<\/p>\n<p>&nbsp;<\/p>\n<p><strong>Cristiana Miranda (curadoria em design de anima\u00e7\u00e3o)<\/strong><\/p>\n<p>Coordenadora do CST em Design de Anima\u00e7\u00e3o\u00a0da Escola\u00a0de Gest\u00e3o, Comunica\u00e7\u00e3o e Neg\u00f3cios\u00a0do Centro Universit\u00e1rio Internacional UNINTER<\/p>\n","protected":false},"excerpt":{"rendered":"<p>Comit\u00ea Gestor Misto (Centro Universit\u00e1rio Internacional UNINTER e Funda\u00e7\u00e3o Wilson Picler)\u00a0 Benhur E. Gaio (presidente) Reitor do Centro Universit\u00e1rio Internacional UNINTER &nbsp; Jorge Bernardi (vice-presidente)\u00a0 Funda\u00e7\u00e3o Wilson Picler \u00a0 Dinamara P Machado (diretora)\u00a0 Diretora da Escola Superior de Educa\u00e7\u00e3o do Centro Universit\u00e1rio Internacional UNINTER &nbsp; Marcos Ruiz da Silva (coordenador de \u00e1rea)\u00a0 \u00c1rea de Linguagens [&hellip;]<\/p>\n","protected":false},"author":1,"featured_media":0,"parent":0,"menu_order":0,"comment_status":"closed","ping_status":"closed","template":"","meta":[],"acf":[],"_links":{"self":[{"href":"https:\/\/www.uninter.com\/galeriavirtual\/wp-json\/wp\/v2\/pages\/2612"}],"collection":[{"href":"https:\/\/www.uninter.com\/galeriavirtual\/wp-json\/wp\/v2\/pages"}],"about":[{"href":"https:\/\/www.uninter.com\/galeriavirtual\/wp-json\/wp\/v2\/types\/page"}],"author":[{"embeddable":true,"href":"https:\/\/www.uninter.com\/galeriavirtual\/wp-json\/wp\/v2\/users\/1"}],"replies":[{"embeddable":true,"href":"https:\/\/www.uninter.com\/galeriavirtual\/wp-json\/wp\/v2\/comments?post=2612"}],"version-history":[{"count":11,"href":"https:\/\/www.uninter.com\/galeriavirtual\/wp-json\/wp\/v2\/pages\/2612\/revisions"}],"predecessor-version":[{"id":3311,"href":"https:\/\/www.uninter.com\/galeriavirtual\/wp-json\/wp\/v2\/pages\/2612\/revisions\/3311"}],"wp:attachment":[{"href":"https:\/\/www.uninter.com\/galeriavirtual\/wp-json\/wp\/v2\/media?parent=2612"}],"curies":[{"name":"wp","href":"https:\/\/api.w.org\/{rel}","templated":true}]}}

Ficha técnica

<h2><strong>Comitê Gestor Misto (Centro Universitário Internacional UNINTER e Fundação Wilson Picler) </strong></h2>
<p><strong><br />
Benhur E. Gaio (presidente)</strong><br />
Reitor do Centro Universitário Internacional UNINTER</p>
<p>&nbsp;</p>
<p><strong>Jorge Bernardi (vice-presidente) </strong></p>
<p>Fundação Wilson Picler</p>
<p><strong> </strong></p>
<p><strong>Dinamara P Machado (diretora) </strong></p>
<p>Diretora da Escola Superior de Educação do Centro Universitário Internacional UNINTER</p>
<p>&nbsp;</p>
<p><strong>Marcos Ruiz da Silva (coordenador de área) </strong></p>
<p>Área de Linguagens Cultural e Corporal da Escola Superior de Educação do Centro Universitário Internacional UNINTER</p>
<p>&nbsp;</p>
<hr />
<h2><strong>Corpo Técnico</strong></h2>
<p>&nbsp;</p>
<p><strong>Etienne Marcelino Henklein (planejamento e expografia) </strong></p>
<p>Professor da Área de Linguagens Cultural e Corporal da Escola Superior de Educação do Centro Universitário Internacional UNINTER</p>
<p>&nbsp;</p>
<p><strong>André Luis Pinto dos Santos (curadoria artes visuais) </strong></p>
<p>Professor da Área de Linguagens Cultural e Corporal da Escola Superior de Educação do Centro Universitário Internacional UNINTER</p>
<p>&nbsp;</p>
<p><strong>Jomar Villanova (curadoria artes visuais) </strong></p>
<p>Professor da Área de Linguagens Cultural e Corporal da Escola Superior de Educação do Centro Universitário Internacional UNINTER</p>
<p>&nbsp;</p>
<p><strong>Regiane Moreira da Silva (curadoria artes visuais) </strong></p>
<p>Professora da Área de Linguagens Cultural e Corporal da Escola Superior de Educação do Centro Universitário Internacional UNINTER</p>
<p>&nbsp;</p>
<p><strong>Alysson Siqueira (curadoria musical) </strong></p>
<p>Professor da Área de Linguagens Cultural e Corporal da Escola Superior de Educação do Centro Universitário Internacional UNINTER</p>
<p>&nbsp;</p>
<p><strong>Florinda Cerdeira Pimentel (curadoria musical) </strong></p>
<p>Professora da Área de Linguagens Cultural e Corporal da Escola Superior de Educação do Centro Universitário Internacional UNINTER</p>
<p>&nbsp;</p>
<p><strong>Jeimely Heep Bornholdt (curadoria musical) </strong></p>
<p>Professora da Área de Linguagens Cultural e Corporal da Escola Superior de Educação do Centro Universitário Internacional UNINTER</p>
<p>&nbsp;</p>
<p><strong>Larissa Priscila Bredow Hilgemberg (acervo e documentação) </strong></p>
<p>Professora da Área de Linguagens Cultural e Corporal da Escola Superior de Educação do Centro Universitário Internacional UNINTER</p>
<p>&nbsp;</p>
<p><strong>André Luiz Moscaleski Cavazzani (historiografia e pesquisa) </strong></p>
<p>Professor da Área de Linguagens e Sociedade da Escola Superior de Educação do Centro Universitário Internacional UNINTER</p>
<p>&nbsp;</p>
<p><strong>Mariana Bonat Trevisan (historiografia e pesquisa) </strong></p>
<p>Professora da Área de Linguagens e Sociedade da Escola Superior de Educação do Centro Universitário Internacional UNINTER</p>
<p>&nbsp;</p>
<p><strong>Douglas Lopes (crítica e estudos da estética) </strong></p>
<p>Professora da Área de Humanidades da Escola Superior de Educação do Centro Universitário Internacional UNINTER</p>
<p>&nbsp;</p>
<p><strong>Ana Lúcia Zattar (comunicação e redes sociais) </strong></p>
<p>Professora da Área de Linguagens Cultural e Corporal da Escola Superior de Educação do Centro Universitário Internacional UNINTER</p>
<p>&nbsp;</p>
<p><strong>Larissa Warnavin (assessoria de imprensa) </strong></p>
<p>Professora da Área de Geociências da Escola Superior de Educação do Centro Universitário Internacional UNINTER</p>
<p>&nbsp;</p>
<p><strong>Cristiane Dall&#8217;Agnol da Silva Benvenutti (núcleo de práticas) </strong></p>
<p>Professora do Núcleo de Práticas da Escola Superior de Educação do Centro Universitário Internacional UNINTER</p>
<p>&nbsp;</p>
<p><strong>Andreia Andrade Rocha (ação cultural e mediação) </strong></p>
<p>Professora da Área de Pedagogia da Escola Superior de Educação do Centro Universitário Internacional UNINTER</p>
<p>&nbsp;</p>
<p><strong>Rafaela Hoebel Lopes dos Santos (ação cultural e acessibilidade) </strong></p>
<p>Professora da Área de Linguagens e Sociedade da Escola Superior de Educação do Centro Universitário Internacional UNINTER</p>
<p>&nbsp;</p>
<p><strong>Viviane Schueda Stacheski (apoio pedagógico) </strong></p>
<p>Professora da Área de Pedagogia da Escola Superior de Educação do Centro Universitário Internacional UNINTER</p>
<p>&nbsp;</p>
<p><strong>Gilberto Bordini (acolhimento) </strong></p>
<p>Professor da Área de Humanidades da Escola Superior de Educação do Centro Universitário Internacional UNINTER</p>
<p>&nbsp;</p>
<p><strong>Cristiana Miranda (curadoria em design de animação)</strong></p>
<p>Coordenadora do CST em Design de Animação da Escola de Gestão, Comunicação e Negócios do Centro Universitário Internacional UNINTER</p>

<p>Comitê Gestor Misto (Centro Universitário Internacional UNINTER e Fundação Wilson Picler)  Benhur E. Gaio (presidente) Reitor do Centro Universitário Internacional UNINTER &nbsp; Jorge Bernardi (vice-presidente)  Fundação Wilson Picler   Dinamara P Machado (diretora)  Diretora da Escola Superior de Educação do Centro Universitário Internacional UNINTER &nbsp; Marcos Ruiz da Silva (coordenador de área)  Área de Linguagens [&hellip;]</p>
