{"id":94,"date":"2017-11-17T14:17:13","date_gmt":"2017-11-17T16:17:13","guid":{"rendered":"https:\/\/www.uninter.com\/biblioteca\/?page_id=94"},"modified":"2023-06-19T15:46:10","modified_gmt":"2023-06-19T18:46:10","slug":"consulte-o-acervo-2","status":"publish","type":"page","link":"https:\/\/www.uninter.com\/biblioteca\/consulte-o-acervo-2\/","title":{"rendered":"Direitos e Deveres"},"content":{"rendered":"<p><strong>Direitos<\/strong><\/p>\n<p>A todos os usu\u00e1rios \u00e9 permitido:<\/p>\n<ul>\n<li>consulta local do acervo;<\/li>\n<li>aux\u00edlio \u00e0 pesquisa pelos profissionais bibliotec\u00e1rios;<\/li>\n<li>acesso \u00e0 internet;<\/li>\n<li>retirada de materiais para a reprodu\u00e7\u00e3o, mediante a autoriza\u00e7\u00e3o e entrega de documento de identifica\u00e7\u00e3o;<\/li>\n<li>uso de salas de estudo;<\/li>\n<li>aux\u00edlio \u00e0 normaliza\u00e7\u00e3o de documentos.<\/li>\n<\/ul>\n<p>\u00c9 assegurado ao usu\u00e1rio sem d\u00e9bito com o Sistema:<\/p>\n<ul>\n<li>empr\u00e9stimo domiciliar e interbibliotec\u00e1rio de livros e peri\u00f3dicos;<\/li>\n<li>servi\u00e7os de cataloga\u00e7\u00e3o na fonte;<\/li>\n<li>aux\u00edlio \u00e0 normaliza\u00e7\u00e3o de documentos.<\/li>\n<\/ul>\n<p><strong>Deveres<\/strong><\/p>\n<p>\u00c9 dever de todo o usu\u00e1rio:<\/p>\n<ul>\n<li>obedecer \u00e0s normas de conduta vigentes na biblioteca;<\/li>\n<li>utilizar o guarda-volumes somente enquanto estiver nas depend\u00eancias da biblioteca;<\/li>\n<li>observar a data de devolu\u00e7\u00e3o dos materiais em seu poder (cuidados);<\/li>\n<li>exigir e guardar todos os comprovantes fornecidos pela biblioteca (recibos de empr\u00e9stimo, renova\u00e7\u00e3o e devolu\u00e7\u00e3o);<\/li>\n<li>responsabilizar-se pela reposi\u00e7\u00e3o e\/ou reembolso dos materiais perdidos ou danificados<\/li>\n<li>respeitar todos os funcion\u00e1rios da biblioteca.<\/li>\n<\/ul>\n","protected":false},"excerpt":{"rendered":"<p>Direitos A todos os usu\u00e1rios \u00e9 permitido: consulta local do acervo; aux\u00edlio \u00e0 pesquisa pelos profissionais bibliotec\u00e1rios; acesso \u00e0 internet; retirada de materiais para a reprodu\u00e7\u00e3o, mediante a autoriza\u00e7\u00e3o e entrega de documento de identifica\u00e7\u00e3o; uso de salas de estudo; aux\u00edlio \u00e0 normaliza\u00e7\u00e3o de documentos. \u00c9 assegurado ao usu\u00e1rio sem d\u00e9bito com o Sistema: empr\u00e9stimo [&hellip;]<\/p>\n","protected":false},"author":1,"featured_media":0,"parent":0,"menu_order":0,"comment_status":"closed","ping_status":"closed","template":"templates\/template-full.php","meta":[],"acf":[],"_links":{"self":[{"href":"https:\/\/www.uninter.com\/biblioteca\/wp-json\/wp\/v2\/pages\/94"}],"collection":[{"href":"https:\/\/www.uninter.com\/biblioteca\/wp-json\/wp\/v2\/pages"}],"about":[{"href":"https:\/\/www.uninter.com\/biblioteca\/wp-json\/wp\/v2\/types\/page"}],"author":[{"embeddable":true,"href":"https:\/\/www.uninter.com\/biblioteca\/wp-json\/wp\/v2\/users\/1"}],"replies":[{"embeddable":true,"href":"https:\/\/www.uninter.com\/biblioteca\/wp-json\/wp\/v2\/comments?post=94"}],"version-history":[{"count":6,"href":"https:\/\/www.uninter.com\/biblioteca\/wp-json\/wp\/v2\/pages\/94\/revisions"}],"predecessor-version":[{"id":4618,"href":"https:\/\/www.uninter.com\/biblioteca\/wp-json\/wp\/v2\/pages\/94\/revisions\/4618"}],"wp:attachment":[{"href":"https:\/\/www.uninter.com\/biblioteca\/wp-json\/wp\/v2\/media?parent=94"}],"curies":[{"name":"wp","href":"https:\/\/api.w.org\/{rel}","templated":true}]}}