{"id":2339,"date":"2020-01-22T10:44:22","date_gmt":"2020-01-22T13:44:22","guid":{"rendered":"https:\/\/www.uninter.com\/biblioteca\/?page_id=2339"},"modified":"2024-02-28T10:28:34","modified_gmt":"2024-02-28T13:28:34","slug":"memoria-da-biblioteca-uninter","status":"publish","type":"page","link":"https:\/\/www.uninter.com\/biblioteca\/memoria-da-biblioteca-uninter\/","title":{"rendered":"Mem\u00f3ria da Biblioteca UNINTER"},"content":{"rendered":"<p>De 1996, quando foi fundado o IBPEX (embri\u00e3o da UNINTER), at\u00e9 hoje foram v\u00e1rios locais onde as bibliotecas puderam servir aos alunos.<\/p>\n<p>Entre elas:<\/p>\n<p><a href=\"https:\/\/www.uninter.com\/biblioteca\/wp-content\/uploads\/2017\/12\/IMG_20170818_125913369-1.jpg\"><img decoding=\"async\" loading=\"lazy\" class=\"size-medium wp-image-553 alignnone\" src=\"https:\/\/www.uninter.com\/biblioteca\/wp-content\/uploads\/2017\/12\/IMG_20170818_125913369-1-300x169.jpg\" alt=\"\" width=\"300\" height=\"169\" srcset=\"https:\/\/www.uninter.com\/biblioteca\/wp-content\/uploads\/2017\/12\/IMG_20170818_125913369-1-300x169.jpg 300w, https:\/\/www.uninter.com\/biblioteca\/wp-content\/uploads\/2017\/12\/IMG_20170818_125913369-1-768x432.jpg 768w, https:\/\/www.uninter.com\/biblioteca\/wp-content\/uploads\/2017\/12\/IMG_20170818_125913369-1-1024x576.jpg 1024w\" sizes=\"(max-width: 300px) 100vw, 300px\" \/>&nbsp;<\/a><a href=\"https:\/\/www.uninter.com\/biblioteca\/wp-content\/uploads\/2017\/12\/IMG_20170818_125903039.jpg\"><img decoding=\"async\" loading=\"lazy\" class=\"size-medium wp-image-555 alignnone\" src=\"https:\/\/www.uninter.com\/biblioteca\/wp-content\/uploads\/2017\/12\/IMG_20170818_125903039-300x169.jpg\" alt=\"\" width=\"300\" height=\"169\" srcset=\"https:\/\/www.uninter.com\/biblioteca\/wp-content\/uploads\/2017\/12\/IMG_20170818_125903039-300x169.jpg 300w, https:\/\/www.uninter.com\/biblioteca\/wp-content\/uploads\/2017\/12\/IMG_20170818_125903039-768x432.jpg 768w, https:\/\/www.uninter.com\/biblioteca\/wp-content\/uploads\/2017\/12\/IMG_20170818_125903039-1024x576.jpg 1024w\" sizes=\"(max-width: 300px) 100vw, 300px\" \/>&nbsp;<\/a><a href=\"https:\/\/www.uninter.com\/biblioteca\/wp-content\/uploads\/2017\/12\/IMG_20170818_125856509-1.jpg\"><img decoding=\"async\" loading=\"lazy\" class=\"size-medium wp-image-556 alignnone\" src=\"https:\/\/www.uninter.com\/biblioteca\/wp-content\/uploads\/2017\/12\/IMG_20170818_125856509-1-300x169.jpg\" alt=\"\" width=\"300\" height=\"169\" srcset=\"https:\/\/www.uninter.com\/biblioteca\/wp-content\/uploads\/2017\/12\/IMG_20170818_125856509-1-300x169.jpg 300w, https:\/\/www.uninter.com\/biblioteca\/wp-content\/uploads\/2017\/12\/IMG_20170818_125856509-1-768x432.jpg 768w, https:\/\/www.uninter.com\/biblioteca\/wp-content\/uploads\/2017\/12\/IMG_20170818_125856509-1-1024x576.jpg 1024w\" sizes=\"(max-width: 300px) 100vw, 300px\" \/>&nbsp;<\/a><\/p>\n<p><strong>Biblioteca Divina:&nbsp;<\/strong><br \/>\n<strong>Rua do Ros\u00e1rio, 147 &#8211; Centro &#8211; Curitiba<\/strong><\/p>\n<p>&nbsp;<\/p>\n<p><a href=\"https:\/\/www.uninter.com\/biblioteca\/wp-content\/uploads\/2017\/12\/IMG_20170816_130539925.jpg\"><img decoding=\"async\" loading=\"lazy\" class=\"alignnone size-medium wp-image-559\" src=\"https:\/\/www.uninter.com\/biblioteca\/wp-content\/uploads\/2017\/12\/IMG_20170816_130539925-300x169.jpg\" alt=\"\" width=\"300\" height=\"169\" srcset=\"https:\/\/www.uninter.com\/biblioteca\/wp-content\/uploads\/2017\/12\/IMG_20170816_130539925-300x169.jpg 300w, https:\/\/www.uninter.com\/biblioteca\/wp-content\/uploads\/2017\/12\/IMG_20170816_130539925-768x432.jpg 768w, https:\/\/www.uninter.com\/biblioteca\/wp-content\/uploads\/2017\/12\/IMG_20170816_130539925-1024x576.jpg 1024w\" sizes=\"(max-width: 300px) 100vw, 300px\" \/><\/a><\/p>\n<p><strong>Biblioteca Tiradentes:<\/strong><br \/>\n<strong>Rua Saldanha Marinho, 131 &#8211; Centro &#8211; Curitiba<\/strong><\/p>\n<p>&nbsp;<\/p>\n<p><a href=\"https:\/\/www.uninter.com\/biblioteca\/wp-content\/uploads\/2017\/12\/BIB-CGO-2.jpg\"><img decoding=\"async\" loading=\"lazy\" class=\"alignnone size-medium wp-image-564\" src=\"https:\/\/www.uninter.com\/biblioteca\/wp-content\/uploads\/2017\/12\/BIB-CGO-2-300x225.jpg\" alt=\"\" width=\"300\" height=\"225\" srcset=\"https:\/\/www.uninter.com\/biblioteca\/wp-content\/uploads\/2017\/12\/BIB-CGO-2-300x225.jpg 300w, https:\/\/www.uninter.com\/biblioteca\/wp-content\/uploads\/2017\/12\/BIB-CGO-2-768x576.jpg 768w, https:\/\/www.uninter.com\/biblioteca\/wp-content\/uploads\/2017\/12\/BIB-CGO-2-1024x768.jpg 1024w, https:\/\/www.uninter.com\/biblioteca\/wp-content\/uploads\/2017\/12\/BIB-CGO-2.jpg 1632w\" sizes=\"(max-width: 300px) 100vw, 300px\" \/><\/a> <a href=\"https:\/\/www.uninter.com\/biblioteca\/wp-content\/uploads\/2017\/12\/BIB-CGO-10.jpg\"><img decoding=\"async\" loading=\"lazy\" class=\"alignnone size-medium wp-image-565\" src=\"https:\/\/www.uninter.com\/biblioteca\/wp-content\/uploads\/2017\/12\/BIB-CGO-10-300x225.jpg\" alt=\"\" width=\"300\" height=\"225\" srcset=\"https:\/\/www.uninter.com\/biblioteca\/wp-content\/uploads\/2017\/12\/BIB-CGO-10-300x225.jpg 300w, https:\/\/www.uninter.com\/biblioteca\/wp-content\/uploads\/2017\/12\/BIB-CGO-10-768x576.jpg 768w, https:\/\/www.uninter.com\/biblioteca\/wp-content\/uploads\/2017\/12\/BIB-CGO-10-1024x768.jpg 1024w, https:\/\/www.uninter.com\/biblioteca\/wp-content\/uploads\/2017\/12\/BIB-CGO-10.jpg 1632w\" sizes=\"(max-width: 300px) 100vw, 300px\" \/><\/a><\/p>\n<p><strong>Biblioteca Carlos Gomes:<\/strong><br \/>\n<strong>Rua Pedro Ivo, 504 &#8211; Centro &#8211; Curitiba<\/strong><\/p>\n<p>&nbsp;<\/p>\n<hr>\n<p>&nbsp;<\/p>\n\n\t\t<style type=\"text\/css\">\n\t\t\t#gallery-1 {\n\t\t\t\tmargin: auto;\n\t\t\t}\n\t\t\t#gallery-1 .gallery-item {\n\t\t\t\tfloat: left;\n\t\t\t\tmargin-top: 10px;\n\t\t\t\ttext-align: center;\n\t\t\t\twidth: 25%;\n\t\t\t}\n\t\t\t#gallery-1 img {\n\t\t\t\tborder: 2px solid #cfcfcf;\n\t\t\t}\n\t\t\t#gallery-1 .gallery-caption {\n\t\t\t\tmargin-left: 0;\n\t\t\t}\n\t\t\t\/* see gallery_shortcode() in wp-includes\/media.php *\/\n\t\t<\/style>\n\t\t<div id='gallery-1' class='gallery galleryid-2339 gallery-columns-4 gallery-size-thumbnail'><dl class='gallery-item'>\n\t\t\t<dt class='gallery-icon portrait'>\n\t\t\t\t<a href='https:\/\/www.uninter.com\/biblioteca\/wp-content\/uploads\/2022\/08\/2016-4.jpg'><img width=\"150\" height=\"150\" src=\"https:\/\/www.uninter.com\/biblioteca\/wp-content\/uploads\/2022\/08\/2016-4-150x150.jpg\" class=\"attachment-thumbnail size-thumbnail\" alt=\"\" decoding=\"async\" loading=\"lazy\" \/><\/a>\n\t\t\t<\/dt><\/dl><dl class='gallery-item'>\n\t\t\t<dt class='gallery-icon landscape'>\n\t\t\t\t<a href='https:\/\/www.uninter.com\/biblioteca\/wp-content\/uploads\/2022\/08\/DSC05267.jpg'><img width=\"150\" height=\"150\" src=\"https:\/\/www.uninter.com\/biblioteca\/wp-content\/uploads\/2022\/08\/DSC05267-150x150.jpg\" class=\"attachment-thumbnail size-thumbnail\" alt=\"\" decoding=\"async\" loading=\"lazy\" \/><\/a>\n\t\t\t<\/dt><\/dl><dl class='gallery-item'>\n\t\t\t<dt class='gallery-icon landscape'>\n\t\t\t\t<a href='https:\/\/www.uninter.com\/biblioteca\/wp-content\/uploads\/2017\/12\/IMG_3643-Natal-2017-.jpg'><img width=\"150\" height=\"150\" src=\"https:\/\/www.uninter.com\/biblioteca\/wp-content\/uploads\/2017\/12\/IMG_3643-Natal-2017--150x150.jpg\" class=\"attachment-thumbnail size-thumbnail\" alt=\"\" decoding=\"async\" loading=\"lazy\" \/><\/a>\n\t\t\t<\/dt><\/dl><dl class='gallery-item'>\n\t\t\t<dt class='gallery-icon landscape'>\n\t\t\t\t<a href='https:\/\/www.uninter.com\/biblioteca\/wp-content\/uploads\/2022\/08\/IMG_5829.jpg'><img width=\"150\" height=\"150\" src=\"https:\/\/www.uninter.com\/biblioteca\/wp-content\/uploads\/2022\/08\/IMG_5829-150x150.jpg\" class=\"attachment-thumbnail size-thumbnail\" alt=\"\" decoding=\"async\" loading=\"lazy\" \/><\/a>\n\t\t\t<\/dt><\/dl><br style=\"clear: both\" \/>\n\t\t<\/div>\n\n<p>&nbsp;<\/p>\n<p><strong>Colaboradores que integraram a equipe da Biblioteca (2013-2022)<\/strong><\/p>\n<p>&nbsp;<\/p>\n<hr>\n<p>&nbsp;<\/p>\n\n\t\t<style type=\"text\/css\">\n\t\t\t#gallery-2 {\n\t\t\t\tmargin: auto;\n\t\t\t}\n\t\t\t#gallery-2 .gallery-item {\n\t\t\t\tfloat: left;\n\t\t\t\tmargin-top: 10px;\n\t\t\t\ttext-align: center;\n\t\t\t\twidth: 25%;\n\t\t\t}\n\t\t\t#gallery-2 img {\n\t\t\t\tborder: 2px solid #cfcfcf;\n\t\t\t}\n\t\t\t#gallery-2 .gallery-caption {\n\t\t\t\tmargin-left: 0;\n\t\t\t}\n\t\t\t\/* see gallery_shortcode() in wp-includes\/media.php *\/\n\t\t<\/style>\n\t\t<div id='gallery-2' class='gallery galleryid-2339 gallery-columns-4 gallery-size-thumbnail'><dl class='gallery-item'>\n\t\t\t<dt class='gallery-icon landscape'>\n\t\t\t\t<a href='https:\/\/www.uninter.com\/biblioteca\/wp-content\/uploads\/2022\/08\/57.jpg'><img width=\"150\" height=\"150\" src=\"https:\/\/www.uninter.com\/biblioteca\/wp-content\/uploads\/2022\/08\/57-150x150.jpg\" class=\"attachment-thumbnail size-thumbnail\" alt=\"\" decoding=\"async\" loading=\"lazy\" \/><\/a>\n\t\t\t<\/dt><\/dl><dl class='gallery-item'>\n\t\t\t<dt class='gallery-icon portrait'>\n\t\t\t\t<a href='https:\/\/www.uninter.com\/biblioteca\/wp-content\/uploads\/2022\/08\/IMG_5759.jpg'><img width=\"150\" height=\"150\" src=\"https:\/\/www.uninter.com\/biblioteca\/wp-content\/uploads\/2022\/08\/IMG_5759-150x150.jpg\" class=\"attachment-thumbnail size-thumbnail\" alt=\"\" decoding=\"async\" loading=\"lazy\" \/><\/a>\n\t\t\t<\/dt><\/dl>\n\t\t\t<br style='clear: both' \/>\n\t\t<\/div>\n\n<p><strong>Bibliotec\u00e1rio (as) que integraram a equipe da Biblioteca&nbsp;<\/strong><\/p>\n<hr>\n<p>&nbsp;<\/p>\n<p><strong>Biblioteca Central Garcez:<\/strong><br \/>\n<strong>Rua Luiz Xavier, 103 &#8211; Centro &#8211; Curitiba<\/strong><\/p>\n<p>Em 2019, com a reestrutura\u00e7\u00e3o das unidades Divina e Tiradentes e em 2021, com a unidade Carlos Gomes, a Biblioteca Central passou a ser a Biblioteca Garcez em novas e modernas instala\u00e7\u00f5es, com 391 m\u00b2 e tem capacidade para 50 pessoas sentadas, possui 15 pontos de estudos individuais, 3 mesas de estudos em equipe para 4 pessoas, 11 computadores para consulta \u00e0 internet e 64 arm\u00e1rios guarda volumes. Conta tamb\u00e9m com dois pontos para consulta ao acervo.&nbsp;Abrange 04 salas de estudo, que juntas somam 37,3m\u00b2, duas delas possuindo mesas ovais para 6 pessoas e duas delas possuindo mesas redondas para 4 pessoas. As salas de estudos s\u00e3o equipadas com um computador com acesso \u00e0 internet para realiza\u00e7\u00e3o de pesquisas acad\u00eamicas e toda a infraestrutura necess\u00e1ria para utiliza\u00e7\u00e3o de notebooks pr\u00f3prios dos alunos.&nbsp;Ao todo, a biblioteca possui 50 cadeiras, 3 cadeiras especiais para obesos e 03 pontos com utiliza\u00e7\u00e3o exclusiva para alunos e visitantes e PCD, 02 salas de estudo em grupo com espa\u00e7o para PCD. O balc\u00e3o de atendimento possui espa\u00e7o com acessibilidade para cadeirantes.&nbsp;No sal\u00e3o, juntamente com o acervo, existem 04 poltronas e 06 pufes para&nbsp;leituras individuais.&nbsp;Para ambienta\u00e7\u00e3o, conta com paisagismo para conforto ambiental e os mobili\u00e1rios possuem revestimento ac\u00fastico. Existem ainda pontos para carregamento de dispositivos eletr\u00f4nicos e cobertura de rede WI-FI em todas as depend\u00eancias da biblioteca.<\/p>\n","protected":false},"excerpt":{"rendered":"<p>De 1996, quando foi fundado o IBPEX (embri\u00e3o da UNINTER), at\u00e9 hoje foram v\u00e1rios locais onde as bibliotecas puderam servir aos alunos. Entre elas: &nbsp;&nbsp;&nbsp; Biblioteca Divina:&nbsp; Rua do Ros\u00e1rio, 147 &#8211; Centro &#8211; Curitiba &nbsp; Biblioteca Tiradentes: Rua Saldanha Marinho, 131 &#8211; Centro &#8211; Curitiba &nbsp; Biblioteca Carlos Gomes: Rua Pedro Ivo, 504 &#8211; [&hellip;]<\/p>\n","protected":false},"author":4,"featured_media":0,"parent":0,"menu_order":0,"comment_status":"closed","ping_status":"closed","template":"templates\/template-full.php","meta":[],"acf":[],"_links":{"self":[{"href":"https:\/\/www.uninter.com\/biblioteca\/wp-json\/wp\/v2\/pages\/2339"}],"collection":[{"href":"https:\/\/www.uninter.com\/biblioteca\/wp-json\/wp\/v2\/pages"}],"about":[{"href":"https:\/\/www.uninter.com\/biblioteca\/wp-json\/wp\/v2\/types\/page"}],"author":[{"embeddable":true,"href":"https:\/\/www.uninter.com\/biblioteca\/wp-json\/wp\/v2\/users\/4"}],"replies":[{"embeddable":true,"href":"https:\/\/www.uninter.com\/biblioteca\/wp-json\/wp\/v2\/comments?post=2339"}],"version-history":[{"count":42,"href":"https:\/\/www.uninter.com\/biblioteca\/wp-json\/wp\/v2\/pages\/2339\/revisions"}],"predecessor-version":[{"id":4953,"href":"https:\/\/www.uninter.com\/biblioteca\/wp-json\/wp\/v2\/pages\/2339\/revisions\/4953"}],"wp:attachment":[{"href":"https:\/\/www.uninter.com\/biblioteca\/wp-json\/wp\/v2\/media?parent=2339"}],"curies":[{"name":"wp","href":"https:\/\/api.w.org\/{rel}","templated":true}]}}

Memória da Biblioteca UNINTER

<p>De 1996, quando foi fundado o IBPEX (embrião da UNINTER), até hoje foram vários locais onde as bibliotecas puderam servir aos alunos.</p>
<p>Entre elas:</p>
<p><a href="https://www.uninter.com/biblioteca/wp-content/uploads/2017/12/IMG_20170818_125913369-1.jpg"><img decoding="async" loading="lazy" class="size-medium wp-image-553 alignnone" src="https://www.uninter.com/biblioteca/wp-content/uploads/2017/12/IMG_20170818_125913369-1-300x169.jpg" alt="" width="300" height="169" srcset="https://www.uninter.com/biblioteca/wp-content/uploads/2017/12/IMG_20170818_125913369-1-300x169.jpg 300w, https://www.uninter.com/biblioteca/wp-content/uploads/2017/12/IMG_20170818_125913369-1-768x432.jpg 768w, https://www.uninter.com/biblioteca/wp-content/uploads/2017/12/IMG_20170818_125913369-1-1024x576.jpg 1024w" sizes="(max-width: 300px) 100vw, 300px" />&nbsp;</a><a href="https://www.uninter.com/biblioteca/wp-content/uploads/2017/12/IMG_20170818_125903039.jpg"><img decoding="async" loading="lazy" class="size-medium wp-image-555 alignnone" src="https://www.uninter.com/biblioteca/wp-content/uploads/2017/12/IMG_20170818_125903039-300x169.jpg" alt="" width="300" height="169" srcset="https://www.uninter.com/biblioteca/wp-content/uploads/2017/12/IMG_20170818_125903039-300x169.jpg 300w, https://www.uninter.com/biblioteca/wp-content/uploads/2017/12/IMG_20170818_125903039-768x432.jpg 768w, https://www.uninter.com/biblioteca/wp-content/uploads/2017/12/IMG_20170818_125903039-1024x576.jpg 1024w" sizes="(max-width: 300px) 100vw, 300px" />&nbsp;</a><a href="https://www.uninter.com/biblioteca/wp-content/uploads/2017/12/IMG_20170818_125856509-1.jpg"><img decoding="async" loading="lazy" class="size-medium wp-image-556 alignnone" src="https://www.uninter.com/biblioteca/wp-content/uploads/2017/12/IMG_20170818_125856509-1-300x169.jpg" alt="" width="300" height="169" srcset="https://www.uninter.com/biblioteca/wp-content/uploads/2017/12/IMG_20170818_125856509-1-300x169.jpg 300w, https://www.uninter.com/biblioteca/wp-content/uploads/2017/12/IMG_20170818_125856509-1-768x432.jpg 768w, https://www.uninter.com/biblioteca/wp-content/uploads/2017/12/IMG_20170818_125856509-1-1024x576.jpg 1024w" sizes="(max-width: 300px) 100vw, 300px" />&nbsp;</a></p>
<p><strong>Biblioteca Divina:&nbsp;</strong><br />
<strong>Rua do Rosário, 147 &#8211; Centro &#8211; Curitiba</strong></p>
<p>&nbsp;</p>
<p><a href="https://www.uninter.com/biblioteca/wp-content/uploads/2017/12/IMG_20170816_130539925.jpg"><img decoding="async" loading="lazy" class="alignnone size-medium wp-image-559" src="https://www.uninter.com/biblioteca/wp-content/uploads/2017/12/IMG_20170816_130539925-300x169.jpg" alt="" width="300" height="169" srcset="https://www.uninter.com/biblioteca/wp-content/uploads/2017/12/IMG_20170816_130539925-300x169.jpg 300w, https://www.uninter.com/biblioteca/wp-content/uploads/2017/12/IMG_20170816_130539925-768x432.jpg 768w, https://www.uninter.com/biblioteca/wp-content/uploads/2017/12/IMG_20170816_130539925-1024x576.jpg 1024w" sizes="(max-width: 300px) 100vw, 300px" /></a></p>
<p><strong>Biblioteca Tiradentes:</strong><br />
<strong>Rua Saldanha Marinho, 131 &#8211; Centro &#8211; Curitiba</strong></p>
<p>&nbsp;</p>
<p><a href="https://www.uninter.com/biblioteca/wp-content/uploads/2017/12/BIB-CGO-2.jpg"><img decoding="async" loading="lazy" class="alignnone size-medium wp-image-564" src="https://www.uninter.com/biblioteca/wp-content/uploads/2017/12/BIB-CGO-2-300x225.jpg" alt="" width="300" height="225" srcset="https://www.uninter.com/biblioteca/wp-content/uploads/2017/12/BIB-CGO-2-300x225.jpg 300w, https://www.uninter.com/biblioteca/wp-content/uploads/2017/12/BIB-CGO-2-768x576.jpg 768w, https://www.uninter.com/biblioteca/wp-content/uploads/2017/12/BIB-CGO-2-1024x768.jpg 1024w, https://www.uninter.com/biblioteca/wp-content/uploads/2017/12/BIB-CGO-2.jpg 1632w" sizes="(max-width: 300px) 100vw, 300px" /></a> <a href="https://www.uninter.com/biblioteca/wp-content/uploads/2017/12/BIB-CGO-10.jpg"><img decoding="async" loading="lazy" class="alignnone size-medium wp-image-565" src="https://www.uninter.com/biblioteca/wp-content/uploads/2017/12/BIB-CGO-10-300x225.jpg" alt="" width="300" height="225" srcset="https://www.uninter.com/biblioteca/wp-content/uploads/2017/12/BIB-CGO-10-300x225.jpg 300w, https://www.uninter.com/biblioteca/wp-content/uploads/2017/12/BIB-CGO-10-768x576.jpg 768w, https://www.uninter.com/biblioteca/wp-content/uploads/2017/12/BIB-CGO-10-1024x768.jpg 1024w, https://www.uninter.com/biblioteca/wp-content/uploads/2017/12/BIB-CGO-10.jpg 1632w" sizes="(max-width: 300px) 100vw, 300px" /></a></p>
<p><strong>Biblioteca Carlos Gomes:</strong><br />
<strong>Rua Pedro Ivo, 504 &#8211; Centro &#8211; Curitiba</strong></p>
<p>&nbsp;</p>
<hr>
<p>&nbsp;</p>

		<style type="text/css">
			#gallery-1 {
				margin: auto;
			}
			#gallery-1 .gallery-item {
				float: left;
				margin-top: 10px;
				text-align: center;
				width: 25%;
			}
			#gallery-1 img {
				border: 2px solid #cfcfcf;
			}
			#gallery-1 .gallery-caption {
				margin-left: 0;
			}
			/* see gallery_shortcode() in wp-includes/media.php */
		</style>
		<div id='gallery-1' class='gallery galleryid-2339 gallery-columns-4 gallery-size-thumbnail'><dl class='gallery-item'>
			<dt class='gallery-icon portrait'>
				<a href='https://www.uninter.com/biblioteca/wp-content/uploads/2022/08/2016-4.jpg'><img width="150" height="150" src="https://www.uninter.com/biblioteca/wp-content/uploads/2022/08/2016-4-150x150.jpg" class="attachment-thumbnail size-thumbnail" alt="" decoding="async" loading="lazy" /></a>
			</dt></dl><dl class='gallery-item'>
			<dt class='gallery-icon landscape'>
				<a href='https://www.uninter.com/biblioteca/wp-content/uploads/2022/08/DSC05267.jpg'><img width="150" height="150" src="https://www.uninter.com/biblioteca/wp-content/uploads/2022/08/DSC05267-150x150.jpg" class="attachment-thumbnail size-thumbnail" alt="" decoding="async" loading="lazy" /></a>
			</dt></dl><dl class='gallery-item'>
			<dt class='gallery-icon landscape'>
				<a href='https://www.uninter.com/biblioteca/wp-content/uploads/2017/12/IMG_3643-Natal-2017-.jpg'><img width="150" height="150" src="https://www.uninter.com/biblioteca/wp-content/uploads/2017/12/IMG_3643-Natal-2017--150x150.jpg" class="attachment-thumbnail size-thumbnail" alt="" decoding="async" loading="lazy" /></a>
			</dt></dl><dl class='gallery-item'>
			<dt class='gallery-icon landscape'>
				<a href='https://www.uninter.com/biblioteca/wp-content/uploads/2022/08/IMG_5829.jpg'><img width="150" height="150" src="https://www.uninter.com/biblioteca/wp-content/uploads/2022/08/IMG_5829-150x150.jpg" class="attachment-thumbnail size-thumbnail" alt="" decoding="async" loading="lazy" /></a>
			</dt></dl><br style="clear: both" />
		</div>

<p>&nbsp;</p>
<p><strong>Colaboradores que integraram a equipe da Biblioteca (2013-2022)</strong></p>
<p>&nbsp;</p>
<hr>
<p>&nbsp;</p>

		<style type="text/css">
			#gallery-2 {
				margin: auto;
			}
			#gallery-2 .gallery-item {
				float: left;
				margin-top: 10px;
				text-align: center;
				width: 25%;
			}
			#gallery-2 img {
				border: 2px solid #cfcfcf;
			}
			#gallery-2 .gallery-caption {
				margin-left: 0;
			}
			/* see gallery_shortcode() in wp-includes/media.php */
		</style>
		<div id='gallery-2' class='gallery galleryid-2339 gallery-columns-4 gallery-size-thumbnail'><dl class='gallery-item'>
			<dt class='gallery-icon landscape'>
				<a href='https://www.uninter.com/biblioteca/wp-content/uploads/2022/08/57.jpg'><img width="150" height="150" src="https://www.uninter.com/biblioteca/wp-content/uploads/2022/08/57-150x150.jpg" class="attachment-thumbnail size-thumbnail" alt="" decoding="async" loading="lazy" /></a>
			</dt></dl><dl class='gallery-item'>
			<dt class='gallery-icon portrait'>
				<a href='https://www.uninter.com/biblioteca/wp-content/uploads/2022/08/IMG_5759.jpg'><img width="150" height="150" src="https://www.uninter.com/biblioteca/wp-content/uploads/2022/08/IMG_5759-150x150.jpg" class="attachment-thumbnail size-thumbnail" alt="" decoding="async" loading="lazy" /></a>
			</dt></dl>
			<br style='clear: both' />
		</div>

<p><strong>Bibliotecário (as) que integraram a equipe da Biblioteca&nbsp;</strong></p>
<hr>
<p>&nbsp;</p>
<p><strong>Biblioteca Central Garcez:</strong><br />
<strong>Rua Luiz Xavier, 103 &#8211; Centro &#8211; Curitiba</strong></p>
<p>Em 2019, com a reestruturação das unidades Divina e Tiradentes e em 2021, com a unidade Carlos Gomes, a Biblioteca Central passou a ser a Biblioteca Garcez em novas e modernas instalações, com 391 m² e tem capacidade para 50 pessoas sentadas, possui 15 pontos de estudos individuais, 3 mesas de estudos em equipe para 4 pessoas, 11 computadores para consulta à internet e 64 armários guarda volumes. Conta também com dois pontos para consulta ao acervo.&nbsp;Abrange 04 salas de estudo, que juntas somam 37,3m², duas delas possuindo mesas ovais para 6 pessoas e duas delas possuindo mesas redondas para 4 pessoas. As salas de estudos são equipadas com um computador com acesso à internet para realização de pesquisas acadêmicas e toda a infraestrutura necessária para utilização de notebooks próprios dos alunos.&nbsp;Ao todo, a biblioteca possui 50 cadeiras, 3 cadeiras especiais para obesos e 03 pontos com utilização exclusiva para alunos e visitantes e PCD, 02 salas de estudo em grupo com espaço para PCD. O balcão de atendimento possui espaço com acessibilidade para cadeirantes.&nbsp;No salão, juntamente com o acervo, existem 04 poltronas e 06 pufes para&nbsp;leituras individuais.&nbsp;Para ambientação, conta com paisagismo para conforto ambiental e os mobiliários possuem revestimento acústico. Existem ainda pontos para carregamento de dispositivos eletrônicos e cobertura de rede WI-FI em todas as dependências da biblioteca.</p>

<p>De 1996, quando foi fundado o IBPEX (embrião da UNINTER), até hoje foram vários locais onde as bibliotecas puderam servir aos alunos. Entre elas: &nbsp;&nbsp;&nbsp; Biblioteca Divina:&nbsp; Rua do Rosário, 147 &#8211; Centro &#8211; Curitiba &nbsp; Biblioteca Tiradentes: Rua Saldanha Marinho, 131 &#8211; Centro &#8211; Curitiba &nbsp; Biblioteca Carlos Gomes: Rua Pedro Ivo, 504 &#8211; [&hellip;]</p>
