{"id":131,"date":"2017-11-17T14:31:36","date_gmt":"2017-11-17T16:31:36","guid":{"rendered":"https:\/\/www.uninter.com\/biblioteca\/?page_id=131"},"modified":"2024-03-04T11:45:42","modified_gmt":"2024-03-04T14:45:42","slug":"renovacao-via-internet","status":"publish","type":"page","link":"https:\/\/www.uninter.com\/biblioteca\/renovacao-via-internet\/","title":{"rendered":"Renova\u00e7\u00e3o via Internet"},"content":{"rendered":"<p>Para realizar renova\u00e7\u00f5es via Internet, no Sistema PERGAMUM, voc\u00ea deve utilizar seu RU e a senha de acesso ao Portal UNIVIRTUS e n\u00e3o possuir nenhuma pend\u00eancia (material atrasado e\/ou multa).<br \/>\nA renova\u00e7\u00e3o dever\u00e1 ser feita no dia anterior ou no dia da devolu\u00e7\u00e3o do material. Se <strong>houver reserva de outro aluno (usu\u00e1rio) a renova\u00e7\u00e3o n\u00e3o ser\u00e1 efetuada<\/strong>, sendo obrigat\u00f3ria a devolu\u00e7\u00e3o do material.<br \/>\n<strong>N\u00famero m\u00e1ximo de renova\u00e7\u00f5es que poder\u00e1 realizar por material 03<\/strong>.<\/p>\n<p>Caso haja algum impedimento ao efetuar a renova\u00e7\u00e3o via Internet, entre em contato com a Biblioteca Central Garcez <strong>durante seu hor\u00e1rio<\/strong> de funcionamento, presencialmente ou via telefone:<\/p>\n<p><em><strong>Biblioteca Central Garcez<\/strong><\/em>: (41) 2102-3421<\/p>\n<p>Segunda a sexta \u2013 <strong>8h \u00e0s 20h30.<\/strong><\/p>\n<p><em><strong>Se o problema ocorrer fora do hor\u00e1rio de atendimento, deve-se\u00a0imediatamente\u00a0enviar e-mail\u00a0 contendo o nome do usu\u00e1rio, RU. e\u00a0breve\u00a0explica\u00e7\u00e3o do problema ocorrido anexando a imagem da tela com o erro.<\/strong><\/em><\/p>\n<p><em><strong><a href=\"mailto:biblioteca@uninter.com\">bibliotecacentral@uninter.com<\/a><\/strong><\/em><\/p>\n<p><a href=\"mailto:biblioteca@uninter.com\">biblioteca@uninter.com<\/a><\/p>\n","protected":false},"excerpt":{"rendered":"<p>Para realizar renova\u00e7\u00f5es via Internet, no Sistema PERGAMUM, voc\u00ea deve utilizar seu RU e a senha de acesso ao Portal UNIVIRTUS e n\u00e3o possuir nenhuma pend\u00eancia (material atrasado e\/ou multa). A renova\u00e7\u00e3o dever\u00e1 ser feita no dia anterior ou no dia da devolu\u00e7\u00e3o do material. Se houver reserva de outro aluno (usu\u00e1rio) a renova\u00e7\u00e3o n\u00e3o [&hellip;]<\/p>\n","protected":false},"author":1,"featured_media":0,"parent":0,"menu_order":0,"comment_status":"closed","ping_status":"closed","template":"templates\/template-full.php","meta":[],"acf":[],"_links":{"self":[{"href":"https:\/\/www.uninter.com\/biblioteca\/wp-json\/wp\/v2\/pages\/131"}],"collection":[{"href":"https:\/\/www.uninter.com\/biblioteca\/wp-json\/wp\/v2\/pages"}],"about":[{"href":"https:\/\/www.uninter.com\/biblioteca\/wp-json\/wp\/v2\/types\/page"}],"author":[{"embeddable":true,"href":"https:\/\/www.uninter.com\/biblioteca\/wp-json\/wp\/v2\/users\/1"}],"replies":[{"embeddable":true,"href":"https:\/\/www.uninter.com\/biblioteca\/wp-json\/wp\/v2\/comments?post=131"}],"version-history":[{"count":16,"href":"https:\/\/www.uninter.com\/biblioteca\/wp-json\/wp\/v2\/pages\/131\/revisions"}],"predecessor-version":[{"id":4962,"href":"https:\/\/www.uninter.com\/biblioteca\/wp-json\/wp\/v2\/pages\/131\/revisions\/4962"}],"wp:attachment":[{"href":"https:\/\/www.uninter.com\/biblioteca\/wp-json\/wp\/v2\/media?parent=131"}],"curies":[{"name":"wp","href":"https:\/\/api.w.org\/{rel}","templated":true}]}}