{"id":127,"date":"2017-11-17T14:30:58","date_gmt":"2017-11-17T16:30:58","guid":{"rendered":"https:\/\/www.uninter.com\/biblioteca\/?page_id=127"},"modified":"2025-04-01T09:46:43","modified_gmt":"2025-04-01T12:46:43","slug":"regulamento-de-emprestimo","status":"publish","type":"page","link":"https:\/\/www.uninter.com\/biblioteca\/regulamento-de-emprestimo\/","title":{"rendered":"Regulamento de Empr\u00e9stimo Biblioteca Central Garcez"},"content":{"rendered":"\r\n<p>&nbsp;<\/p>\r\n\r\n\r\n\r\n<p>&nbsp;<\/p>\r\n\r\n\r\n\r\n<p>O Sistema Integrado de Bibliotecas \u00e9 um \u00f3rg\u00e3o suplementar de apoio acad\u00eamico do Centro Universit\u00e1rio Internacional UNINTER (<a href=\"file:\/\/\/X:\/Acervo_Institucional\/00%20Pol\u00edticasAcad\u00eamicas\/Resolu\u00e7\u00f5es_GERAIS\/RESOLU\u00c7\u00c3O%2001A-%20REGULAMENTO%20DA%20BIBLIOTECA%20RV2.pdf\">Resolu\u00e7\u00e3o CEPE n\u00ba 01\/A de 31\/05\/2012<\/a> atualizada em 06\/10\/2023 \u2013 Regulamento do Sistema Integrado das bibliotecas), e tem por finalidade reunir, organizar, divulgar e manter atualizado, preservado e em permanentes condi\u00e7\u00f5es de uso, todo o acervo bibliogr\u00e1fico impresso, virtual e audiovisual existente e os que venham a ser adquiridos, necess\u00e1rios para o desenvolvimento dos programas de ensino, pesquisa e extens\u00e3o. Constitu\u00edda pela Biblioteca Central Garcez , tem por miss\u00e3o: <strong><em>Cumprir seu papel de disseminador de informa\u00e7\u00e3o oferecendo suporte necess\u00e1rio \u00e0s atividades de Ensino, Pesquisa e Extens\u00e3o, disponibilizando recursos tecnol\u00f3gicos e infraestrutura adequada, proporcionando a toda comunidade acad\u00eamica, o acesso \u00e0 informa\u00e7\u00e3o.<\/em><\/strong><\/p>\r\n\r\n\r\n\r\n<p>Este regulamento destina-se \u00e0 uniformiza\u00e7\u00e3o e a normatiza\u00e7\u00e3o dos servi\u00e7os de empr\u00e9stimo e determina demais diretrizes sobre outros servi\u00e7os disponibilizados pela Biblioteca Central Garcez.<\/p>\r\n\r\n<h3>Regras de empr\u00e9stimo por categorias de usu\u00e1rios:<\/h3>\r\n<p><strong><em>ALUNOS DE GRADUA\u00c7\u00c3O<\/em><\/strong><\/p>\r\n<p>Livros: 03 livros por 07 dias corridos;<\/p>\r\n<p>Peri\u00f3dicos: 1 peri\u00f3dico anterior ao \u00faltimo que constar do acervo da biblioteca por\u00a07 dias corridos.<\/p>\r\n<div class=\"wp-block-column\">\u00a0<\/div>\r\n\r\n<div class=\"wp-block-column is-layout-flow\"><hr class=\"wp-block-separator aligncenter has-alpha-channel-opacity\" \/><\/div>\r\n\r\n<p><strong><em>ALUNOS DE TCC<\/em><\/strong><\/p>\r\n<p>Livros: 05 livros por 07 dias corridos;<\/p>\r\n<p>Peri\u00f3dicos: 1 peri\u00f3dico anterior ao \u00faltimo que constar do acervo da biblioteca por\u00a07 dias corridos.<\/p>\r\n\r\n<div class=\"wp-block-column is-layout-flow\"><hr class=\"wp-block-separator aligncenter has-alpha-channel-opacity\" \/><\/div>\r\n\r\n<p><strong><em>ALUNOS DE P\u00d3S-GRADUA\u00c7\u00c3O<\/em><\/strong><\/p>\r\n<p>Livros: 03 livros por 14 dias corridos;<\/p>\r\n<p>Peri\u00f3dicos: 01 peri\u00f3dico anterior ao \u00faltimo que constar do acervo da biblioteca por 07 dias corridos.<\/p>\r\n\r\n<div class=\"wp-block-column is-layout-flow\"><hr class=\"wp-block-separator aligncenter has-alpha-channel-opacity\" \/><\/div>\r\n\r\n<p><strong><em>ALUNOS DE MESTRADO E DOUTORADO<\/em><\/strong><\/p>\r\n<p>Livros: 05 livros por 28 dias corridos;<\/p>\r\n<p>Peri\u00f3dicos: 02 peri\u00f3dicos anteriores ao \u00faltimo que constar do acervo da biblioteca por 07 dias corridos.<\/p>\r\n<p>&nbsp;<\/p>\r\n\r\n<div class=\"wp-block-column is-layout-flow\"><hr class=\"wp-block-separator aligncenter has-alpha-channel-opacity\" \/><\/div>\r\n<p><strong><em> <\/em><\/strong><\/p>\r\n<p><strong>PROFESSORES<\/strong><\/p>\r\n<p>Livros: 08 livros por 28 dias corridos;<\/p>\r\n<p>Peri\u00f3dicos: 02 peri\u00f3dicos anteriores ao \u00faltimo que constar do acervo da biblioteca por 7 dias corridos.<\/p>\r\n<p>&nbsp;<\/p>\r\n<p><strong><em> <\/em><\/strong><\/p>\r\n<div class=\"wp-block-column is-layout-flow\"><hr class=\"wp-block-separator aligncenter has-alpha-channel-opacity\" \/><\/div>\r\n<p><strong><em> <\/em><\/strong><\/p>\r\n<p><strong>FUNCION\u00c1RIOS<\/strong><\/p>\r\n<p>Livros: 03 livros por 07 dias corridos;<\/p>\r\n<p>Peri\u00f3dicos: 01 peri\u00f3dico anterior ao \u00faltimo que constar do acervo da biblioteca por 07 dias corridos.<\/p>\r\n<p>&nbsp;<\/p>\r\n<p><strong><em><\/em><\/strong><\/p>\r\n<div class=\"wp-block-columns is-layout-flex wp-container-7\">\r\n<div class=\"wp-block-column is-layout-flow\"><hr class=\"wp-block-separator aligncenter has-alpha-channel-opacity\" \/><\/div>\r\n<\/div>\r\n<p><strong><em><\/em><\/strong><\/p>\r\n<p><strong>SERVI\u00c7OS DE EMPR\u00c9STIMO<\/strong><\/p>\r\n<ul>\r\n<li>\r\n<h6>Ser\u00e1 considerado em atraso o usu\u00e1rio que n\u00e3o devolver o material tomado por empr\u00e9stimo no prazo estabelecido.<\/h6>\r\n<\/li>\r\n<li>\r\n<h6>\u00c9 vedado o empr\u00e9stimo domiciliar de obras de refer\u00eancia (dicion\u00e1rios, enciclop\u00e9dias, atlas, almanaques exceto para docentes), assim como livros que se possua apenas um exemplar, identificado como consulta interna (salvo em situa\u00e7\u00f5es excepcionais).<\/h6>\r\n<\/li>\r\n<li>\r\n<h6>A n\u00e3o devolu\u00e7\u00e3o do material na data prevista acarreta a cobran\u00e7a de multa no valor de R$ 1,00 ao dia por material.<\/h6>\r\n<\/li>\r\n<li>\r\n<h6>No caso de publica\u00e7\u00f5es de Consulta Interna a multa \u00e9 de R$ 5,00 ao dia por material. A contagem dos dias em atraso inclui s\u00e1bado, domingo e feriados, e a cobran\u00e7a \u00e9 feita pelo n\u00famero de dias e por material emprestado.<\/h6>\r\n<\/li>\r\n<li>\r\n<h6>O usu\u00e1rio em falta com a biblioteca ter\u00e1 suspenso o seu direito de retirada de novos materiais at\u00e9 o cumprimento de sua obriga\u00e7\u00e3o.<\/h6>\r\n<\/li>\r\n<li>\r\n<h6>O material poder\u00e1 ser renovado apenas 03 vezes pelo aluno, pela Internet via MEU PERGAMUM (Clique na palavra &#8220;ENTRAR&#8221; no alto da tela de pesquisa do lado direito e informe seu RU e SENHA (UNIVIRTUS), depois clique em Acessar e por fim MEU PERGAMUM), pelos e-mails: <a href=\"bibliotecacentral@uninter.com\">bibliotecacentral@uninter.com<\/a> e\u00a0<a href=\"biblioteca@uninter.com\">biblioteca@uninter.com<\/a> ou por telefone.<\/h6>\r\n<\/li>\r\n<li>\r\n<h6><strong>Depois das 03 renova\u00e7\u00f5es, fica vedado um novo empr\u00e9stimo do mesmo exemplar, <em>sendo necess\u00e1rio a troca por outro exemplar<\/em> caso seja do interesse do aluno continuar com o empr\u00e9stimo da obra.<\/strong> N\u00e3o havendo outro exemplar para substituir ter\u00e1 que realizar reserva para posteriormente retirar em novo empr\u00e9stimo<\/h6>\r\n<\/li>\r\n<li>\r\n<h6>O material pode ser reservado via cat\u00e1logo on-line acessando o UNIVIRTUS (\u00cdcone Biblioteca \/ Sistema Integrado de Bibliotecas) ou pelo Portal da Biblioteca acessando: https:\/\/www.uninter.com\/biblioteca\/ e clicando no \u00cdcone Consulta ao Acervo.<\/h6>\r\n<\/li>\r\n<\/ul>\r\n<p><strong><em><\/em><\/strong><\/p>\r\n<div class=\"wp-block-columns is-layout-flex wp-container-9\">\r\n<div class=\"wp-block-column is-layout-flow\" style=\"flex-basis: 100%;\"><hr class=\"wp-block-separator aligncenter has-alpha-channel-opacity\" \/><\/div>\r\n<\/div>\r\n<p><strong><em>\r\n\r\n<\/em><\/strong><\/p>\r\n<p><strong>GUARDA VOLUMES:<\/strong><\/p>\r\n<p><strong><em>\r\n\r\n<\/em><\/strong><\/p>\r\n<p>Para casos de usu\u00e1rios que n\u00e3o devolverem a chave do arm\u00e1rio do guarda-volumes, deixando material guardado de um dia para outro ou ficando de posse da chave, o arm\u00e1rio ser\u00e1 lacrado. Ser\u00e1 liberado mediante o pagamento de multa no valor de R$ 10,00 (dez reais).<\/p>\r\n<p><strong><em>\r\n\r\n<\/em><\/strong><\/p>\r\n<div class=\"wp-block-columns is-layout-flex wp-container-11\">\r\n<div class=\"wp-block-column is-layout-flow\" style=\"flex-basis: 100%;\"><hr class=\"wp-block-separator aligncenter has-alpha-channel-opacity\" \/><\/div>\r\n<\/div>\r\n<p><strong><em>\r\n\r\n<\/em><\/strong><\/p>\r\n<p><strong>RESERVA DE SALA DE ESTUDO (<strong>segunda a sexta-feira<\/strong>)<strong>:<\/strong> <\/strong><\/p>\r\n<p><strong><em>\r\n\r\n<\/em><\/strong><\/p>\r\n<div class=\"wp-block-group is-layout-constrained\"><div class=\"wp-block-group__inner-container\">\r\n<p>* Diretamente no balc\u00e3o de atendimento da biblioteca;<\/p>\r\n\r\n\r\n\r\n<p>* E-mail da biblioteca: biblioteca@uninter.com ou bibliotecacentral@uninter.com;<\/p>\r\n\r\n\r\n\r\n<p>* Por telefone 2102-3421.<\/p>\r\n<\/div><\/div>\r\n<p><strong><em>\r\n\r\n<\/em><\/strong><\/p>\r\n<p>&nbsp;<\/p>\r\n<p><strong><em>\r\n\r\n<\/em><\/strong><\/p>\r\n<div class=\"wp-block-group is-layout-constrained\"><div class=\"wp-block-group__inner-container\">\r\n<p><strong>MANH\u00c3<\/strong><\/p>\r\n\r\n\r\n\r\n<p>1\u00ba hor\u00e1rio \u2013 08h \u00e0s 10h e o 2\u00ba hor\u00e1rio \u2013 10h \u00e0s 12h<\/p>\r\n\r\n\r\n\r\n<p>&nbsp;<\/p>\r\n\r\n\r\n\r\n<p class=\"has-text-align-left\"><strong>TARDE\/NOITE<\/strong><\/p>\r\n\r\n\r\n\r\n<p>1\u00ba hor\u00e1rio \u2013 14h \u00e0s 16h e o 2\u00ba hor\u00e1rio \u2013 16h \u00e0s 18h<\/p>\r\n\r\n\r\n\r\n<p>&nbsp;<\/p>\r\n\r\n\r\n\r\n<p>3\u00ba hor\u00e1rio \u2013 18h \u00e0s 20h<\/p>\r\n\r\n\r\n\r\n<p>OBSERVA\u00c7\u00c3O:<\/p>\r\n\r\n\r\n\r\n<p>Hor\u00e1rio de almo\u00e7o (12h30 \u00e0s 13h30 &#8211; <strong>LIVRE<\/strong>\u00a0<strong>&#8211; Prazo prorrog\u00e1veis<\/strong>)<\/p>\r\n\r\n\r\n\r\n<p>Tempo de toler\u00e2ncia na espera da utiliza\u00e7\u00e3o da sala de reserva = 15min., excedido esse tempo, a sala ser\u00e1 liberada da reserva.<\/p>\r\n\r\n\r\n\r\n<p><strong>Condi\u00e7\u00f5es de uso do espa\u00e7o da sala: <\/strong><\/p>\r\n\r\n\r\n\r\n<p>* Proibido alimentos;<\/p>\r\n\r\n\r\n\r\n<p>* Conversas altas;<\/p>\r\n\r\n\r\n\r\n<p>Caso necessite se ausentar da sala de estudo comunicar ao atendente.<\/p>\r\n<\/div><\/div>\r\n<p><strong><em><\/em><\/strong><\/p>","protected":false},"excerpt":{"rendered":"<p>&nbsp; &nbsp; O Sistema Integrado de Bibliotecas \u00e9 um \u00f3rg\u00e3o suplementar de apoio acad\u00eamico do Centro Universit\u00e1rio Internacional UNINTER (Resolu\u00e7\u00e3o CEPE n\u00ba 01\/A de 31\/05\/2012 atualizada em 06\/10\/2023 \u2013 Regulamento do Sistema Integrado das bibliotecas), e tem por finalidade reunir, organizar, divulgar e manter atualizado, preservado e em permanentes condi\u00e7\u00f5es de uso, todo o acervo [&hellip;]<\/p>\n","protected":false},"author":1,"featured_media":0,"parent":0,"menu_order":0,"comment_status":"closed","ping_status":"closed","template":"templates\/template-full.php","meta":[],"acf":[],"_links":{"self":[{"href":"https:\/\/www.uninter.com\/biblioteca\/wp-json\/wp\/v2\/pages\/127"}],"collection":[{"href":"https:\/\/www.uninter.com\/biblioteca\/wp-json\/wp\/v2\/pages"}],"about":[{"href":"https:\/\/www.uninter.com\/biblioteca\/wp-json\/wp\/v2\/types\/page"}],"author":[{"embeddable":true,"href":"https:\/\/www.uninter.com\/biblioteca\/wp-json\/wp\/v2\/users\/1"}],"replies":[{"embeddable":true,"href":"https:\/\/www.uninter.com\/biblioteca\/wp-json\/wp\/v2\/comments?post=127"}],"version-history":[{"count":71,"href":"https:\/\/www.uninter.com\/biblioteca\/wp-json\/wp\/v2\/pages\/127\/revisions"}],"predecessor-version":[{"id":5537,"href":"https:\/\/www.uninter.com\/biblioteca\/wp-json\/wp\/v2\/pages\/127\/revisions\/5537"}],"wp:attachment":[{"href":"https:\/\/www.uninter.com\/biblioteca\/wp-json\/wp\/v2\/media?parent=127"}],"curies":[{"name":"wp","href":"https:\/\/api.w.org\/{rel}","templated":true}]}}

Regulamento de Empréstimo Biblioteca Central Garcez

<p>&nbsp;</p>



<p>&nbsp;</p>



<p>O Sistema Integrado de Bibliotecas é um órgão suplementar de apoio acadêmico do Centro Universitário Internacional UNINTER (<a href="file:///X:/Acervo_Institucional/00%20PolíticasAcadêmicas/Resoluções_GERAIS/RESOLUÇÃO%2001A-%20REGULAMENTO%20DA%20BIBLIOTECA%20RV2.pdf">Resolução CEPE nº 01/A de 31/05/2012</a> atualizada em 06/10/2023 – Regulamento do Sistema Integrado das bibliotecas), e tem por finalidade reunir, organizar, divulgar e manter atualizado, preservado e em permanentes condições de uso, todo o acervo bibliográfico impresso, virtual e audiovisual existente e os que venham a ser adquiridos, necessários para o desenvolvimento dos programas de ensino, pesquisa e extensão. Constituída pela Biblioteca Central Garcez , tem por missão: <strong><em>Cumprir seu papel de disseminador de informação oferecendo suporte necessário às atividades de Ensino, Pesquisa e Extensão, disponibilizando recursos tecnológicos e infraestrutura adequada, proporcionando a toda comunidade acadêmica, o acesso à informação.</em></strong></p>



<p>Este regulamento destina-se à uniformização e a normatização dos serviços de empréstimo e determina demais diretrizes sobre outros serviços disponibilizados pela Biblioteca Central Garcez.</p>

<h3>Regras de empréstimo por categorias de usuários:</h3>
<p><strong><em>ALUNOS DE GRADUAÇÃO</em></strong></p>
<p>Livros: 03 livros por 07 dias corridos;</p>
<p>Periódicos: 1 periódico anterior ao último que constar do acervo da biblioteca por 7 dias corridos.</p>
<div class="wp-block-column"> </div>

<div class="wp-block-column is-layout-flow"><hr class="wp-block-separator aligncenter has-alpha-channel-opacity" /></div>

<p><strong><em>ALUNOS DE TCC</em></strong></p>
<p>Livros: 05 livros por 07 dias corridos;</p>
<p>Periódicos: 1 periódico anterior ao último que constar do acervo da biblioteca por 7 dias corridos.</p>

<div class="wp-block-column is-layout-flow"><hr class="wp-block-separator aligncenter has-alpha-channel-opacity" /></div>

<p><strong><em>ALUNOS DE PÓS-GRADUAÇÃO</em></strong></p>
<p>Livros: 03 livros por 14 dias corridos;</p>
<p>Periódicos: 01 periódico anterior ao último que constar do acervo da biblioteca por 07 dias corridos.</p>

<div class="wp-block-column is-layout-flow"><hr class="wp-block-separator aligncenter has-alpha-channel-opacity" /></div>

<p><strong><em>ALUNOS DE MESTRADO E DOUTORADO</em></strong></p>
<p>Livros: 05 livros por 28 dias corridos;</p>
<p>Periódicos: 02 periódicos anteriores ao último que constar do acervo da biblioteca por 07 dias corridos.</p>
<p>&nbsp;</p>

<div class="wp-block-column is-layout-flow"><hr class="wp-block-separator aligncenter has-alpha-channel-opacity" /></div>
<p><strong><em> </em></strong></p>
<p><strong>PROFESSORES</strong></p>
<p>Livros: 08 livros por 28 dias corridos;</p>
<p>Periódicos: 02 periódicos anteriores ao último que constar do acervo da biblioteca por 7 dias corridos.</p>
<p>&nbsp;</p>
<p><strong><em> </em></strong></p>
<div class="wp-block-column is-layout-flow"><hr class="wp-block-separator aligncenter has-alpha-channel-opacity" /></div>
<p><strong><em> </em></strong></p>
<p><strong>FUNCIONÁRIOS</strong></p>
<p>Livros: 03 livros por 07 dias corridos;</p>
<p>Periódicos: 01 periódico anterior ao último que constar do acervo da biblioteca por 07 dias corridos.</p>
<p>&nbsp;</p>
<p><strong><em></em></strong></p>
<div class="wp-block-columns is-layout-flex wp-container-7">
<div class="wp-block-column is-layout-flow"><hr class="wp-block-separator aligncenter has-alpha-channel-opacity" /></div>
</div>
<p><strong><em></em></strong></p>
<p><strong>SERVIÇOS DE EMPRÉSTIMO</strong></p>
<ul>
<li>
<h6>Será considerado em atraso o usuário que não devolver o material tomado por empréstimo no prazo estabelecido.</h6>
</li>
<li>
<h6>É vedado o empréstimo domiciliar de obras de referência (dicionários, enciclopédias, atlas, almanaques exceto para docentes), assim como livros que se possua apenas um exemplar, identificado como consulta interna (salvo em situações excepcionais).</h6>
</li>
<li>
<h6>A não devolução do material na data prevista acarreta a cobrança de multa no valor de R$ 1,00 ao dia por material.</h6>
</li>
<li>
<h6>No caso de publicações de Consulta Interna a multa é de R$ 5,00 ao dia por material. A contagem dos dias em atraso inclui sábado, domingo e feriados, e a cobrança é feita pelo número de dias e por material emprestado.</h6>
</li>
<li>
<h6>O usuário em falta com a biblioteca terá suspenso o seu direito de retirada de novos materiais até o cumprimento de sua obrigação.</h6>
</li>
<li>
<h6>O material poderá ser renovado apenas 03 vezes pelo aluno, pela Internet via MEU PERGAMUM (Clique na palavra &#8220;ENTRAR&#8221; no alto da tela de pesquisa do lado direito e informe seu RU e SENHA (UNIVIRTUS), depois clique em Acessar e por fim MEU PERGAMUM), pelos e-mails: <a href="bibliotecacentral@uninter.com">bibliotecacentral@uninter.com</a> e <a href="biblioteca@uninter.com">biblioteca@uninter.com</a> ou por telefone.</h6>
</li>
<li>
<h6><strong>Depois das 03 renovações, fica vedado um novo empréstimo do mesmo exemplar, <em>sendo necessário a troca por outro exemplar</em> caso seja do interesse do aluno continuar com o empréstimo da obra.</strong> Não havendo outro exemplar para substituir terá que realizar reserva para posteriormente retirar em novo empréstimo</h6>
</li>
<li>
<h6>O material pode ser reservado via catálogo on-line acessando o UNIVIRTUS (Ícone Biblioteca / Sistema Integrado de Bibliotecas) ou pelo Portal da Biblioteca acessando: https://www.uninter.com/biblioteca/ e clicando no Ícone Consulta ao Acervo.</h6>
</li>
</ul>
<p><strong><em></em></strong></p>
<div class="wp-block-columns is-layout-flex wp-container-9">
<div class="wp-block-column is-layout-flow" style="flex-basis: 100%;"><hr class="wp-block-separator aligncenter has-alpha-channel-opacity" /></div>
</div>
<p><strong><em>

</em></strong></p>
<p><strong>GUARDA VOLUMES:</strong></p>
<p><strong><em>

</em></strong></p>
<p>Para casos de usuários que não devolverem a chave do armário do guarda-volumes, deixando material guardado de um dia para outro ou ficando de posse da chave, o armário será lacrado. Será liberado mediante o pagamento de multa no valor de R$ 10,00 (dez reais).</p>
<p><strong><em>

</em></strong></p>
<div class="wp-block-columns is-layout-flex wp-container-11">
<div class="wp-block-column is-layout-flow" style="flex-basis: 100%;"><hr class="wp-block-separator aligncenter has-alpha-channel-opacity" /></div>
</div>
<p><strong><em>

</em></strong></p>
<p><strong>RESERVA DE SALA DE ESTUDO (<strong>segunda a sexta-feira</strong>)<strong>:</strong> </strong></p>
<p><strong><em>

</em></strong></p>
<div class="wp-block-group is-layout-constrained"><div class="wp-block-group__inner-container">
<p>* Diretamente no balcão de atendimento da biblioteca;</p>



<p>* E-mail da biblioteca: biblioteca@uninter.com ou bibliotecacentral@uninter.com;</p>



<p>* Por telefone 2102-3421.</p>
</div></div>
<p><strong><em>

</em></strong></p>
<p>&nbsp;</p>
<p><strong><em>

</em></strong></p>
<div class="wp-block-group is-layout-constrained"><div class="wp-block-group__inner-container">
<p><strong>MANHÃ</strong></p>



<p>1º horário – 08h às 10h e o 2º horário – 10h às 12h</p>



<p>&nbsp;</p>



<p class="has-text-align-left"><strong>TARDE/NOITE</strong></p>



<p>1º horário – 14h às 16h e o 2º horário – 16h às 18h</p>



<p>&nbsp;</p>



<p>3º horário – 18h às 20h</p>



<p>OBSERVAÇÃO:</p>



<p>Horário de almoço (12h30 às 13h30 &#8211; <strong>LIVRE</strong> <strong>&#8211; Prazo prorrogáveis</strong>)</p>



<p>Tempo de tolerância na espera da utilização da sala de reserva = 15min., excedido esse tempo, a sala será liberada da reserva.</p>



<p><strong>Condições de uso do espaço da sala: </strong></p>



<p>* Proibido alimentos;</p>



<p>* Conversas altas;</p>



<p>Caso necessite se ausentar da sala de estudo comunicar ao atendente.</p>
</div></div>
<p><strong><em></em></strong></p>

<p>&nbsp; &nbsp; O Sistema Integrado de Bibliotecas é um órgão suplementar de apoio acadêmico do Centro Universitário Internacional UNINTER (Resolução CEPE nº 01/A de 31/05/2012 atualizada em 06/10/2023 – Regulamento do Sistema Integrado das bibliotecas), e tem por finalidade reunir, organizar, divulgar e manter atualizado, preservado e em permanentes condições de uso, todo o acervo [&hellip;]</p>
