{"id":121,"date":"2017-11-17T14:30:01","date_gmt":"2017-11-17T16:30:01","guid":{"rendered":"https:\/\/www.uninter.com\/biblioteca\/?page_id=121"},"modified":"2022-03-16T14:54:27","modified_gmt":"2022-03-16T17:54:27","slug":"politica-de-entrega-de-trabalhos","status":"publish","type":"page","link":"https:\/\/www.uninter.com\/biblioteca\/politica-de-entrega-de-trabalhos\/","title":{"rendered":"Pol\u00edtica de entrega de trabalhos"},"content":{"rendered":"<h3>Reposit\u00f3rio Institucional UNINTER<\/h3>\n<p>(Monografias, Artigos, Teses e Disserta\u00e7\u00f5es)<\/p>\n<p>O Reposit\u00f3rio Institucional UNINTER, implantado em 2018, pelo Sistema Integrado de Bibliotecas, \u00e9 uma base de dados online que tem como miss\u00e3o preservar a produ\u00e7\u00e3o cient\u00edfica e a mem\u00f3ria intelectual da institui\u00e7\u00e3o e suas fun\u00e7\u00f5es principais s\u00e3o o registro, o armazenamento e a organiza\u00e7\u00e3o da informa\u00e7\u00e3o cient\u00edfica das publica\u00e7\u00f5es de seus autores em formato digital.<\/p>\n<p>Tem como objetivos:<\/p>\n<ul>\n<li>Gerenciar, armazenar, preservar, disseminar e possibilitar o acesso aberto, como bem p\u00fablico global, \u00e0 produ\u00e7\u00e3o cient\u00edfica, acad\u00eamica, art\u00edstica, t\u00e9cnica e administrativa da Institui\u00e7\u00e3o;<\/li>\n<li>promover o acesso, difundir e dar maior visibilidade dos conte\u00fados das informa\u00e7\u00f5es cient\u00edficas e intelectuais produzidas na institui\u00e7\u00e3o e torn\u00e1-las acess\u00edveis aos usu\u00e1rios atuais e \u00e0s futuras gera\u00e7\u00f5es;<\/li>\n<li>favorecer o acesso \u00e0 informa\u00e7\u00e3o cient\u00edfica, beneficiando os pesquisadores. estudantes e professores da institui\u00e7\u00e3o.<\/li>\n<\/ul>\n<p>Os trabalhos aprovados, TCCs, Monografias, Disserta\u00e7\u00f5es e Teses defendidos na Institui\u00e7\u00e3o devem ser disponibilizados no Reposit\u00f3rio Institucional<\/p>\n<p>A submiss\u00e3o dos <strong>trabalhos aprovados<\/strong> na obten\u00e7\u00e3o de t\u00edtulo dos <strong>Cursos de Gradua\u00e7\u00e3o, P\u00f3s-Gradua\u00e7\u00e3o <em>Lato Sensu e Stricto Sensu <\/em><\/strong>do Centro Universit\u00e1rio Internacional UNINTER, dever\u00e3o estar em conformidades com as Normas do Sistema Integrado de Bibliotecas e com as Pol\u00edticas Acad\u00eamicas da IES.<\/p>\n<p>Para que seja realizada a inser\u00e7\u00e3o do arquivo no reposit\u00f3rio institucional UNINTER, as <strong>coordena\u00e7\u00f5es e \u00e1reas respons\u00e1veis <\/strong>pelo recebimento da vers\u00e3o final dos trabalhos (monografias, disserta\u00e7\u00f5es e teses defendidas nos cursos de Gradua\u00e7\u00e3o, P\u00f3s-Gradua\u00e7\u00e3o, Stricto Sensu e Lato Sensu), entregue pelo aluno, \u00e9 obrigat\u00f3rio que cumpram os crit\u00e9rios abaixo estabelecidos, conforme a categoria que se enquadram:<\/p>\n<p>&nbsp;<\/p>\n<ol>\n<li><strong>TCC \u2013 GRADUA\u00c7\u00c3O<\/strong><em>\/<\/em><strong> MONOGRAFIAS \/ ARTIGOS \u2013 LATO SENSU<\/strong><strong>\u00a0<\/strong><\/li>\n<\/ol>\n<ul>\n<li>Obrigat\u00f3ria entrega de trabalhos defendidos com nota 10 ou nota m\u00e1xima vigente, e de acordo com as normas da ABNT;<\/li>\n<li>O coordenador poder\u00e1 encaminhar trabalhos com notas entre 8 e 9,5 que julgar relevante;<\/li>\n<li>Os trabalhos de conclus\u00e3o de cursos dever\u00e3o ser entregues \u00e0 Biblioteca, em um \u00fanico arquivo digital em formato PDF\/A, sendo o nome do aluno o nome do arquivo,<\/li>\n<li>O encaminhamento dever\u00e1 ser feito pelo coordenador do curso para publica\u00e7\u00e3o do trabalho na internet (Reposit\u00f3rio Institucional) pelo e-mail <a href=\"mailto:biblioteca@uninter.com\">biblioteca@uninter.com<\/a> ;<\/li>\n<li>N\u00e3o ser\u00e3o aceitos TCC\u2019s impressos para o Reposit\u00f3rio.<\/li>\n<\/ul>\n<p><strong>\u00a0<\/strong><\/p>\n<ol start=\"2\">\n<li><strong>TESES E DISSERTA\u00c7\u00d5ES<\/strong><strong>\u00a0<\/strong><\/li>\n<\/ol>\n<ul>\n<li>As teses e disserta\u00e7\u00f5es dever\u00e3o ser entregues \u00e0 Biblioteca, pela secretaria do Mestrado e ou Doutorado em um \u00fanico arquivo digital no formato PDF\/A, sendo o nome do aluno o nome do arquivo, e de acordo com as normas da ABNT;<\/li>\n<li>Obrigat\u00f3rio informar <strong>t\u00edtulo em idioma estrangeiro <\/strong>(ingl\u00eas ou espanhol) para publica\u00e7\u00e3o na Biblioteca Digital Brasileira de Teses e Disserta\u00e7\u00f5es \u2013 BDTD.<\/li>\n<\/ul>\n<p>Quanto \u00e0s informa\u00e7\u00f5es necess\u00e1rias para compor os registros das publica\u00e7\u00f5es (metadados), s\u00e3o obrigat\u00f3rias as informa\u00e7\u00f5es abaixo:<\/p>\n<p><strong>Obrigat\u00f3rias:<\/strong><\/p>\n<table>\n<tbody>\n<tr>\n<td width=\"130\">Autor(es)<\/td>\n<td width=\"421\">Nome completo de cada um dos acad\u00eamicos<\/td>\n<\/tr>\n<tr>\n<td width=\"130\">T\u00edtulo<\/td>\n<td width=\"421\">Descri\u00e7\u00e3o completa do t\u00edtulo\/tema do trabalho<\/td>\n<\/tr>\n<tr>\n<td width=\"130\">Data<\/td>\n<td width=\"421\">Ano em que o trabalho teve aprova\u00e7\u00e3o<\/td>\n<\/tr>\n<tr>\n<td width=\"130\">Local<\/td>\n<td width=\"421\">Cidade e Estado<\/td>\n<\/tr>\n<tr>\n<td width=\"130\">Orientador<\/td>\n<td width=\"421\">Nome completo do orientador do trabalho<\/td>\n<\/tr>\n<tr>\n<td width=\"130\">Resumo<\/td>\n<td width=\"421\">Descri\u00e7\u00e3o do resumo do trabalho<\/td>\n<\/tr>\n<tr>\n<td width=\"130\">Nome do Curso<\/td>\n<td width=\"421\">Nome completo do curso<\/td>\n<\/tr>\n<\/tbody>\n<\/table>\n<p>Quanto ao arquivo este dever\u00e1 ter o nome do aluno, e ser encaminhado para o\u00a0e-mail: <a href=\"mailto:biblioteca@uninter.com\">biblioteca@uninter.com<\/a> contendo informa\u00e7\u00f5es espec\u00edficas descritas abaixo:<\/p>\n<table>\n<tbody>\n<tr>\n<td width=\"132\">Nome da \u00e1rea<\/td>\n<td width=\"419\">Nome da Escola\/\u00c1rea em que o curso est\u00e1 vinculado<\/td>\n<\/tr>\n<tr>\n<td width=\"132\">Coordenador<\/td>\n<td width=\"419\">Nome do coordenador de curso<\/td>\n<\/tr>\n<\/tbody>\n<\/table>\n<p><strong>IMPORTANTE<\/strong><\/p>\n<p>A Biblioteca ter\u00e1 direito de vetar a inser\u00e7\u00e3o dos trabalhos no Reposit\u00f3rio caso ocorra:<\/p>\n<ul>\n<li>Aus\u00eancia de partes;<\/li>\n<li>Dados incompletos;<\/li>\n<li>Arquivos corrompidos ou com falhas, etc.;<\/li>\n<\/ul>\n<p>Se ocorrer o enquadramento do trabalho em qualquer um dos casos acima, a coordena\u00e7\u00e3o do curso ficar\u00e1 respons\u00e1vel em solicitar ao aluno, novo envio do material no padr\u00e3o correto para inser\u00e7\u00e3o pela Biblioteca.<\/p>\n<p>D\u00favidas e informa\u00e7\u00f5es adicionais sobre procedimentos adotados para publica\u00e7\u00e3o de trabalhos acad\u00eamicos no formato digital, consulte a Equipe da Biblioteca pelo e-mail: <a href=\"mailto:biblioteca@uninter.com\">biblioteca@uninter.com<\/a> \/ <a href=\"mailto:vanda.d@uninter.com\">vanda.d@uninter.com<\/a>\u00a0.<\/p>\n<p><strong>AUTORIZA\u00c7\u00c3O PARA PUBLICA\u00c7\u00c3O<\/strong><\/p>\n<p>\u00c9 obrigat\u00f3rio que o aluno tenha dado o aceite do termo de autoriza\u00e7\u00e3o de divulga\u00e7\u00e3o de trabalho com a Uninter, a partir de contrato com a institui\u00e7\u00e3o ou aceite do termo digital. O termo de autoriza\u00e7\u00e3o na vers\u00e3o digital poder\u00e1 ser solicitado junto ao Setor Jur\u00eddico da UNINTER, via Solicita\u00e7\u00e3o de Servi\u00e7o no AVA UNIVIRTUS.<br \/>\nPara os alunos ingressantes a partir de 2018, o contrato com a UNINTER j\u00e1 prev\u00ea a autoriza\u00e7\u00e3o do uso da imagem, do som de voz e dos trabalhos desenvolvidos durante o curso, conforme pode ser observado na cl\u00e1usula d\u00e9cima quinta:<\/p>\n<p><img decoding=\"async\" loading=\"lazy\" class=\"size-full wp-image-3671 alignleft\" src=\"https:\/\/www.uninter.com\/biblioteca\/wp-content\/uploads\/2021\/11\/autorizacaoRepositorio.jpg\" alt=\"\" width=\"786\" height=\"322\" srcset=\"https:\/\/www.uninter.com\/biblioteca\/wp-content\/uploads\/2021\/11\/autorizacaoRepositorio.jpg 786w, https:\/\/www.uninter.com\/biblioteca\/wp-content\/uploads\/2021\/11\/autorizacaoRepositorio-300x123.jpg 300w, https:\/\/www.uninter.com\/biblioteca\/wp-content\/uploads\/2021\/11\/autorizacaoRepositorio-768x315.jpg 768w\" sizes=\"(max-width: 786px) 100vw, 786px\" \/><\/p>\n","protected":false},"excerpt":{"rendered":"<p>Reposit\u00f3rio Institucional UNINTER (Monografias, Artigos, Teses e Disserta\u00e7\u00f5es) O Reposit\u00f3rio Institucional UNINTER, implantado em 2018, pelo Sistema Integrado de Bibliotecas, \u00e9 uma base de dados online que tem como miss\u00e3o preservar a produ\u00e7\u00e3o cient\u00edfica e a mem\u00f3ria intelectual da institui\u00e7\u00e3o e suas fun\u00e7\u00f5es principais s\u00e3o o registro, o armazenamento e a organiza\u00e7\u00e3o da informa\u00e7\u00e3o cient\u00edfica [&hellip;]<\/p>\n","protected":false},"author":1,"featured_media":0,"parent":0,"menu_order":0,"comment_status":"closed","ping_status":"closed","template":"templates\/template-full.php","meta":[],"acf":[],"_links":{"self":[{"href":"https:\/\/www.uninter.com\/biblioteca\/wp-json\/wp\/v2\/pages\/121"}],"collection":[{"href":"https:\/\/www.uninter.com\/biblioteca\/wp-json\/wp\/v2\/pages"}],"about":[{"href":"https:\/\/www.uninter.com\/biblioteca\/wp-json\/wp\/v2\/types\/page"}],"author":[{"embeddable":true,"href":"https:\/\/www.uninter.com\/biblioteca\/wp-json\/wp\/v2\/users\/1"}],"replies":[{"embeddable":true,"href":"https:\/\/www.uninter.com\/biblioteca\/wp-json\/wp\/v2\/comments?post=121"}],"version-history":[{"count":12,"href":"https:\/\/www.uninter.com\/biblioteca\/wp-json\/wp\/v2\/pages\/121\/revisions"}],"predecessor-version":[{"id":5000,"href":"https:\/\/www.uninter.com\/biblioteca\/wp-json\/wp\/v2\/pages\/121\/revisions\/5000"}],"wp:attachment":[{"href":"https:\/\/www.uninter.com\/biblioteca\/wp-json\/wp\/v2\/media?parent=121"}],"curies":[{"name":"wp","href":"https:\/\/api.w.org\/{rel}","templated":true}]}}