{"id":116,"date":"2017-11-17T14:27:40","date_gmt":"2017-11-17T16:27:40","guid":{"rendered":"https:\/\/www.uninter.com\/biblioteca\/?page_id=116"},"modified":"2024-03-05T14:58:20","modified_gmt":"2024-03-05T17:58:20","slug":"penalidades","status":"publish","type":"page","link":"https:\/\/www.uninter.com\/biblioteca\/penalidades\/","title":{"rendered":"Penalidades"},"content":{"rendered":"<ul>\n<li>A n\u00e3o devolu\u00e7\u00e3o do material na data prevista acarreta a cobran\u00e7a de multa no valor de R$ 1,00 ao dia por material.<\/li>\n<li>No caso de publica\u00e7\u00f5es de\u00a0<strong>Consulta Interna<\/strong>\u00a0a multa \u00e9 de R$ 5,00 ao dia por material.<\/li>\n<li>A contagem dos dias em atraso inclui apenas os dias \u00fateis, e a cobran\u00e7a \u00e9 feita pelo n\u00famero de dias e por material emprestado.<\/li>\n<li>O usu\u00e1rio em falta com a biblioteca ter\u00e1 suspenso o seu direito de retirada de novos materiais at\u00e9 o cumprimento de sua obriga\u00e7\u00e3o.<\/li>\n<li>\u00c9\u00a0 do usu\u00e1rio a responsabilidade por perda ou por todos os danos causados ao material, sendo obrigat\u00f3ria a substitui\u00e7\u00e3o ou indeniza\u00e7\u00e3o do mesmo pelo seu valor atualizado.<\/li>\n<\/ul>\n<p><strong>Guarda-volumes<\/strong><\/p>\n<ul>\n<li>O tempo de utiliza\u00e7\u00e3o do servi\u00e7o de guarda-volumes est\u00e1 vinculado \u00e0 perman\u00eancia no ambiente da Biblioteca Central.\u00a0<strong>\u00c9 obrigat\u00f3ria a retirada dos pertences no momento em que o usu\u00e1rio deixar suas depend\u00eancias;<\/strong><\/li>\n<li>Para casos de usu\u00e1rios que n\u00e3o devolverem a chave do arm\u00e1rio do guarda-volumes, deixando material guardado de um dia para outro ou ficando de posse da chave, o arm\u00e1rio ser\u00e1 lacrado. Sendo liberado mediante o pagamento de multa no valor de R$ 10,00 (dez reais).<\/li>\n<li>A perda das chaves implica em multa no valor de R$ 10,00 (dez reais).<\/li>\n<\/ul>\n","protected":false},"excerpt":{"rendered":"<p>A n\u00e3o devolu\u00e7\u00e3o do material na data prevista acarreta a cobran\u00e7a de multa no valor de R$ 1,00 ao dia por material. No caso de publica\u00e7\u00f5es de\u00a0Consulta Interna\u00a0a multa \u00e9 de R$ 5,00 ao dia por material. A contagem dos dias em atraso inclui apenas os dias \u00fateis, e a cobran\u00e7a \u00e9 feita pelo n\u00famero [&hellip;]<\/p>\n","protected":false},"author":1,"featured_media":0,"parent":0,"menu_order":0,"comment_status":"closed","ping_status":"closed","template":"templates\/template-full.php","meta":[],"acf":[],"_links":{"self":[{"href":"https:\/\/www.uninter.com\/biblioteca\/wp-json\/wp\/v2\/pages\/116"}],"collection":[{"href":"https:\/\/www.uninter.com\/biblioteca\/wp-json\/wp\/v2\/pages"}],"about":[{"href":"https:\/\/www.uninter.com\/biblioteca\/wp-json\/wp\/v2\/types\/page"}],"author":[{"embeddable":true,"href":"https:\/\/www.uninter.com\/biblioteca\/wp-json\/wp\/v2\/users\/1"}],"replies":[{"embeddable":true,"href":"https:\/\/www.uninter.com\/biblioteca\/wp-json\/wp\/v2\/comments?post=116"}],"version-history":[{"count":6,"href":"https:\/\/www.uninter.com\/biblioteca\/wp-json\/wp\/v2\/pages\/116\/revisions"}],"predecessor-version":[{"id":4966,"href":"https:\/\/www.uninter.com\/biblioteca\/wp-json\/wp\/v2\/pages\/116\/revisions\/4966"}],"wp:attachment":[{"href":"https:\/\/www.uninter.com\/biblioteca\/wp-json\/wp\/v2\/media?parent=116"}],"curies":[{"name":"wp","href":"https:\/\/api.w.org\/{rel}","templated":true}]}}

<ul>
<li>A não devolução do material na data prevista acarreta a cobrança de multa no valor de R$ 1,00 ao dia por material.</li>
<li>No caso de publicações de <strong>Consulta Interna</strong> a multa é de R$ 5,00 ao dia por material.</li>
<li>A contagem dos dias em atraso inclui apenas os dias úteis, e a cobrança é feita pelo número de dias e por material emprestado.</li>
<li>O usuário em falta com a biblioteca terá suspenso o seu direito de retirada de novos materiais até o cumprimento de sua obrigação.</li>
<li>É  do usuário a responsabilidade por perda ou por todos os danos causados ao material, sendo obrigatória a substituição ou indenização do mesmo pelo seu valor atualizado.</li>
</ul>
<p><strong>Guarda-volumes</strong></p>
<ul>
<li>O tempo de utilização do serviço de guarda-volumes está vinculado à permanência no ambiente da Biblioteca Central. <strong>É obrigatória a retirada dos pertences no momento em que o usuário deixar suas dependências;</strong></li>
<li>Para casos de usuários que não devolverem a chave do armário do guarda-volumes, deixando material guardado de um dia para outro ou ficando de posse da chave, o armário será lacrado. Sendo liberado mediante o pagamento de multa no valor de R$ 10,00 (dez reais).</li>
<li>A perda das chaves implica em multa no valor de R$ 10,00 (dez reais).</li>
</ul>

<p>A não devolução do material na data prevista acarreta a cobrança de multa no valor de R$ 1,00 ao dia por material. No caso de publicações de Consulta Interna a multa é de R$ 5,00 ao dia por material. A contagem dos dias em atraso inclui apenas os dias úteis, e a cobrança é feita pelo número [&hellip;]</p>
